{"id":12514,"date":"2016-03-20T14:42:53","date_gmt":"2016-03-20T13:42:53","guid":{"rendered":"https:\/\/www.visitbratislava.com\/sk\/events\/coronation-ceremonies\/"},"modified":"2023-05-25T14:21:03","modified_gmt":"2023-05-25T12:21:03","slug":"korunovacne-slavnosti","status":"publish","type":"event","link":"https:\/\/www.visitbratislava.com\/sk\/podujatia\/korunovacne-slavnosti\/","title":{"rendered":"Korunova\u010dn\u00e9 sl\u00e1vnosti"},"content":{"rendered":"<p>V\u0161etci milovn\u00edci hist\u00f3rie, tradi\u010dnej gastron\u00f3mie a z\u00e1bavy n\u00e1jdu v korunova\u010dnej Bratislave to prav\u00e9. Korunova\u010dn\u00e9 sl\u00e1vnosti v Bratislave patria medzi najv\u00e4\u010d\u0161ie kult\u00farne udalosti na Slovensku a z\u00e1\u017eitkov\u00fdm sp\u00f4sobom pribli\u017euj\u00fa korunov\u00e1cie 18 kr\u00e1\u013eov a kr\u00e1\u013eovien, ktor\u00fdch korunovali v Bratislave. 18. ro\u010dn\u00edk bude patri\u0165 korunov\u00e1cii M\u00e1rie Ter\u00e9zie, ktor\u00e1 mala minul\u00fd rok v\u00fdro\u010die.<\/p>\n<div class=\"grid-container\"><div class=\"grid-container__item\"><div class=\"block\"><a href=\"https:\/\/www.visitbratislava.com\/wp-content\/uploads\/2016\/03\/Korunovacne-slavnosti-006-800x533.jpeg\" data-fancybox=\"gallery\" data-caption=\"\"><div class=\"background\"><img src=\"https:\/\/www.visitbratislava.com\/wp-content\/uploads\/2016\/03\/Korunovacne-slavnosti-006-800x533.jpeg\" alt=\"foto\"\/><\/div><div class=\"overlay filter-blue\"><div class=\"content\"><span class=\"zoom-button\"><\/span><\/div><\/div><\/a><\/div><\/div><div class=\"grid-container__item\"><div class=\"block\"><a href=\"https:\/\/www.visitbratislava.com\/wp-content\/uploads\/2016\/03\/Korunovacne-slavnosti-009-800x533.jpeg\" data-fancybox=\"gallery\" data-caption=\"\"><div class=\"background\" style=\"background-image: url(https:\/\/www.visitbratislava.com\/wp-content\/uploads\/2016\/03\/Korunovacne-slavnosti-009-800x533.jpeg)\"><\/div><div class=\"overlay filter-green\"><div class=\"content\"><span class=\"zoom-button\"><\/span><\/div><\/div><\/a><\/div><\/div><div class=\"grid-container__item more\"><\/div><\/div>\n<p>M\u00e1loktor\u00e9 mesto sa m\u00f4\u017ee pop\u00fd\u0161i\u0165 t\u00fdm, \u017ee sa v \u0148om konali korunova\u010dn\u00e9 sl\u00e1vnosti. Bratislave sa tohto privil\u00e9gia dostalo na dlh\u00fdch 267 rokov, kedy sa tu diali korunov\u00e1cie uhorsk\u00fdch kr\u00e1\u013eov. V rokoch 1563 \u2013 1830 tu korunovali 10 kr\u00e1\u013eov, 1 kr\u00e1\u013eovn\u00fa a 7 kr\u00e1\u013eovsk\u00fdch man\u017eeliek. T\u00ed boli z\u00e1rove\u0148 \u010desk\u00fdmi kr\u00e1\u013emi, nemeck\u00fdmi kr\u00e1\u013emi a honosili sa i cis\u00e1rskou korunou Sv\u00e4tej r\u00edmskej r\u00ed\u0161e nemeck\u00e9ho n\u00e1roda. Tak\u00fdmto sp\u00f4sobom zjednocovali takmer cel\u00fd stredoeur\u00f3psky priestor a podie\u013eali sa na ur\u010dovan\u00ed behu eur\u00f3pskeho a svetov\u00e9ho diania.<\/p>\n<div class=\"grid-container\"><div class=\"grid-container__item\"><div class=\"block\"><a href=\"https:\/\/www.visitbratislava.com\/wp-content\/uploads\/2016\/03\/Korunovacne-slavnosti-007-800x520.jpeg\" data-fancybox=\"gallery\" data-caption=\"\"><div class=\"background\"><img src=\"https:\/\/www.visitbratislava.com\/wp-content\/uploads\/2016\/03\/Korunovacne-slavnosti-007-800x520.jpeg\" alt=\"foto\"\/><\/div><div class=\"overlay filter-blue\"><div class=\"content\"><span class=\"zoom-button\"><\/span><\/div><\/div><\/a><\/div><\/div><div class=\"grid-container__item\"><div class=\"block\"><a href=\"https:\/\/www.visitbratislava.com\/wp-content\/uploads\/2016\/03\/Korunovacne-slavnosti-010-800x533.jpeg\" data-fancybox=\"gallery\" data-caption=\"\"><div class=\"background\" style=\"background-image: url(https:\/\/www.visitbratislava.com\/wp-content\/uploads\/2016\/03\/Korunovacne-slavnosti-010-800x533.jpeg)\"><\/div><div class=\"overlay filter-green\"><div class=\"content\"><span class=\"zoom-button\"><\/span><\/div><\/div><\/a><\/div><\/div><div class=\"grid-container__item more\"><\/div><\/div>\n<p>Sl\u00e1vnosti sa ka\u017edoro\u010dne konaj\u00fa posledn\u00fd j\u00fanov\u00fd v\u00edkend na pamiatku korunov\u00e1cie M\u00e1rie Ter\u00e9zie, ktor\u00fa korunovali 25. j\u00fana 1741. Obrad korunov\u00e1cie je zinscenovan\u00fd pod\u013ea historick\u00fdch podkladov a vystupuje v \u0148om vy\u0161e 200 hercov v dobov\u00fdch kost\u00fdmoch. Panovn\u00edk dost\u00e1va od ostrihomsk\u00e9ho arcibiskupa \u2013 pr\u00edmasa Uhorska \u2013 sv\u00e4to\u0161tefansk\u00fa korunu spolu s \u010fal\u0161\u00edmi korunova\u010dn\u00fdmi ins\u00edgniami: me\u010d, pl\u00e1\u0161\u0165, jablko a \u017eezlo. Po obrade korunov\u00e1cie pasuje rytierov R\u00e1du zlatej ostrohy, sklad\u00e1 pr\u00edsahu vlasti a s\u013eubuje zachov\u00e1va\u0165 integritu krajiny na korunova\u010dnom pahorku.<\/p>\n<div class=\"grid-container\"><div class=\"grid-container__item\"><div class=\"block\"><a href=\"https:\/\/www.visitbratislava.com\/wp-content\/uploads\/2016\/03\/Korunovacne-slavnosti-011-800x534.jpeg\" data-fancybox=\"gallery\" data-caption=\"\"><div class=\"background\"><img src=\"https:\/\/www.visitbratislava.com\/wp-content\/uploads\/2016\/03\/Korunovacne-slavnosti-011-800x534.jpeg\" alt=\"foto\"\/><\/div><div class=\"overlay filter-blue\"><div class=\"content\"><span class=\"zoom-button\"><\/span><\/div><\/div><\/a><\/div><\/div><div class=\"grid-container__item\"><div class=\"block\"><a href=\"https:\/\/www.visitbratislava.com\/wp-content\/uploads\/2016\/03\/Korunovacne-slavnosti-013-800x533.jpeg\" data-fancybox=\"gallery\" data-caption=\"\"><div class=\"background\" style=\"background-image: url(https:\/\/www.visitbratislava.com\/wp-content\/uploads\/2016\/03\/Korunovacne-slavnosti-013-800x533.jpeg)\"><\/div><div class=\"overlay filter-green\"><div class=\"content\"><span class=\"zoom-button\"><\/span><\/div><\/div><\/a><\/div><\/div><div class=\"grid-container__item more\"><\/div><\/div>\n<p>V r\u00e1mci korunova\u010dn\u00e9ho sprievodu sa rozhadzuj\u00fa pam\u00e4tn\u00e9 korunova\u010dn\u00e9 \u017eet\u00f3ny, v\u00edno te\u010die zadarmo z font\u00e1ny, pe\u010d\u00fa sa voly, kon\u00e1 sa korunova\u010dn\u00fd jarmok dobov\u00fdch remesiel a mnoho \u010fal\u0161\u00edch atrakci\u00ed vytv\u00e1ra v meste skuto\u010dne korunova\u010dn\u00fa atmosf\u00e9ru.<\/p>\n<p>Korunova\u010dn\u00e9 sl\u00e1vnosti sa na pamiatku korunov\u00e1cie M\u00e1rie Ter\u00e9zie tradi\u010dne konaj\u00fa cez v\u00edkend najbli\u017e\u0161\u00ed k 25. j\u00fanu. Ka\u017ed\u00fd rok pribli\u017euj\u00fa korunov\u00e1ciu in\u00e9ho panovn\u00edka alebo jeho man\u017eelky v porad\u00ed ako nasledovali. V\u00fdnimkou je M\u00e1ria Ter\u00e9zia, ktorej korunov\u00e1ciu si hlavn\u00e9 mesto pripom\u00edna ka\u017ed\u00fdch p\u00e4\u0165 rokov, preto\u017ee doba jej vl\u00e1dy bolo zlat\u00fdm obdob\u00edm Bratislavy.<\/p>\n<p>M\u00e1ria Ter\u00e9zia bola uhorsk\u00e1 a \u010desk\u00e1 kr\u00e1\u013eovn\u00e1 z rodu Habsburgovcov a rak\u00faska arcivojvodky\u0148a od roku 1740. Bola to jedin\u00e1 \u017eena, ktor\u00e1 vl\u00e1dla na \u010deskom tr\u00f3ne. Na uhorskom tr\u00f3ne bola tre\u0165ou, poslednou \u017eenou v dejin\u00e1ch. Obrad jej korunov\u00e1cie si m\u00f4\u017eete u\u017ei\u0165 25. j\u00fana o \u0161tvrtej popoludn\u00ed na Hviezdoslavovom n\u00e1mest\u00ed.<\/p>\n<div class=\"grid-container\"><div class=\"grid-container__item\"><div class=\"block\"><a href=\"https:\/\/www.visitbratislava.com\/wp-content\/uploads\/2016\/03\/Korunovacne-slavnosti-014-800x534.jpeg\" data-fancybox=\"gallery\" data-caption=\"\"><div class=\"background\"><img src=\"https:\/\/www.visitbratislava.com\/wp-content\/uploads\/2016\/03\/Korunovacne-slavnosti-014-800x534.jpeg\" alt=\"foto\"\/><\/div><div class=\"overlay filter-blue\"><div class=\"content\"><span class=\"zoom-button\"><\/span><\/div><\/div><\/a><\/div><\/div><div class=\"grid-container__item\"><div class=\"block\"><a href=\"https:\/\/www.visitbratislava.com\/wp-content\/uploads\/2016\/03\/Korunovacne-slavnosti-020-800x534.jpeg\" data-fancybox=\"gallery\" data-caption=\"\"><div class=\"background\" style=\"background-image: url(https:\/\/www.visitbratislava.com\/wp-content\/uploads\/2016\/03\/Korunovacne-slavnosti-020-800x534.jpeg)\"><\/div><div class=\"overlay filter-green\"><div class=\"content\"><span class=\"zoom-button\"><\/span><\/div><\/div><\/a><\/div><\/div><div class=\"grid-container__item more\"><\/div><\/div>\n<p>&nbsp;<\/p>\n<p>&nbsp;<\/p>\n<p>&nbsp;<\/p>\n","protected":false},"excerpt":{"rendered":"<p>Hist\u00f3ria nezomrela a panovn\u00edci e\u0161te \u00faplne nevymizli. Presved\u010dte sa o tom v Bratislave<\/p>\n","protected":false},"featured_media":1790,"template":"","acf":[],"event_date":{"start_date":1656028800,"end_date":1656201600},"_links":{"self":[{"href":"https:\/\/www.visitbratislava.com\/sk\/wp-json\/wp\/v2\/event\/12514"}],"collection":[{"href":"https:\/\/www.visitbratislava.com\/sk\/wp-json\/wp\/v2\/event"}],"about":[{"href":"https:\/\/www.visitbratislava.com\/sk\/wp-json\/wp\/v2\/types\/event"}],"version-history":[{"count":3,"href":"https:\/\/www.visitbratislava.com\/sk\/wp-json\/wp\/v2\/event\/12514\/revisions"}],"predecessor-version":[{"id":244143,"href":"https:\/\/www.visitbratislava.com\/sk\/wp-json\/wp\/v2\/event\/12514\/revisions\/244143"}],"wp:featuredmedia":[{"embeddable":true,"href":"https:\/\/www.visitbratislava.com\/sk\/wp-json\/wp\/v2\/media\/1790"}],"wp:attachment":[{"href":"https:\/\/www.visitbratislava.com\/sk\/wp-json\/wp\/v2\/media?parent=12514"}],"curies":[{"name":"wp","href":"https:\/\/api.w.org\/{rel}","templated":true}]}}

Korunovačné slávnosti

<p>Všetci milovníci histórie, tradičnej gastronómie a zábavy nájdu v korunovačnej Bratislave to pravé. Korunovačné slávnosti v Bratislave patria medzi najväčšie kultúrne udalosti na Slovensku a zážitkovým spôsobom približujú korunovácie 18 kráľov a kráľovien, ktorých korunovali v Bratislave. 18. ročník bude patriť korunovácii Márie Terézie, ktorá mala minulý rok výročie.</p>
<div class="grid-container"><div class="grid-container__item"><div class="block"><a href="https://www.visitbratislava.com/wp-content/uploads/2016/03/Korunovacne-slavnosti-006-800x533.jpeg" data-fancybox="gallery" data-caption=""><div class="background"><img src="https://www.visitbratislava.com/wp-content/uploads/2016/03/Korunovacne-slavnosti-006-800x533.jpeg" alt="foto"/></div><div class="overlay filter-blue"><div class="content"><span class="zoom-button"></span></div></div></a></div></div><div class="grid-container__item"><div class="block"><a href="https://www.visitbratislava.com/wp-content/uploads/2016/03/Korunovacne-slavnosti-009-800x533.jpeg" data-fancybox="gallery" data-caption=""><div class="background" style="background-image: url(https://www.visitbratislava.com/wp-content/uploads/2016/03/Korunovacne-slavnosti-009-800x533.jpeg)"></div><div class="overlay filter-green"><div class="content"><span class="zoom-button"></span></div></div></a></div></div><div class="grid-container__item more"></div></div>
<p>Máloktoré mesto sa môže popýšiť tým, že sa v ňom konali korunovačné slávnosti. Bratislave sa tohto privilégia dostalo na dlhých 267 rokov, kedy sa tu diali korunovácie uhorských kráľov. V rokoch 1563 – 1830 tu korunovali 10 kráľov, 1 kráľovnú a 7 kráľovských manželiek. Tí boli zároveň českými kráľmi, nemeckými kráľmi a honosili sa i cisárskou korunou Svätej rímskej ríše nemeckého národa. Takýmto spôsobom zjednocovali takmer celý stredoeurópsky priestor a podieľali sa na určovaní behu európskeho a svetového diania.</p>
<div class="grid-container"><div class="grid-container__item"><div class="block"><a href="https://www.visitbratislava.com/wp-content/uploads/2016/03/Korunovacne-slavnosti-007-800x520.jpeg" data-fancybox="gallery" data-caption=""><div class="background"><img src="https://www.visitbratislava.com/wp-content/uploads/2016/03/Korunovacne-slavnosti-007-800x520.jpeg" alt="foto"/></div><div class="overlay filter-blue"><div class="content"><span class="zoom-button"></span></div></div></a></div></div><div class="grid-container__item"><div class="block"><a href="https://www.visitbratislava.com/wp-content/uploads/2016/03/Korunovacne-slavnosti-010-800x533.jpeg" data-fancybox="gallery" data-caption=""><div class="background" style="background-image: url(https://www.visitbratislava.com/wp-content/uploads/2016/03/Korunovacne-slavnosti-010-800x533.jpeg)"></div><div class="overlay filter-green"><div class="content"><span class="zoom-button"></span></div></div></a></div></div><div class="grid-container__item more"></div></div>
<p>Slávnosti sa každoročne konajú posledný júnový víkend na pamiatku korunovácie Márie Terézie, ktorú korunovali 25. júna 1741. Obrad korunovácie je zinscenovaný podľa historických podkladov a vystupuje v ňom vyše 200 hercov v dobových kostýmoch. Panovník dostáva od ostrihomského arcibiskupa – prímasa Uhorska – svätoštefanskú korunu spolu s ďalšími korunovačnými insígniami: meč, plášť, jablko a žezlo. Po obrade korunovácie pasuje rytierov Rádu zlatej ostrohy, skladá prísahu vlasti a sľubuje zachovávať integritu krajiny na korunovačnom pahorku.</p>
<div class="grid-container"><div class="grid-container__item"><div class="block"><a href="https://www.visitbratislava.com/wp-content/uploads/2016/03/Korunovacne-slavnosti-011-800x534.jpeg" data-fancybox="gallery" data-caption=""><div class="background"><img src="https://www.visitbratislava.com/wp-content/uploads/2016/03/Korunovacne-slavnosti-011-800x534.jpeg" alt="foto"/></div><div class="overlay filter-blue"><div class="content"><span class="zoom-button"></span></div></div></a></div></div><div class="grid-container__item"><div class="block"><a href="https://www.visitbratislava.com/wp-content/uploads/2016/03/Korunovacne-slavnosti-013-800x533.jpeg" data-fancybox="gallery" data-caption=""><div class="background" style="background-image: url(https://www.visitbratislava.com/wp-content/uploads/2016/03/Korunovacne-slavnosti-013-800x533.jpeg)"></div><div class="overlay filter-green"><div class="content"><span class="zoom-button"></span></div></div></a></div></div><div class="grid-container__item more"></div></div>
<p>V rámci korunovačného sprievodu sa rozhadzujú pamätné korunovačné žetóny, víno tečie zadarmo z fontány, pečú sa voly, koná sa korunovačný jarmok dobových remesiel a mnoho ďalších atrakcií vytvára v meste skutočne korunovačnú atmosféru.</p>
<p>Korunovačné slávnosti sa na pamiatku korunovácie Márie Terézie tradične konajú cez víkend najbližší k 25. júnu. Každý rok približujú korunováciu iného panovníka alebo jeho manželky v poradí ako nasledovali. Výnimkou je Mária Terézia, ktorej korunováciu si hlavné mesto pripomína každých päť rokov, pretože doba jej vlády bolo zlatým obdobím Bratislavy.</p>
<p>Mária Terézia bola uhorská a česká kráľovná z rodu Habsburgovcov a rakúska arcivojvodkyňa od roku 1740. Bola to jediná žena, ktorá vládla na českom tróne. Na uhorskom tróne bola treťou, poslednou ženou v dejinách. Obrad jej korunovácie si môžete užiť 25. júna o štvrtej popoludní na Hviezdoslavovom námestí.</p>
<div class="grid-container"><div class="grid-container__item"><div class="block"><a href="https://www.visitbratislava.com/wp-content/uploads/2016/03/Korunovacne-slavnosti-014-800x534.jpeg" data-fancybox="gallery" data-caption=""><div class="background"><img src="https://www.visitbratislava.com/wp-content/uploads/2016/03/Korunovacne-slavnosti-014-800x534.jpeg" alt="foto"/></div><div class="overlay filter-blue"><div class="content"><span class="zoom-button"></span></div></div></a></div></div><div class="grid-container__item"><div class="block"><a href="https://www.visitbratislava.com/wp-content/uploads/2016/03/Korunovacne-slavnosti-020-800x534.jpeg" data-fancybox="gallery" data-caption=""><div class="background" style="background-image: url(https://www.visitbratislava.com/wp-content/uploads/2016/03/Korunovacne-slavnosti-020-800x534.jpeg)"></div><div class="overlay filter-green"><div class="content"><span class="zoom-button"></span></div></div></a></div></div><div class="grid-container__item more"></div></div>
<p>&nbsp;</p>
<p>&nbsp;</p>
<p>&nbsp;</p>

<p>História nezomrela a panovníci ešte úplne nevymizli. Presvedčte sa o tom v Bratislave</p>
