{"id":128297,"date":"2022-02-16T10:45:45","date_gmt":"2022-02-16T09:45:45","guid":{"rendered":"https:\/\/www.visitbratislava.com\/?post_type=event&#038;p=128297"},"modified":"2022-02-27T02:01:07","modified_gmt":"2022-02-27T01:01:07","slug":"latentne-revolucie","status":"publish","type":"event","link":"https:\/\/www.visitbratislava.com\/sk\/podujatia\/latentne-revolucie\/","title":{"rendered":"Latentn\u00e9 revol\u00facie"},"content":{"rendered":"<p>Ide o pilotn\u00fd projekt novovzniknutej Nad\u00e1cie Miloty Havr\u00e1nkovej, ktorej partnersk\u00fdmi in\u0161tit\u00faciami s\u00fa Stredoeur\u00f3psky dom fotografie, Gal\u00e9ria mesta Bratislavy a Katedra fotografie a nov\u00fdch m\u00e9di\u00ed Vysokej \u0161koly v\u00fdtvarn\u00fdch umen\u00ed v Bratislave.<\/p>\n<p>Ka\u017ed\u00e1 fotografka si vytvorila autentick\u00fd a svojr\u00e1zny fotografick\u00fd jazyk, prostredn\u00edctvom ktor\u00e9ho sa s trhlinami doby, v ktorej \u017eije, vn\u00fatorne oslobodzuje, nach\u00e1dza rovnov\u00e1hu alebo to podstatn\u00e9, \u010do neb\u00fdva prvopl\u00e1novo vidite\u013en\u00e9.<\/p>\n<p>Vybran\u00e9 cykly autoriek pribli\u017euj\u00fa v\u017edy in\u00fa dobu. Milota Havr\u00e1nkov\u00e1 sa venuje dek\u00e1de hektick\u00fdch \u0161es\u0165desiatych a\u017e sedemdesiatych rokov minul\u00e9ho storo\u010dia, Libu\u0161e Jarcovj\u00e1kov\u00e1 postnormaliza\u010dn\u00e9mu bezvetriu rokov osemdesiatych a Zuzana Pustaiov\u00e1 porevolu\u010dnej s\u00fa\u010dasnosti.<\/p>\n<p>Spojen\u00edm takto nastaven\u00fdch dobov\u00fdch v\u00fdpoved\u00ed vznikla v\u00fdstava, ktor\u00e1 pon\u00faka viacdimenzion\u00e1lny fotografick\u00fd obraz na\u0161ej ned\u00e1vnej hist\u00f3rie i s\u00fa\u010dasnosti. Obraz, ktor\u00fd je poznamenan\u00fd silnou v\u00f4\u013eou zachova\u0165 si individu\u00e1lnu tvoriv\u00fa slobodu, aby latentne, ale konzistentne vzdoroval, a tak dospel k osobnej a (azda aj) spolo\u010denskej katarzii.<\/p>\n","protected":false},"excerpt":{"rendered":"<p>V\u00fdstava troch fotografiek \u010desko-slovensk\u00e9ho priestoru sp\u00e1ja tri osobit\u00e9 pr\u00edstupy pojedn\u00e1vaj\u00face o h\u013eadan\u00ed vn\u00fatornej slobody vo svete, ktor\u00fd sa z celkom objekt\u00edvnych d\u00f4vodov jav\u00ed ako vych\u00fdlen\u00fd, nedokonal\u00fd \u010di priam limituj\u00faci.<\/p>\n","protected":false},"featured_media":127681,"template":"","acf":[],"event_date":{"start_date":1636070400,"end_date":1645920000},"_links":{"self":[{"href":"https:\/\/www.visitbratislava.com\/sk\/wp-json\/wp\/v2\/event\/128297"}],"collection":[{"href":"https:\/\/www.visitbratislava.com\/sk\/wp-json\/wp\/v2\/event"}],"about":[{"href":"https:\/\/www.visitbratislava.com\/sk\/wp-json\/wp\/v2\/types\/event"}],"version-history":[{"count":3,"href":"https:\/\/www.visitbratislava.com\/sk\/wp-json\/wp\/v2\/event\/128297\/revisions"}],"predecessor-version":[{"id":129798,"href":"https:\/\/www.visitbratislava.com\/sk\/wp-json\/wp\/v2\/event\/128297\/revisions\/129798"}],"wp:featuredmedia":[{"embeddable":true,"href":"https:\/\/www.visitbratislava.com\/sk\/wp-json\/wp\/v2\/media\/127681"}],"wp:attachment":[{"href":"https:\/\/www.visitbratislava.com\/sk\/wp-json\/wp\/v2\/media?parent=128297"}],"curies":[{"name":"wp","href":"https:\/\/api.w.org\/{rel}","templated":true}]}}

Latentné revolúcie

<p>Ide o pilotný projekt novovzniknutej Nadácie Miloty Havránkovej, ktorej partnerskými inštitúciami sú Stredoeurópsky dom fotografie, Galéria mesta Bratislavy a Katedra fotografie a nových médií Vysokej školy výtvarných umení v Bratislave.</p>
<p>Každá fotografka si vytvorila autentický a svojrázny fotografický jazyk, prostredníctvom ktorého sa s trhlinami doby, v ktorej žije, vnútorne oslobodzuje, nachádza rovnováhu alebo to podstatné, čo nebýva prvoplánovo viditeľné.</p>
<p>Vybrané cykly autoriek približujú vždy inú dobu. Milota Havránková sa venuje dekáde hektických šesťdesiatych až sedemdesiatych rokov minulého storočia, Libuše Jarcovjáková postnormalizačnému bezvetriu rokov osemdesiatych a Zuzana Pustaiová porevolučnej súčasnosti.</p>
<p>Spojením takto nastavených dobových výpovedí vznikla výstava, ktorá ponúka viacdimenzionálny fotografický obraz našej nedávnej histórie i súčasnosti. Obraz, ktorý je poznamenaný silnou vôľou zachovať si individuálnu tvorivú slobodu, aby latentne, ale konzistentne vzdoroval, a tak dospel k osobnej a (azda aj) spoločenskej katarzii.</p>

<p>Výstava troch fotografiek česko-slovenského priestoru spája tri osobité prístupy pojednávajúce o hľadaní vnútornej slobody vo svete, ktorý sa z celkom objektívnych dôvodov javí ako vychýlený, nedokonalý či priam limitujúci.</p>
