{"id":128769,"date":"2022-02-18T14:19:53","date_gmt":"2022-02-18T13:19:53","guid":{"rendered":"https:\/\/www.visitbratislava.com\/?post_type=event&#038;p=128769"},"modified":"2022-03-10T22:45:20","modified_gmt":"2022-03-10T21:45:20","slug":"immersion","status":"publish","type":"event","link":"https:\/\/www.visitbratislava.com\/sk\/podujatia\/immersion\/","title":{"rendered":"Immersion"},"content":{"rendered":"<p>V\u00fdstava predstavuje Martina Krajca ako v\u00fdrazn\u00e9ho figuralistu, ktor\u00fd nach\u00e1dza podnety v modernistickej architekt\u00fare, filme, m\u00f3dnej fotografii a literat\u00fare. Jej n\u00e1zov sa t\u00fdka jednej z dlhodob\u00fdch \u010d\u0155t autorovej pr\u00e1ce: vyjavovanie, prel\u00ednanie a prenikanie odohr\u00e1vaj\u00face sa medzi figur\u00e1lnymi a zoomorfn\u00fdmi n\u00e1metmi a ich uvo\u013enen\u00fdm zn\u00e1zornen\u00edm zalo\u017een\u00fdm na prepojen\u00ed bezprostredn\u00e9ho maliarskeho gesta a kontemplat\u00edvneho v\u00fdrazu.<\/p>\n<p>V\u00fdstava je rozvrhnut\u00e1 do nieko\u013ek\u00fdch vz\u00e1jomne na seba nadv\u00e4zuj\u00facich okruhov. Ka\u017ed\u00fd z nich zah\u0155\u0148a jednu z hlavn\u00fdch t\u00e9m autorovho s\u00fa\u010dasn\u00e9ho z\u00e1ujmu. V\u00fdstavu navrhli tak, \u017ee sa v nej d\u00e1 prejs\u0165 z oboch str\u00e1n: je uveden\u00e1 a ukon\u010den\u00e1 obdobn\u00fdm n\u00e1metom: okom mladej \u017eeny, pozoruj\u00facim prich\u00e1dzaj\u00faceho a odch\u00e1dzaj\u00faceho div\u00e1ka, ktorej telo sa men\u00ed na labu\u0165. T\u00e1 sa e\u0161te objavuje ako samostatn\u00fd mot\u00edv na jednom z najrozmernej\u0161\u00edch obrazov. Ide o v\u00fdnimo\u010dn\u00e9 dielo, n\u00e1zov ktor\u00e9ho \u2013 Immersion nesie aj t\u00e1to v\u00fdstava.<\/p>\n<p>Obrazy Martina Krajca oslovuj\u00fa strhuj\u00facim energick\u00fdm vyhotoven\u00edm. Vych\u00e1dzaj\u00fa z kresby poskytuj\u00facej z\u00e1kladn\u00fd kompozi\u010dn\u00fd priestorov\u00fd rozvrh a ur\u010duj\u00faci hlavn\u00e9 obrysy tiel a predmetov, ktor\u00e9 s\u00fa prekryt\u00e9 farebn\u00fdmi vrstvami, ktor\u00e9 st\u00e1le d\u00f4raznej\u0161ie zahus\u0165uj\u00fa vymedzen\u00fa \u201estage\u201c, a\u017e po ich \u00fapln\u00e9 potla\u010denie, v ktorom sa str\u00e1ca aj pr\u00edle\u017eitostne vrhnut\u00fd tie\u0148.<\/p>\n<p>Priebeh svojej pr\u00e1ce v tomto roku Krajc zov\u0161eobecnil pod n\u00e1zvom P\u00e4\u0165 foriem, ktor\u00fd stru\u010dne objas\u0148uje z\u00e1kladn\u00e9 vrstvy jeho maliarskeho pr\u00edstupu: kresbu, laz\u00faru, detail, gesto a liatie. Poukazuj\u00fa na postupne sa prel\u00ednaj\u00face, na seba kladen\u00e9 roviny posledn\u00fdch pr\u00e1c uchov\u00e1vaj\u00facich si svoju otvorenos\u0165 vo\u010di pozadiu, z ktor\u00e9ho sa v priebehu vlastn\u00e9ho aktu ma\u013eby jednotliv\u00e9 vrstvy pozvo\u013ena vyn\u00e1raj\u00fa.<\/p>\n<p><img loading=\"lazy\" width=\"1440\" height=\"810\" class=\"alignnone size-full wp-image-128770\" src=\"https:\/\/www.visitbratislava.com\/wp-content\/uploads\/2022\/02\/Krajc-Predlzenie.jpg\" alt=\"\" srcset=\"https:\/\/www.visitbratislava.com\/wp-content\/uploads\/2022\/02\/Krajc-Predlzenie.jpg 1440w, https:\/\/www.visitbratislava.com\/wp-content\/uploads\/2022\/02\/Krajc-Predlzenie-400x225.jpg 400w, https:\/\/www.visitbratislava.com\/wp-content\/uploads\/2022\/02\/Krajc-Predlzenie-800x450.jpg 800w, https:\/\/www.visitbratislava.com\/wp-content\/uploads\/2022\/02\/Krajc-Predlzenie-768x432.jpg 768w, https:\/\/www.visitbratislava.com\/wp-content\/uploads\/2022\/02\/Krajc-Predlzenie-200x113.jpg 200w\" sizes=\"(max-width: 1440px) 100vw, 1440px\" \/><\/p>\n","protected":false},"excerpt":{"rendered":"<p>\u0160iroko koncipovan\u00e1 samostatn\u00e1 v\u00fdstava Martina Krajca na Slovensku sa koncentruje na jeho najnov\u0161ie obrazy z obdobia 2019-2021, okrem jedn\u00e9ho, umiestnen\u00e9ho nad vstupnou rampou, ktor\u00fd poch\u00e1dza z roku 2013.<\/p>\n","protected":false},"featured_media":128777,"template":"","acf":[],"event_date":{"start_date":1637366400,"end_date":1647129600},"_links":{"self":[{"href":"https:\/\/www.visitbratislava.com\/sk\/wp-json\/wp\/v2\/event\/128769"}],"collection":[{"href":"https:\/\/www.visitbratislava.com\/sk\/wp-json\/wp\/v2\/event"}],"about":[{"href":"https:\/\/www.visitbratislava.com\/sk\/wp-json\/wp\/v2\/types\/event"}],"version-history":[{"count":3,"href":"https:\/\/www.visitbratislava.com\/sk\/wp-json\/wp\/v2\/event\/128769\/revisions"}],"predecessor-version":[{"id":131581,"href":"https:\/\/www.visitbratislava.com\/sk\/wp-json\/wp\/v2\/event\/128769\/revisions\/131581"}],"wp:featuredmedia":[{"embeddable":true,"href":"https:\/\/www.visitbratislava.com\/sk\/wp-json\/wp\/v2\/media\/128777"}],"wp:attachment":[{"href":"https:\/\/www.visitbratislava.com\/sk\/wp-json\/wp\/v2\/media?parent=128769"}],"curies":[{"name":"wp","href":"https:\/\/api.w.org\/{rel}","templated":true}]}}

<p>Výstava predstavuje Martina Krajca ako výrazného figuralistu, ktorý nachádza podnety v modernistickej architektúre, filme, módnej fotografii a literatúre. Jej názov sa týka jednej z dlhodobých čŕt autorovej práce: vyjavovanie, prelínanie a prenikanie odohrávajúce sa medzi figurálnymi a zoomorfnými námetmi a ich uvoľneným znázornením založeným na prepojení bezprostredného maliarskeho gesta a kontemplatívneho výrazu.</p>
<p>Výstava je rozvrhnutá do niekoľkých vzájomne na seba nadväzujúcich okruhov. Každý z nich zahŕňa jednu z hlavných tém autorovho súčasného záujmu. Výstavu navrhli tak, že sa v nej dá prejsť z oboch strán: je uvedená a ukončená obdobným námetom: okom mladej ženy, pozorujúcim prichádzajúceho a odchádzajúceho diváka, ktorej telo sa mení na labuť. Tá sa ešte objavuje ako samostatný motív na jednom z najrozmernejších obrazov. Ide o výnimočné dielo, názov ktorého – Immersion nesie aj táto výstava.</p>
<p>Obrazy Martina Krajca oslovujú strhujúcim energickým vyhotovením. Vychádzajú z kresby poskytujúcej základný kompozičný priestorový rozvrh a určujúci hlavné obrysy tiel a predmetov, ktoré sú prekryté farebnými vrstvami, ktoré stále dôraznejšie zahusťujú vymedzenú „stage“, až po ich úplné potlačenie, v ktorom sa stráca aj príležitostne vrhnutý tieň.</p>
<p>Priebeh svojej práce v tomto roku Krajc zovšeobecnil pod názvom Päť foriem, ktorý stručne objasňuje základné vrstvy jeho maliarskeho prístupu: kresbu, lazúru, detail, gesto a liatie. Poukazujú na postupne sa prelínajúce, na seba kladené roviny posledných prác uchovávajúcich si svoju otvorenosť voči pozadiu, z ktorého sa v priebehu vlastného aktu maľby jednotlivé vrstvy pozvoľna vynárajú.</p>
<p><img loading="lazy" width="1440" height="810" class="alignnone size-full wp-image-128770" src="https://www.visitbratislava.com/wp-content/uploads/2022/02/Krajc-Predlzenie.jpg" alt="" srcset="https://www.visitbratislava.com/wp-content/uploads/2022/02/Krajc-Predlzenie.jpg 1440w, https://www.visitbratislava.com/wp-content/uploads/2022/02/Krajc-Predlzenie-400x225.jpg 400w, https://www.visitbratislava.com/wp-content/uploads/2022/02/Krajc-Predlzenie-800x450.jpg 800w, https://www.visitbratislava.com/wp-content/uploads/2022/02/Krajc-Predlzenie-768x432.jpg 768w, https://www.visitbratislava.com/wp-content/uploads/2022/02/Krajc-Predlzenie-200x113.jpg 200w" sizes="(max-width: 1440px) 100vw, 1440px" /></p>

<p>Široko koncipovaná samostatná výstava Martina Krajca na Slovensku sa koncentruje na jeho najnovšie obrazy z obdobia 2019-2021, okrem jedného, umiestneného nad vstupnou rampou, ktorý pochádza z roku 2013.</p>
