{"id":129682,"date":"2022-02-25T13:19:59","date_gmt":"2022-02-25T12:19:59","guid":{"rendered":"https:\/\/www.visitbratislava.com\/?post_type=event&#038;p=129682"},"modified":"2022-08-06T15:12:01","modified_gmt":"2022-08-06T13:12:01","slug":"92xxx22-medium-vitae","status":"publish","type":"event","link":"https:\/\/www.visitbratislava.com\/sk\/podujatia\/92xxx22-medium-vitae\/","title":{"rendered":"92xxx22 medium vitae"},"content":{"rendered":"<p>Zameriava sa na uplynul\u00e9 tri desa\u0165ro\u010dia akt\u00edvnej tvorivej \u010dinnosti \u2013 tie predstavuj\u00fa presne polovicu \u017eivota autora, \u010do reflektuje i samotn\u00fd n\u00e1zov v\u00fdstavy. \u010casov\u00fd \u00fasek v\u00fdberu pr\u00e1c predstavuje polovicu \u017eivota autora (medium vitae)<\/p>\n<p>Miroslav Debn\u00e1r umo\u017e\u0148uje prostredn\u00edctvom fotografi\u00ed interi\u00e9rov nahliadnu\u0165 nielen do verejn\u00fdch priestorov, ktor\u00e9 m\u00f4\u017eu by\u0165 in\u0161pir\u00e1ciou, ale i do s\u00fakromn\u00fdch priestorov rodinn\u00fdch domov a bytov. Celkovo predstavuje 30 interi\u00e9rov, ktor\u00e9 vznikli v rozmedz\u00ed rokov 1992 \u2013 2022.<\/p>\n<p>Podstatn\u00e1 \u010das\u0165 expoz\u00edcie sa venuje n\u00e1vrhom a realiz\u00e1ci\u00e1m interi\u00e9rov, ale zast\u00fapen\u00e9 je tie\u017e \u0161ir\u0161ie spektrum autorovej tvorby, charakteristick\u00e9 presahmi do architektonick\u00e9ho a produktov\u00e9ho dizajnu. Nekonven\u010dn\u00e9 autorsk\u00e9 n\u00e1bytkov\u00e9 prvky a doplnky s\u00fa naj\u010dastej\u0161ie viazan\u00e9 na konkr\u00e9tny interi\u00e9r a konkr\u00e9tneho pou\u017e\u00edvate\u013ea.<\/p>\n<p>Prostredn\u00edctvom vizualiz\u00e1ci\u00ed a najm\u00e4 fotodokument\u00e1cie realizovan\u00fdch diel d\u00e1va v\u00fdstava nahliadnu\u0165 nielen do verejn\u00fdch priestorov (kancel\u00e1rie, obchodn\u00e9 priestory, wellness, hotely), ale i do s\u00fakromia rodinn\u00fdch domov a bytov.<\/p>\n<p>R\u00f4znorodos\u0165 pr\u00edstupu pri rie\u0161en\u00ed konkr\u00e9tneho priestoru doplnen\u00e9ho o atypick\u00e9 prvky dod\u00e1va interi\u00e9rom jedine\u010dnos\u0165 a ukazuje mo\u017enosti navrhovania. Ka\u017ed\u00fd probl\u00e9m, ktor\u00fd autor rie\u0161i, m\u00e1 odli\u0161n\u00fa charakteristiku, a teda predstavuje odli\u0161n\u00fa v\u00fdzvu, in\u00fd sp\u00f4sob vn\u00edmania situ\u00e1cie a ur\u010duje in\u00e9 spr\u00e1vanie, in\u00fa in\u0161pir\u00e1ciu, aj v\u00fdber met\u00f3d.<\/p>\n<p>A pr\u00e1ve tu sa naplno prejavuje autorova pr\u00edzna\u010dn\u00e1 kreativita, h\u013abavos\u0165 a (d\u00f4)vtip, ktor\u00e9 sa vo v\u00fdslednom rie\u0161en\u00ed synergicky sn\u00fabia s jedine\u010dn\u00fdm v\u00fdtvarn\u00fdm viden\u00edm, citom pre detail a s prec\u00edznos\u0165ou remeseln\u00e9ho prevedenia.<\/p>\n<div class=\"grid-container\"><div class=\"grid-container__item\"><div class=\"block\"><a href=\"https:\/\/www.visitbratislava.com\/wp-content\/uploads\/2022\/02\/92xxx22-medium-vitae-001-800x798.jpg\" data-fancybox=\"gallery\" data-caption=\"\"><div class=\"background\"><img src=\"https:\/\/www.visitbratislava.com\/wp-content\/uploads\/2022\/02\/92xxx22-medium-vitae-001-800x798.jpg\" alt=\"foto\"\/><\/div><div class=\"overlay filter-blue\"><div class=\"content\"><span class=\"zoom-button\"><\/span><\/div><\/div><\/a><\/div><\/div><div class=\"grid-container__item\"><div class=\"block\"><a href=\"https:\/\/www.visitbratislava.com\/wp-content\/uploads\/2022\/02\/92xxx22-medium-vitae-002-800x798.jpg\" data-fancybox=\"gallery\" data-caption=\"\"><div class=\"background\" style=\"background-image: url(https:\/\/www.visitbratislava.com\/wp-content\/uploads\/2022\/02\/92xxx22-medium-vitae-002-800x798.jpg)\"><\/div><div class=\"overlay filter-green\"><div class=\"content\"><span class=\"zoom-button\"><\/span><\/div><\/div><\/a><\/div><\/div><div class=\"grid-container__item more\"><\/div><\/div>\n","protected":false},"excerpt":{"rendered":"<p>T\u00e1to retrospekt\u00edvna v\u00fdstava je kur\u00e1torsk\u00fdm v\u00fdberom z diel Miroslava Debn\u00e1ra pri pr\u00edle\u017eitosti jeho \u017eivotn\u00e9ho jubilea<\/p>\n","protected":false},"featured_media":129683,"template":"","acf":[],"event_date":{"start_date":1643760000,"end_date":1645747200},"_links":{"self":[{"href":"https:\/\/www.visitbratislava.com\/sk\/wp-json\/wp\/v2\/event\/129682"}],"collection":[{"href":"https:\/\/www.visitbratislava.com\/sk\/wp-json\/wp\/v2\/event"}],"about":[{"href":"https:\/\/www.visitbratislava.com\/sk\/wp-json\/wp\/v2\/types\/event"}],"version-history":[{"count":2,"href":"https:\/\/www.visitbratislava.com\/sk\/wp-json\/wp\/v2\/event\/129682\/revisions"}],"predecessor-version":[{"id":129702,"href":"https:\/\/www.visitbratislava.com\/sk\/wp-json\/wp\/v2\/event\/129682\/revisions\/129702"}],"wp:featuredmedia":[{"embeddable":true,"href":"https:\/\/www.visitbratislava.com\/sk\/wp-json\/wp\/v2\/media\/129683"}],"wp:attachment":[{"href":"https:\/\/www.visitbratislava.com\/sk\/wp-json\/wp\/v2\/media?parent=129682"}],"curies":[{"name":"wp","href":"https:\/\/api.w.org\/{rel}","templated":true}]}}

<p>Zameriava sa na uplynulé tri desaťročia aktívnej tvorivej činnosti – tie predstavujú presne polovicu života autora, čo reflektuje i samotný názov výstavy. Časový úsek výberu prác predstavuje polovicu života autora (medium vitae)</p>
<p>Miroslav Debnár umožňuje prostredníctvom fotografií interiérov nahliadnuť nielen do verejných priestorov, ktoré môžu byť inšpiráciou, ale i do súkromných priestorov rodinných domov a bytov. Celkovo predstavuje 30 interiérov, ktoré vznikli v rozmedzí rokov 1992 – 2022.</p>
<p>Podstatná časť expozície sa venuje návrhom a realizáciám interiérov, ale zastúpené je tiež širšie spektrum autorovej tvorby, charakteristické presahmi do architektonického a produktového dizajnu. Nekonvenčné autorské nábytkové prvky a doplnky sú najčastejšie viazané na konkrétny interiér a konkrétneho používateľa.</p>
<p>Prostredníctvom vizualizácií a najmä fotodokumentácie realizovaných diel dáva výstava nahliadnuť nielen do verejných priestorov (kancelárie, obchodné priestory, wellness, hotely), ale i do súkromia rodinných domov a bytov.</p>
<p>Rôznorodosť prístupu pri riešení konkrétneho priestoru doplneného o atypické prvky dodáva interiérom jedinečnosť a ukazuje možnosti navrhovania. Každý problém, ktorý autor rieši, má odlišnú charakteristiku, a teda predstavuje odlišnú výzvu, iný spôsob vnímania situácie a určuje iné správanie, inú inšpiráciu, aj výber metód.</p>
<p>A práve tu sa naplno prejavuje autorova príznačná kreativita, hĺbavosť a (dô)vtip, ktoré sa vo výslednom riešení synergicky snúbia s jedinečným výtvarným videním, citom pre detail a s precíznosťou remeselného prevedenia.</p>
<div class="grid-container"><div class="grid-container__item"><div class="block"><a href="https://www.visitbratislava.com/wp-content/uploads/2022/02/92xxx22-medium-vitae-001-800x798.jpg" data-fancybox="gallery" data-caption=""><div class="background"><img src="https://www.visitbratislava.com/wp-content/uploads/2022/02/92xxx22-medium-vitae-001-800x798.jpg" alt="foto"/></div><div class="overlay filter-blue"><div class="content"><span class="zoom-button"></span></div></div></a></div></div><div class="grid-container__item"><div class="block"><a href="https://www.visitbratislava.com/wp-content/uploads/2022/02/92xxx22-medium-vitae-002-800x798.jpg" data-fancybox="gallery" data-caption=""><div class="background" style="background-image: url(https://www.visitbratislava.com/wp-content/uploads/2022/02/92xxx22-medium-vitae-002-800x798.jpg)"></div><div class="overlay filter-green"><div class="content"><span class="zoom-button"></span></div></div></a></div></div><div class="grid-container__item more"></div></div>

<p>Táto retrospektívna výstava je kurátorským výberom z diel Miroslava Debnára pri príležitosti jeho životného jubilea</p>
