{"id":129727,"date":"2022-02-25T17:53:42","date_gmt":"2022-02-25T16:53:42","guid":{"rendered":"https:\/\/www.visitbratislava.com\/?post_type=event&#038;p=129727"},"modified":"2022-08-06T15:12:00","modified_gmt":"2022-08-06T13:12:00","slug":"vily-bohovia-a%e2%80%afbohyne","status":"publish","type":"event","link":"https:\/\/www.visitbratislava.com\/sk\/podujatia\/vily-bohovia-a%e2%80%afbohyne\/","title":{"rendered":"V\u00edly, bohovia a\u202fbohyne"},"content":{"rendered":"<p>Andrea Barto\u0161ov\u00e1, Margar\u00e9ta Petr\u017ealov\u00e1 a Ester Sabik sa predstavia na v\u202fporad\u00ed u\u017e 7. v\u00fdstave Gal\u00e9rie NBS v\u202fspolupr\u00e1ci s\u202fVysokou \u0161kolou v\u00fdtvarn\u00fdch umen\u00ed<\/p>\n<p>M\u00fdty a rozpr\u00e1vky, ich ikonick\u00e9 hlavn\u00e9 postavy a strhuj\u00face pr\u00edbehy boli a s\u00fa v\u00fdchodiskom pre nespo\u010detn\u00e9 prerozpr\u00e1vania a aktualiz\u00e1cie prostredn\u00edctvom r\u00f4znych umeleck\u00fdch foriem.<\/p>\n<p>Aj ke\u010f poch\u00e1dzaj\u00fa z r\u00f4znych kult\u00farnych okruhov a hraj\u00fa rozli\u010dn\u00fa rolu v kolekt\u00edvnej imagin\u00e1cii spolo\u010dnost\u00ed, vedia akcentova\u0165 t\u00e9my, em\u00f3cie a obrazy, ku ktor\u00fdm sa umelci a umelkyne z\u00e1merne vracaj\u00fa.<\/p>\n<p>M\u00f4\u017eu tak robi\u0165 nielen v pozit\u00edvnom duchu, ale aj kritick\u00fdm sp\u00f4sobom. Ten druh\u00fd je charakteristick\u00fd predov\u0161etk\u00fdm reevalu\u00e1ciou vybran\u00fdch narat\u00edvov. V r\u00e1mci rozpr\u00e1va\u010dskej skratky v nich toti\u017e m\u00f4\u017ee doch\u00e1dza\u0165 k produkcii ist\u00fdch stereotypov, z\u00e1visl\u00fdch na historickom kontexte ich vzniku, vtedaj\u0161\u00edch hodn\u00f4t.<\/p>\n<p>Pre predstaven\u00e9 absolventky V\u0160VU sa m\u00fdty a rozpr\u00e1vky st\u00e1vaj\u00fa \u017eiv\u00fdm materi\u00e1lom, ktor\u00fd sprac\u00favaj\u00fa v rozli\u010dn\u00fdch m\u00e9di\u00e1ch pr\u00edzna\u010dn\u00fdch pre ich autorsk\u00fd program a pre ich estetick\u00e9 c\u00edtenie.<\/p>\n","protected":false},"excerpt":{"rendered":"<p>Nov\u00e1 v\u00fdstava Gal\u00e9rie NBS vo vstupn\u00fdch priestoroch jej bratislavsk\u00e9ho \u00fastredia v\u00e1s zavedie do sveta fant\u00e1zie<\/p>\n","protected":false},"featured_media":129729,"template":"","acf":[],"event_date":{"start_date":1639094400,"end_date":1646006400},"_links":{"self":[{"href":"https:\/\/www.visitbratislava.com\/sk\/wp-json\/wp\/v2\/event\/129727"}],"collection":[{"href":"https:\/\/www.visitbratislava.com\/sk\/wp-json\/wp\/v2\/event"}],"about":[{"href":"https:\/\/www.visitbratislava.com\/sk\/wp-json\/wp\/v2\/types\/event"}],"version-history":[{"count":3,"href":"https:\/\/www.visitbratislava.com\/sk\/wp-json\/wp\/v2\/event\/129727\/revisions"}],"predecessor-version":[{"id":129800,"href":"https:\/\/www.visitbratislava.com\/sk\/wp-json\/wp\/v2\/event\/129727\/revisions\/129800"}],"wp:featuredmedia":[{"embeddable":true,"href":"https:\/\/www.visitbratislava.com\/sk\/wp-json\/wp\/v2\/media\/129729"}],"wp:attachment":[{"href":"https:\/\/www.visitbratislava.com\/sk\/wp-json\/wp\/v2\/media?parent=129727"}],"curies":[{"name":"wp","href":"https:\/\/api.w.org\/{rel}","templated":true}]}}

Víly, bohovia a bohyne

<p>Andrea Bartošová, Margaréta Petržalová a Ester Sabik sa predstavia na v poradí už 7. výstave Galérie NBS v spolupráci s Vysokou školou výtvarných umení</p>
<p>Mýty a rozprávky, ich ikonické hlavné postavy a strhujúce príbehy boli a sú východiskom pre nespočetné prerozprávania a aktualizácie prostredníctvom rôznych umeleckých foriem.</p>
<p>Aj keď pochádzajú z rôznych kultúrnych okruhov a hrajú rozličnú rolu v kolektívnej imaginácii spoločností, vedia akcentovať témy, emócie a obrazy, ku ktorým sa umelci a umelkyne zámerne vracajú.</p>
<p>Môžu tak robiť nielen v pozitívnom duchu, ale aj kritickým spôsobom. Ten druhý je charakteristický predovšetkým reevaluáciou vybraných naratívov. V rámci rozprávačskej skratky v nich totiž môže dochádzať k produkcii istých stereotypov, závislých na historickom kontexte ich vzniku, vtedajších hodnôt.</p>
<p>Pre predstavené absolventky VŠVU sa mýty a rozprávky stávajú živým materiálom, ktorý spracúvajú v rozličných médiách príznačných pre ich autorský program a pre ich estetické cítenie.</p>

<p>Nová výstava Galérie NBS vo vstupných priestoroch jej bratislavského ústredia vás zavedie do sveta fantázie</p>
