{"id":136007,"date":"2022-04-26T16:26:22","date_gmt":"2022-04-26T14:26:22","guid":{"rendered":"https:\/\/www.visitbratislava.com\/?post_type=event&#038;p=136007"},"modified":"2025-05-05T14:20:15","modified_gmt":"2025-05-05T12:20:15","slug":"festival-tradovania","status":"publish","type":"event","link":"https:\/\/www.visitbratislava.com\/sk\/podujatia\/festival-tradovania\/","title":{"rendered":"Festival tRadovania"},"content":{"rendered":"<p>Rodinn\u00fd <span class=\"markhsu2y9ku6\" data-markjs=\"true\" data-ogac=\"\" data-ogab=\"\" data-ogsc=\"\" data-ogsb=\"\">festival<\/span>\u00a0<span class=\"mark1cljg3z7x\" data-markjs=\"true\" data-ogac=\"\" data-ogab=\"\" data-ogsc=\"\" data-ogsb=\"\">tRadovania<\/span> a jeho 7.ro\u010dn\u00edk, m\u00e1 amb\u00edciu prinies\u0165 do hlavn\u00e9ho mesta jarn\u00fa vlnu pozit\u00edvnej energie. Jeho cie\u013eom je porozumieme, prep\u00e1janie gener\u00e1cii s re\u0161pektom ku kult\u00farnej rozmanitosti v jej mnohorak\u00fdch podob\u00e1ch.<\/p>\n<p>Na dvoch sc\u00e9nach sa predstav\u00ed <strong>viac ako 50 \u00fa\u010dinkuj\u00facich umelcov, muzikantov, tane\u010dn\u00fdch majstrov, remeseln\u00edkov a hercov<\/strong>.<\/p>\n<p class=\"\" data-start=\"174\" data-end=\"340\"><strong data-start=\"174\" data-end=\"219\">\u201eZa\u017ei trad\u00edcie, ktor\u00e9 nezapadaj\u00fa prachom\u201c<\/strong><br data-start=\"219\" data-end=\"222\" \/>\ud83d\udccd UMELKA, Bratislava<br data-start=\"245\" data-end=\"248\" \/>\ud83d\udcc5 16. \u2013 17. m\u00e1j 2025<br data-start=\"271\" data-end=\"274\" \/>\ud83d\udc68\u200d\ud83d\udc69\u200d\ud83d\udc67\u200d\ud83d\udc66 <strong data-start=\"286\" data-end=\"319\">7. ro\u010dn\u00edk rodinn\u00e9ho festivalu<\/strong> pre v\u0161etky gener\u00e1cie<\/p>\n<p data-start=\"174\" data-end=\"340\"><span class=\"markhsu2y9ku6\" data-markjs=\"true\" data-ogac=\"\" data-ogab=\"\" data-ogsc=\"\" data-ogsb=\"\">Festival<\/span>\u00a0je s\u00fa\u010das\u0165ou u\u017e XXIII &#8211; ro\u010dn\u00e9ho Cyklu Tane\u010dn\u00fd dom, ktor\u00fd je ako vzorov\u00e1 aktivita zap\u00edsan\u00fd v Zozname najlep\u0161\u00edch sp\u00f4sobov ochrany nehmotn\u00e9ho kult\u00farneho dedi\u010dstva Slovenska.<\/p>\n<p data-start=\"174\" data-end=\"340\">\ud83c\udfab <a href=\"https:\/\/goout.net\/sk\/listky\/festival-tradovania-2025\/kyheb\/\" target=\"_blank\" rel=\"noopener\"><strong>Vstupenky<\/strong><\/a><\/p>\n<p data-start=\"174\" data-end=\"340\"><img loading=\"lazy\" width=\"1810\" height=\"2560\" class=\"alignnone size-full wp-image-336751\" src=\"https:\/\/www.visitbratislava.com\/wp-content\/uploads\/2022\/04\/program-tradovanie-scaled.jpg\" alt=\"\" srcset=\"https:\/\/www.visitbratislava.com\/wp-content\/uploads\/2022\/04\/program-tradovanie-scaled.jpg 1810w, https:\/\/www.visitbratislava.com\/wp-content\/uploads\/2022\/04\/program-tradovanie-283x400.jpg 283w, https:\/\/www.visitbratislava.com\/wp-content\/uploads\/2022\/04\/program-tradovanie-566x800.jpg 566w, https:\/\/www.visitbratislava.com\/wp-content\/uploads\/2022\/04\/program-tradovanie-768x1086.jpg 768w, https:\/\/www.visitbratislava.com\/wp-content\/uploads\/2022\/04\/program-tradovanie-1086x1536.jpg 1086w, https:\/\/www.visitbratislava.com\/wp-content\/uploads\/2022\/04\/program-tradovanie-1448x2048.jpg 1448w, https:\/\/www.visitbratislava.com\/wp-content\/uploads\/2022\/04\/program-tradovanie-141x200.jpg 141w\" sizes=\"(max-width: 1810px) 100vw, 1810px\" \/><\/p>\n<p><img loading=\"lazy\" class=\"alignnone wp-image-334546\" src=\"https:\/\/www.visitbratislava.com\/wp-content\/uploads\/2022\/04\/fb_piatok.jpg\" alt=\"\" width=\"1200\" height=\"628\" srcset=\"https:\/\/www.visitbratislava.com\/wp-content\/uploads\/2022\/04\/fb_piatok.jpg 2000w, https:\/\/www.visitbratislava.com\/wp-content\/uploads\/2022\/04\/fb_piatok-400x209.jpg 400w, https:\/\/www.visitbratislava.com\/wp-content\/uploads\/2022\/04\/fb_piatok-800x419.jpg 800w, https:\/\/www.visitbratislava.com\/wp-content\/uploads\/2022\/04\/fb_piatok-768x402.jpg 768w, https:\/\/www.visitbratislava.com\/wp-content\/uploads\/2022\/04\/fb_piatok-1536x804.jpg 1536w, https:\/\/www.visitbratislava.com\/wp-content\/uploads\/2022\/04\/fb_piatok-200x105.jpg 200w\" sizes=\"(max-width: 1200px) 100vw, 1200px\" \/><\/p>\n<p><img loading=\"lazy\" class=\"alignnone wp-image-334534\" src=\"https:\/\/www.visitbratislava.com\/wp-content\/uploads\/2022\/04\/fb_roma-1.jpg\" alt=\"\" width=\"1200\" height=\"628\" srcset=\"https:\/\/www.visitbratislava.com\/wp-content\/uploads\/2022\/04\/fb_roma-1.jpg 2000w, https:\/\/www.visitbratislava.com\/wp-content\/uploads\/2022\/04\/fb_roma-1-400x209.jpg 400w, https:\/\/www.visitbratislava.com\/wp-content\/uploads\/2022\/04\/fb_roma-1-800x419.jpg 800w, https:\/\/www.visitbratislava.com\/wp-content\/uploads\/2022\/04\/fb_roma-1-768x402.jpg 768w, https:\/\/www.visitbratislava.com\/wp-content\/uploads\/2022\/04\/fb_roma-1-1536x804.jpg 1536w, https:\/\/www.visitbratislava.com\/wp-content\/uploads\/2022\/04\/fb_roma-1-200x105.jpg 200w\" sizes=\"(max-width: 1200px) 100vw, 1200px\" \/><\/p>\n<p><img loading=\"lazy\" class=\"alignnone wp-image-334540\" src=\"https:\/\/www.visitbratislava.com\/wp-content\/uploads\/2022\/04\/fb_sobota-1.jpg\" alt=\"\" width=\"1200\" height=\"628\" srcset=\"https:\/\/www.visitbratislava.com\/wp-content\/uploads\/2022\/04\/fb_sobota-1.jpg 1920w, https:\/\/www.visitbratislava.com\/wp-content\/uploads\/2022\/04\/fb_sobota-1-400x209.jpg 400w, https:\/\/www.visitbratislava.com\/wp-content\/uploads\/2022\/04\/fb_sobota-1-800x419.jpg 800w, https:\/\/www.visitbratislava.com\/wp-content\/uploads\/2022\/04\/fb_sobota-1-768x402.jpg 768w, https:\/\/www.visitbratislava.com\/wp-content\/uploads\/2022\/04\/fb_sobota-1-1536x804.jpg 1536w, https:\/\/www.visitbratislava.com\/wp-content\/uploads\/2022\/04\/fb_sobota-1-200x105.jpg 200w\" sizes=\"(max-width: 1200px) 100vw, 1200px\" \/><\/p>\n","protected":false},"excerpt":{"rendered":"<p>Interakt\u00edvny folkl\u00f3rny festival v jarnom \u0161ate prin\u00e1\u0161a z\u00e1\u017eitkov\u00e9 tane\u010dn\u00e9, hudobn\u00e9 a tvoriv\u00e9 dielne s majstrami svojho remesla a interakt\u00edvne umeleck\u00e9 produkcie pre mal\u00fdch aj ve\u013ek\u00fdch.<\/p>\n","protected":false},"featured_media":290096,"template":"","acf":[],"event_date":{"start_date":1747353600,"end_date":1747440000},"_links":{"self":[{"href":"https:\/\/www.visitbratislava.com\/sk\/wp-json\/wp\/v2\/event\/136007"}],"collection":[{"href":"https:\/\/www.visitbratislava.com\/sk\/wp-json\/wp\/v2\/event"}],"about":[{"href":"https:\/\/www.visitbratislava.com\/sk\/wp-json\/wp\/v2\/types\/event"}],"version-history":[{"count":31,"href":"https:\/\/www.visitbratislava.com\/sk\/wp-json\/wp\/v2\/event\/136007\/revisions"}],"predecessor-version":[{"id":336757,"href":"https:\/\/www.visitbratislava.com\/sk\/wp-json\/wp\/v2\/event\/136007\/revisions\/336757"}],"wp:featuredmedia":[{"embeddable":true,"href":"https:\/\/www.visitbratislava.com\/sk\/wp-json\/wp\/v2\/media\/290096"}],"wp:attachment":[{"href":"https:\/\/www.visitbratislava.com\/sk\/wp-json\/wp\/v2\/media?parent=136007"}],"curies":[{"name":"wp","href":"https:\/\/api.w.org\/{rel}","templated":true}]}}

<p>Rodinný <span class="markhsu2y9ku6" data-markjs="true" data-ogac="" data-ogab="" data-ogsc="" data-ogsb="">festival</span> <span class="mark1cljg3z7x" data-markjs="true" data-ogac="" data-ogab="" data-ogsc="" data-ogsb="">tRadovania</span> a jeho 7.ročník, má ambíciu priniesť do hlavného mesta jarnú vlnu pozitívnej energie. Jeho cieľom je porozumieme, prepájanie generácii s rešpektom ku kultúrnej rozmanitosti v jej mnohorakých podobách.</p>
<p>Na dvoch scénach sa predstaví <strong>viac ako 50 účinkujúcich umelcov, muzikantov, tanečných majstrov, remeselníkov a hercov</strong>.</p>
<p class="" data-start="174" data-end="340"><strong data-start="174" data-end="219">„Zaži tradície, ktoré nezapadajú prachom“</strong><br data-start="219" data-end="222" />📍 UMELKA, Bratislava<br data-start="245" data-end="248" />📅 16. – 17. máj 2025<br data-start="271" data-end="274" />👨‍👩‍👧‍👦 <strong data-start="286" data-end="319">7. ročník rodinného festivalu</strong> pre všetky generácie</p>
<p data-start="174" data-end="340"><span class="markhsu2y9ku6" data-markjs="true" data-ogac="" data-ogab="" data-ogsc="" data-ogsb="">Festival</span> je súčasťou už XXIII &#8211; ročného Cyklu Tanečný dom, ktorý je ako vzorová aktivita zapísaný v Zozname najlepších spôsobov ochrany nehmotného kultúrneho dedičstva Slovenska.</p>
<p data-start="174" data-end="340">🎫 <a href="https://goout.net/sk/listky/festival-tradovania-2025/kyheb/" target="_blank" rel="noopener"><strong>Vstupenky</strong></a></p>
<p data-start="174" data-end="340"><img loading="lazy" width="1810" height="2560" class="alignnone size-full wp-image-336751" src="https://www.visitbratislava.com/wp-content/uploads/2022/04/program-tradovanie-scaled.jpg" alt="" srcset="https://www.visitbratislava.com/wp-content/uploads/2022/04/program-tradovanie-scaled.jpg 1810w, https://www.visitbratislava.com/wp-content/uploads/2022/04/program-tradovanie-283x400.jpg 283w, https://www.visitbratislava.com/wp-content/uploads/2022/04/program-tradovanie-566x800.jpg 566w, https://www.visitbratislava.com/wp-content/uploads/2022/04/program-tradovanie-768x1086.jpg 768w, https://www.visitbratislava.com/wp-content/uploads/2022/04/program-tradovanie-1086x1536.jpg 1086w, https://www.visitbratislava.com/wp-content/uploads/2022/04/program-tradovanie-1448x2048.jpg 1448w, https://www.visitbratislava.com/wp-content/uploads/2022/04/program-tradovanie-141x200.jpg 141w" sizes="(max-width: 1810px) 100vw, 1810px" /></p>
<p><img loading="lazy" class="alignnone wp-image-334546" src="https://www.visitbratislava.com/wp-content/uploads/2022/04/fb_piatok.jpg" alt="" width="1200" height="628" srcset="https://www.visitbratislava.com/wp-content/uploads/2022/04/fb_piatok.jpg 2000w, https://www.visitbratislava.com/wp-content/uploads/2022/04/fb_piatok-400x209.jpg 400w, https://www.visitbratislava.com/wp-content/uploads/2022/04/fb_piatok-800x419.jpg 800w, https://www.visitbratislava.com/wp-content/uploads/2022/04/fb_piatok-768x402.jpg 768w, https://www.visitbratislava.com/wp-content/uploads/2022/04/fb_piatok-1536x804.jpg 1536w, https://www.visitbratislava.com/wp-content/uploads/2022/04/fb_piatok-200x105.jpg 200w" sizes="(max-width: 1200px) 100vw, 1200px" /></p>
<p><img loading="lazy" class="alignnone wp-image-334534" src="https://www.visitbratislava.com/wp-content/uploads/2022/04/fb_roma-1.jpg" alt="" width="1200" height="628" srcset="https://www.visitbratislava.com/wp-content/uploads/2022/04/fb_roma-1.jpg 2000w, https://www.visitbratislava.com/wp-content/uploads/2022/04/fb_roma-1-400x209.jpg 400w, https://www.visitbratislava.com/wp-content/uploads/2022/04/fb_roma-1-800x419.jpg 800w, https://www.visitbratislava.com/wp-content/uploads/2022/04/fb_roma-1-768x402.jpg 768w, https://www.visitbratislava.com/wp-content/uploads/2022/04/fb_roma-1-1536x804.jpg 1536w, https://www.visitbratislava.com/wp-content/uploads/2022/04/fb_roma-1-200x105.jpg 200w" sizes="(max-width: 1200px) 100vw, 1200px" /></p>
<p><img loading="lazy" class="alignnone wp-image-334540" src="https://www.visitbratislava.com/wp-content/uploads/2022/04/fb_sobota-1.jpg" alt="" width="1200" height="628" srcset="https://www.visitbratislava.com/wp-content/uploads/2022/04/fb_sobota-1.jpg 1920w, https://www.visitbratislava.com/wp-content/uploads/2022/04/fb_sobota-1-400x209.jpg 400w, https://www.visitbratislava.com/wp-content/uploads/2022/04/fb_sobota-1-800x419.jpg 800w, https://www.visitbratislava.com/wp-content/uploads/2022/04/fb_sobota-1-768x402.jpg 768w, https://www.visitbratislava.com/wp-content/uploads/2022/04/fb_sobota-1-1536x804.jpg 1536w, https://www.visitbratislava.com/wp-content/uploads/2022/04/fb_sobota-1-200x105.jpg 200w" sizes="(max-width: 1200px) 100vw, 1200px" /></p>

<p>Interaktívny folklórny festival v jarnom šate prináša zážitkové tanečné, hudobné a tvorivé dielne s majstrami svojho remesla a interaktívne umelecké produkcie pre malých aj veľkých.</p>
