{"id":136221,"date":"2022-04-27T14:43:17","date_gmt":"2022-04-27T12:43:17","guid":{"rendered":"https:\/\/www.visitbratislava.com\/?post_type=event&#038;p=136221"},"modified":"2022-08-06T15:11:06","modified_gmt":"2022-08-06T13:11:06","slug":"tradovanie-s","status":"publish","type":"event","link":"https:\/\/www.visitbratislava.com\/sk\/podujatia\/tradovanie-s\/","title":{"rendered":"tRadovanie s&#8230;"},"content":{"rendered":"<p>Po\u010das <a href=\"https:\/\/www.visitbratislava.com\/sk\/podujatia\/festival-tradovania\/\" target=\"_blank\" rel=\"noopener\"><strong>Festivalu tRadovania<\/strong><\/a> sa elegantn\u00e9 prostredie zn\u00e1mej bratislavskej gal\u00e9rie stane kulisou pre origin\u00e1lnu hudobn\u00fa produkciu. Hudobn\u00e9 umenie sa tak spoj\u00ed s v\u00fdtvarn\u00fdm.<\/p>\n<p>V piatok 29. apr\u00edla tu o \u0161iestej podve\u010der v r\u00e1mci programov\u00e9ho cyklu <a href=\"https:\/\/www.visitbratislava.com\/sk\/novinky\/bratislava-sa-meni-na-festivalovu-krajinu-tradovania\/\" target=\"_blank\" rel=\"noopener\"><strong>\u201etRadovanie s&#8230;\u201c<\/strong><\/a> predstav\u00ed Barbora Morongov\u00e1 troch v\u00fdnimo\u010dn\u00fdch muzikantov &#8211; J\u00e1na Kru\u017eliaka zo Spectrum Quartett, Michala Nogu z \u013dudovej hudby Michala Nogu a Jure\u0161a L\u00ed\u0161ku z kapely Fallgrapp. V ich tvorivom a interpreta\u010dnom DNA m\u00e1 v\u00fdrazn\u00e9 zast\u00fapenie hudba predkov a jej origin\u00e1lne \u017e\u00e1nrov\u00e9 odtiene.<\/p>\n<p>Spolu s nimi vyst\u00fapia tie\u017e J\u00falia Koz\u00e1kov\u00e1 aj \u017eeny z Muzi\u010dky. Talentovan\u00ed predstavitelia tradi\u010dnej i netradi\u010dnej hudobnej sc\u00e9ny tak so svojimi hos\u0165ami premi\u00e9rovo uved\u00fa koncert, v ktorom odznej\u00fa ich jedine\u010dn\u00e9, spolo\u010dn\u00e9 tvoriv\u00e9 po\u010diny a in\u0161pir\u00e1cie.<\/p>\n<p>Tento ve\u010der vytv\u00e1ra priestor k spolo\u010dn\u00e9mu zdie\u013eaniu trad\u00edci\u00ed a ich reflexie v autorskom umeleckom prejave pozvan\u00fdch host\u00ed s verejnos\u0165ou. \u017div\u00e1 interakcia je pr\u00edle\u017eitos\u0165ou k vz\u00e1jomnej in\u0161pir\u00e1cii, motiv\u00e1cii a osobn\u00e9mu z\u00e1\u017eitku z tradovania.<\/p>\n<p>Podujatie na Facebooku otvor\u00edte po kliknut\u00ed na obr\u00e1zok:<\/p>\n<p><a href=\"https:\/\/www.facebook.com\/events\/681146109758078\" target=\"_blank\" rel=\"noopener\"><img loading=\"lazy\" class=\"aligncenter wp-image-136229 size-full\" src=\"https:\/\/www.visitbratislava.com\/wp-content\/uploads\/2022\/04\/koncert-tRadovanie-s....jpg\" alt=\"podujatie na Facebooku\" width=\"1500\" height=\"1500\" srcset=\"https:\/\/www.visitbratislava.com\/wp-content\/uploads\/2022\/04\/koncert-tRadovanie-s....jpg 1500w, https:\/\/www.visitbratislava.com\/wp-content\/uploads\/2022\/04\/koncert-tRadovanie-s...-400x400.jpg 400w, https:\/\/www.visitbratislava.com\/wp-content\/uploads\/2022\/04\/koncert-tRadovanie-s...-800x800.jpg 800w, https:\/\/www.visitbratislava.com\/wp-content\/uploads\/2022\/04\/koncert-tRadovanie-s...-150x150.jpg 150w, https:\/\/www.visitbratislava.com\/wp-content\/uploads\/2022\/04\/koncert-tRadovanie-s...-768x768.jpg 768w, https:\/\/www.visitbratislava.com\/wp-content\/uploads\/2022\/04\/koncert-tRadovanie-s...-200x200.jpg 200w, https:\/\/www.visitbratislava.com\/wp-content\/uploads\/2022\/04\/koncert-tRadovanie-s...-184x184.jpg 184w, https:\/\/www.visitbratislava.com\/wp-content\/uploads\/2022\/04\/koncert-tRadovanie-s...-384x384.jpg 384w, https:\/\/www.visitbratislava.com\/wp-content\/uploads\/2022\/04\/koncert-tRadovanie-s...-784x784.jpg 784w\" sizes=\"(max-width: 1500px) 100vw, 1500px\" \/><\/a><\/p>\n<p>Vstupenky si m\u00f4\u017eete k\u00fapi\u0165 po kliknut\u00ed na plag\u00e1t:<\/p>\n<p><a href=\"https:\/\/goout.net\/sk\/listky\/tradovanie-jan-kruzliak+michal-noga+jures-liska\/ikcn\/\" target=\"_blank\" rel=\"noopener\"><img loading=\"lazy\" class=\"aligncenter wp-image-136235 size-full\" src=\"https:\/\/www.visitbratislava.com\/wp-content\/uploads\/2022\/04\/tRadovanie-s...-29APR22-Poster-001-scaled.jpg\" alt=\"Tickets Purchase\" width=\"1811\" height=\"2560\" srcset=\"https:\/\/www.visitbratislava.com\/wp-content\/uploads\/2022\/04\/tRadovanie-s...-29APR22-Poster-001-scaled.jpg 1811w, https:\/\/www.visitbratislava.com\/wp-content\/uploads\/2022\/04\/tRadovanie-s...-29APR22-Poster-001-283x400.jpg 283w, https:\/\/www.visitbratislava.com\/wp-content\/uploads\/2022\/04\/tRadovanie-s...-29APR22-Poster-001-566x800.jpg 566w, https:\/\/www.visitbratislava.com\/wp-content\/uploads\/2022\/04\/tRadovanie-s...-29APR22-Poster-001-768x1086.jpg 768w, https:\/\/www.visitbratislava.com\/wp-content\/uploads\/2022\/04\/tRadovanie-s...-29APR22-Poster-001-1086x1536.jpg 1086w, https:\/\/www.visitbratislava.com\/wp-content\/uploads\/2022\/04\/tRadovanie-s...-29APR22-Poster-001-1448x2048.jpg 1448w, https:\/\/www.visitbratislava.com\/wp-content\/uploads\/2022\/04\/tRadovanie-s...-29APR22-Poster-001-141x200.jpg 141w\" sizes=\"(max-width: 1811px) 100vw, 1811px\" \/><\/a><\/p>\n","protected":false},"excerpt":{"rendered":"<p>V Gal\u00e9rii Nedbalka koncom apr\u00edla zaznej\u00fa t\u00f3ny hudby na \u013eudov\u00e9 mot\u00edvy<\/p>\n","protected":false},"featured_media":136222,"template":"","acf":[],"event_date":{"start_date":1651190400,"end_date":1651190400},"_links":{"self":[{"href":"https:\/\/www.visitbratislava.com\/sk\/wp-json\/wp\/v2\/event\/136221"}],"collection":[{"href":"https:\/\/www.visitbratislava.com\/sk\/wp-json\/wp\/v2\/event"}],"about":[{"href":"https:\/\/www.visitbratislava.com\/sk\/wp-json\/wp\/v2\/types\/event"}],"version-history":[{"count":3,"href":"https:\/\/www.visitbratislava.com\/sk\/wp-json\/wp\/v2\/event\/136221\/revisions"}],"predecessor-version":[{"id":136250,"href":"https:\/\/www.visitbratislava.com\/sk\/wp-json\/wp\/v2\/event\/136221\/revisions\/136250"}],"wp:featuredmedia":[{"embeddable":true,"href":"https:\/\/www.visitbratislava.com\/sk\/wp-json\/wp\/v2\/media\/136222"}],"wp:attachment":[{"href":"https:\/\/www.visitbratislava.com\/sk\/wp-json\/wp\/v2\/media?parent=136221"}],"curies":[{"name":"wp","href":"https:\/\/api.w.org\/{rel}","templated":true}]}}

<p>Počas <a href="https://www.visitbratislava.com/sk/podujatia/festival-tradovania/" target="_blank" rel="noopener"><strong>Festivalu tRadovania</strong></a> sa elegantné prostredie známej bratislavskej galérie stane kulisou pre originálnu hudobnú produkciu. Hudobné umenie sa tak spojí s výtvarným.</p>
<p>V piatok 29. apríla tu o šiestej podvečer v rámci programového cyklu <a href="https://www.visitbratislava.com/sk/novinky/bratislava-sa-meni-na-festivalovu-krajinu-tradovania/" target="_blank" rel="noopener"><strong>„tRadovanie s&#8230;“</strong></a> predstaví Barbora Morongová troch výnimočných muzikantov &#8211; Jána Kružliaka zo Spectrum Quartett, Michala Nogu z Ľudovej hudby Michala Nogu a Jureša Líšku z kapely Fallgrapp. V ich tvorivom a interpretačnom DNA má výrazné zastúpenie hudba predkov a jej originálne žánrové odtiene.</p>
<p>Spolu s nimi vystúpia tiež Júlia Kozáková aj ženy z Muzičky. Talentovaní predstavitelia tradičnej i netradičnej hudobnej scény tak so svojimi hosťami premiérovo uvedú koncert, v ktorom odznejú ich jedinečné, spoločné tvorivé počiny a inšpirácie.</p>
<p>Tento večer vytvára priestor k spoločnému zdieľaniu tradícií a ich reflexie v autorskom umeleckom prejave pozvaných hostí s verejnosťou. Živá interakcia je príležitosťou k vzájomnej inšpirácii, motivácii a osobnému zážitku z tradovania.</p>
<p>Podujatie na Facebooku otvoríte po kliknutí na obrázok:</p>
<p><a href="https://www.facebook.com/events/681146109758078" target="_blank" rel="noopener"><img loading="lazy" class="aligncenter wp-image-136229 size-full" src="https://www.visitbratislava.com/wp-content/uploads/2022/04/koncert-tRadovanie-s....jpg" alt="podujatie na Facebooku" width="1500" height="1500" srcset="https://www.visitbratislava.com/wp-content/uploads/2022/04/koncert-tRadovanie-s....jpg 1500w, https://www.visitbratislava.com/wp-content/uploads/2022/04/koncert-tRadovanie-s...-400x400.jpg 400w, https://www.visitbratislava.com/wp-content/uploads/2022/04/koncert-tRadovanie-s...-800x800.jpg 800w, https://www.visitbratislava.com/wp-content/uploads/2022/04/koncert-tRadovanie-s...-150x150.jpg 150w, https://www.visitbratislava.com/wp-content/uploads/2022/04/koncert-tRadovanie-s...-768x768.jpg 768w, https://www.visitbratislava.com/wp-content/uploads/2022/04/koncert-tRadovanie-s...-200x200.jpg 200w, https://www.visitbratislava.com/wp-content/uploads/2022/04/koncert-tRadovanie-s...-184x184.jpg 184w, https://www.visitbratislava.com/wp-content/uploads/2022/04/koncert-tRadovanie-s...-384x384.jpg 384w, https://www.visitbratislava.com/wp-content/uploads/2022/04/koncert-tRadovanie-s...-784x784.jpg 784w" sizes="(max-width: 1500px) 100vw, 1500px" /></a></p>
<p>Vstupenky si môžete kúpiť po kliknutí na plagát:</p>
<p><a href="https://goout.net/sk/listky/tradovanie-jan-kruzliak+michal-noga+jures-liska/ikcn/" target="_blank" rel="noopener"><img loading="lazy" class="aligncenter wp-image-136235 size-full" src="https://www.visitbratislava.com/wp-content/uploads/2022/04/tRadovanie-s...-29APR22-Poster-001-scaled.jpg" alt="Tickets Purchase" width="1811" height="2560" srcset="https://www.visitbratislava.com/wp-content/uploads/2022/04/tRadovanie-s...-29APR22-Poster-001-scaled.jpg 1811w, https://www.visitbratislava.com/wp-content/uploads/2022/04/tRadovanie-s...-29APR22-Poster-001-283x400.jpg 283w, https://www.visitbratislava.com/wp-content/uploads/2022/04/tRadovanie-s...-29APR22-Poster-001-566x800.jpg 566w, https://www.visitbratislava.com/wp-content/uploads/2022/04/tRadovanie-s...-29APR22-Poster-001-768x1086.jpg 768w, https://www.visitbratislava.com/wp-content/uploads/2022/04/tRadovanie-s...-29APR22-Poster-001-1086x1536.jpg 1086w, https://www.visitbratislava.com/wp-content/uploads/2022/04/tRadovanie-s...-29APR22-Poster-001-1448x2048.jpg 1448w, https://www.visitbratislava.com/wp-content/uploads/2022/04/tRadovanie-s...-29APR22-Poster-001-141x200.jpg 141w" sizes="(max-width: 1811px) 100vw, 1811px" /></a></p>

<p>V Galérii Nedbalka koncom apríla zaznejú tóny hudby na ľudové motívy</p>
