{"id":137363,"date":"2022-05-10T09:36:10","date_gmt":"2022-05-10T07:36:10","guid":{"rendered":"https:\/\/www.visitbratislava.com\/?post_type=event&#038;p=137363"},"modified":"2022-08-06T15:10:49","modified_gmt":"2022-08-06T13:10:49","slug":"noc-muzei-a-galerii-v-muzeu-dopravy","status":"publish","type":"event","link":"https:\/\/www.visitbratislava.com\/sk\/podujatia\/noc-muzei-a-galerii-v-muzeu-dopravy\/","title":{"rendered":"Noc m\u00faze\u00ed a gal\u00e9ri\u00ed v M\u00fazeu dopravy"},"content":{"rendered":"<p>Po\u010das dvan\u00e1stich hod\u00edn pon\u00fakne M\u00fazeum dopravy v Bratislave v r\u00e1mci Noci m\u00faze\u00ed a gal\u00e9ri\u00ed zauj\u00edmav\u00fd program najm\u00e4 pre deti. Na per\u00f3ne na v\u00e1s \u010dak\u00e1 v\u00fdstava fotografi\u00ed &#8222;Mosty na Dunaji&#8220;, od desiatej dopoludnia do \u0161iestej ve\u010dera sa budete m\u00f4c\u0165 odfotografova\u0165 pri replike motorov\u00e9ho ko\u010da Lutzmann z roku 1888 a o piatej podve\u010der sa deti m\u00f4\u017eu te\u0161i\u0165 na predstavenie \u201eZlat\u00e1 rybka\u201c.<\/p>\n<p>O siedmej a deviatej ve\u010der si m\u00f4\u017eete vypo\u010du\u0165 v\u00fdklad k pr\u00edbehu 100-ro\u010dn\u00e9ho dreven\u00e9ho bicykla a o \u0161iestej a \u00f4smej ve\u010der zas pozrie\u0165 do \u00fatrob elektrick\u00e9ho ru\u0161\u0148a radu 210.012 s prez\u00fdvkou \u201e\u017eehli\u010dka\u201c. Tak si to pr\u00ed\u010fte u\u017ei\u0165.<\/p>\n<p><img loading=\"lazy\" width=\"960\" height=\"540\" class=\"aligncenter size-full wp-image-137668\" src=\"https:\/\/www.visitbratislava.com\/wp-content\/uploads\/2022\/05\/facebook-BA_BSK_960x540.jpg\" alt=\"\" srcset=\"https:\/\/www.visitbratislava.com\/wp-content\/uploads\/2022\/05\/facebook-BA_BSK_960x540.jpg 960w, https:\/\/www.visitbratislava.com\/wp-content\/uploads\/2022\/05\/facebook-BA_BSK_960x540-400x225.jpg 400w, https:\/\/www.visitbratislava.com\/wp-content\/uploads\/2022\/05\/facebook-BA_BSK_960x540-800x450.jpg 800w, https:\/\/www.visitbratislava.com\/wp-content\/uploads\/2022\/05\/facebook-BA_BSK_960x540-768x432.jpg 768w, https:\/\/www.visitbratislava.com\/wp-content\/uploads\/2022\/05\/facebook-BA_BSK_960x540-200x113.jpg 200w\" sizes=\"(max-width: 960px) 100vw, 960px\" \/><\/p>\n","protected":false},"excerpt":{"rendered":"<p>Z\u00e1bava medzi vl\u00e1\u010dikmi, autami \u010do bicyklami od desiatej dopoludnia do desiatej ve\u010dera<\/p>\n","protected":false},"featured_media":137364,"template":"","acf":[],"event_date":{"start_date":1652486400,"end_date":1652486400},"_links":{"self":[{"href":"https:\/\/www.visitbratislava.com\/sk\/wp-json\/wp\/v2\/event\/137363"}],"collection":[{"href":"https:\/\/www.visitbratislava.com\/sk\/wp-json\/wp\/v2\/event"}],"about":[{"href":"https:\/\/www.visitbratislava.com\/sk\/wp-json\/wp\/v2\/types\/event"}],"version-history":[{"count":3,"href":"https:\/\/www.visitbratislava.com\/sk\/wp-json\/wp\/v2\/event\/137363\/revisions"}],"predecessor-version":[{"id":137815,"href":"https:\/\/www.visitbratislava.com\/sk\/wp-json\/wp\/v2\/event\/137363\/revisions\/137815"}],"wp:featuredmedia":[{"embeddable":true,"href":"https:\/\/www.visitbratislava.com\/sk\/wp-json\/wp\/v2\/media\/137364"}],"wp:attachment":[{"href":"https:\/\/www.visitbratislava.com\/sk\/wp-json\/wp\/v2\/media?parent=137363"}],"curies":[{"name":"wp","href":"https:\/\/api.w.org\/{rel}","templated":true}]}}

Noc múzeí a galérií v Múzeu dopravy

<p>Počas dvanástich hodín ponúkne Múzeum dopravy v Bratislave v rámci Noci múzeí a galérií zaujímavý program najmä pre deti. Na peróne na vás čaká výstava fotografií &#8222;Mosty na Dunaji&#8220;, od desiatej dopoludnia do šiestej večera sa budete môcť odfotografovať pri replike motorového koča Lutzmann z roku 1888 a o piatej podvečer sa deti môžu tešiť na predstavenie „Zlatá rybka“.</p>
<p>O siedmej a deviatej večer si môžete vypočuť výklad k príbehu 100-ročného dreveného bicykla a o šiestej a ôsmej večer zas pozrieť do útrob elektrického rušňa radu 210.012 s prezývkou „žehlička“. Tak si to príďte užiť.</p>
<p><img loading="lazy" width="960" height="540" class="aligncenter size-full wp-image-137668" src="https://www.visitbratislava.com/wp-content/uploads/2022/05/facebook-BA_BSK_960x540.jpg" alt="" srcset="https://www.visitbratislava.com/wp-content/uploads/2022/05/facebook-BA_BSK_960x540.jpg 960w, https://www.visitbratislava.com/wp-content/uploads/2022/05/facebook-BA_BSK_960x540-400x225.jpg 400w, https://www.visitbratislava.com/wp-content/uploads/2022/05/facebook-BA_BSK_960x540-800x450.jpg 800w, https://www.visitbratislava.com/wp-content/uploads/2022/05/facebook-BA_BSK_960x540-768x432.jpg 768w, https://www.visitbratislava.com/wp-content/uploads/2022/05/facebook-BA_BSK_960x540-200x113.jpg 200w" sizes="(max-width: 960px) 100vw, 960px" /></p>

<p>Zábava medzi vláčikmi, autami čo bicyklami od desiatej dopoludnia do desiatej večera</p>
