{"id":139943,"date":"2022-06-06T00:43:42","date_gmt":"2022-06-05T22:43:42","guid":{"rendered":"https:\/\/www.visitbratislava.com\/?post_type=event&#038;p=139943"},"modified":"2022-08-06T15:10:06","modified_gmt":"2022-08-06T13:10:06","slug":"rozpravkova-modra","status":"publish","type":"event","link":"https:\/\/www.visitbratislava.com\/sk\/podujatia\/rozpravkova-modra\/","title":{"rendered":"Rozpr\u00e1vkov\u00e1 Modra"},"content":{"rendered":"<p>Posledn\u00fd v\u00edkend \u0161kolsk\u00e9ho roka do Modry tradi\u010dne prinesie svet rozpr\u00e1vok de\u0165om i dospel\u00fdm. Festival b\u00e1bkov\u00fdch divadiel tu rozlo\u017e\u00ed svoje javisko 25. a 26. j\u00fana po jubilejn\u00fd desiaty raz. Pr\u00eddu skvel\u00ed herci a ich rozpr\u00e1vkov\u00ed hrdinovia, v ob\u013e\u00fabenom stane plnom periniek bud\u00fa de\u0165om \u010d\u00edta\u0165 rozpr\u00e1vky dospel\u00e1ci a v tvoriv\u00fdch diel\u0148ach si m\u00f4\u017eete urobi\u0165 svoju b\u00e1bku.<\/p>\n<p>P\u00f4vabn\u00fd prv\u00fd letn\u00fd v\u00edkend za\u017eijete v prostred\u00ed parku pri jazierku pri Kult\u00farnom dome \u013dudov\u00edta \u0160t\u00fara aj priamo v \u0148om. Modra bude v tomto roku skuto\u010dne cel\u00e1 rozpr\u00e1vkov\u00e1 doslova a do p\u00edsmena a pln\u00e1 programu pre bato\u013eat\u00e1 aj dospel\u00fdch otv\u00e1ra br\u00e1ny \u00faplne v\u0161etk\u00fdm. Symbolom festivalu b\u00e1bkov\u00e9ho divadla je slobodn\u00fd, d\u00f4vtipn\u00fd, vesel\u00fd a neboj\u00e1cny Ga\u0161parko v\u00fdtvarn\u00edka a ilustr\u00e1tora Jana Wajcka Vajs\u00e1bela.<\/p>\n<div class=\"grid-container\"><div class=\"grid-container__item\"><div class=\"block\"><a href=\"https:\/\/www.visitbratislava.com\/wp-content\/uploads\/2022\/06\/Rozpravkova-Modra-001-800x534.jpg\" data-fancybox=\"gallery\" data-caption=\"\"><div class=\"background\"><img src=\"https:\/\/www.visitbratislava.com\/wp-content\/uploads\/2022\/06\/Rozpravkova-Modra-001-800x534.jpg\" alt=\"foto\"\/><\/div><div class=\"overlay filter-blue\"><div class=\"content\"><span class=\"zoom-button\"><\/span><\/div><\/div><\/a><\/div><\/div><div class=\"grid-container__item\"><div class=\"block\"><a href=\"https:\/\/www.visitbratislava.com\/wp-content\/uploads\/2022\/06\/Rozpravkova-Modra-002-800x534.jpg\" data-fancybox=\"gallery\" data-caption=\"\"><div class=\"background\" style=\"background-image: url(https:\/\/www.visitbratislava.com\/wp-content\/uploads\/2022\/06\/Rozpravkova-Modra-002-800x534.jpg)\"><\/div><div class=\"overlay filter-green\"><div class=\"content\"><span class=\"zoom-button\"><\/span><\/div><\/div><\/a><\/div><\/div><div class=\"grid-container__item more\"><\/div><\/div>\n<p>Po\u010das prv\u00fdch letn\u00fdch v\u00edkendov\u00fdch popoludn\u00ed si rozpr\u00e1vky deti i dospel\u00ed u\u017eij\u00fa v parku pri jazierku pri Kult\u00farneho domu \u013dudov\u00edta \u0160t\u00fara v Modre, v pr\u00edpade nepriazne po\u010dasia v jeho vn\u00fatri. \u010cakaj\u00fa na v\u00e1s hry, s\u00fa\u0165a\u017ee, rozpr\u00e1vkov\u00fd stan, \u010dit\u00e1re\u0148, are\u00e1l pln\u00fd atrakci\u00ed a dobr\u00f4t a \u010fal\u0161ie rozpr\u00e1vkov\u00e9 l\u00e1kadl\u00e1. Tohtoro\u010dn\u00e1 Rozpr\u00e1vkov\u00e1 Modra v\u00e1s prevedie aj svetom a hist\u00f3riou b\u00e1bok, dozviete sa napr\u00edklad ak\u00fd rozdiel je medzi tie\u0148ov\u00fdm, marionetov\u00fdm, alebo ma\u0148u\u0161kov\u00fdm divadlom.<\/p>\n<p>Rozpr\u00e1vkov\u00e1 Modra pon\u00fakne aj detsk\u00fd dreven\u00fd koloto\u010d a in\u00e9 atrakcie, tvoriv\u00e9 dielne, stan Rozpr\u00e1vkovo pln\u00fd periniek a rozpr\u00e1vok, ktor\u00e9 bud\u00fa \u010d\u00edta\u0165 ujo Mrkvi\u010dka v podan\u00ed Tibora Hujdi\u010da v sobotu a Veronika Hajdu\u010d\u00edkov\u00e1 v nede\u013eu. Te\u0161i\u0165 sa m\u00f4\u017eete na b\u00e1bkodiel\u0148u U Modru\u0161ky s Tatianou \u0160ul\u00edkovou a lektormi, Eko diel\u0148u alebo \u010do rastie v z\u00e1hrad\u00e1ch s Maru\u0161kou Kratochv\u00ed\u013eovou i na z\u00e1bavn\u00e9 hry s LUSKom v Hravom lese.<\/p>\n<div class=\"grid-container\"><div class=\"grid-container__item\"><div class=\"block\"><a href=\"https:\/\/www.visitbratislava.com\/wp-content\/uploads\/2022\/06\/Rozpravkova-Modra-003-800x534.jpg\" data-fancybox=\"gallery\" data-caption=\"\"><div class=\"background\"><img src=\"https:\/\/www.visitbratislava.com\/wp-content\/uploads\/2022\/06\/Rozpravkova-Modra-003-800x534.jpg\" alt=\"foto\"\/><\/div><div class=\"overlay filter-blue\"><div class=\"content\"><span class=\"zoom-button\"><\/span><\/div><\/div><\/a><\/div><\/div><div class=\"grid-container__item\"><div class=\"block\"><a href=\"https:\/\/www.visitbratislava.com\/wp-content\/uploads\/2022\/06\/Rozpravkova-Modra-004-800x534.jpg\" data-fancybox=\"gallery\" data-caption=\"\"><div class=\"background\" style=\"background-image: url(https:\/\/www.visitbratislava.com\/wp-content\/uploads\/2022\/06\/Rozpravkova-Modra-004-800x534.jpg)\"><\/div><div class=\"overlay filter-green\"><div class=\"content\"><span class=\"zoom-button\"><\/span><\/div><\/div><\/a><\/div><\/div><div class=\"grid-container__item more\"><\/div><\/div>\n<p>K\u00fdm Blesa a Tomyslim v sobotu predved\u00fa klauni\u00e1du medzi predstaveniami, nede\u013eu str\u00e1vite v sprievode fla\u0161inetu b\u00e1bkara Ivana Gontka. V are\u00e1li n\u00e1jdete aj p\u00f4vabn\u00fd k\u00fatik s detskou literat\u00farou, st\u00e1nok s prekr\u00e1snymi ma\u0148u\u0161kami, ale aj Rozpr\u00e1vkov\u00fd Restaurant s dobrotami, k\u00e1vi\u010dkou a \u010dokol\u00e1dou. Sobotn\u00fd program odmoderuje Zuzka Polonsk\u00e1, nede\u013en\u00fd program bude moderova\u0165 Ag\u00e1ta \u0160ikulov\u00e1 Petrakovi\u010dov\u00e1. A mo\u017eno bud\u00fa aj nejak\u00e9 prekvapenia!<\/p>\n<p>V\u00edkend pln\u00fd rozpr\u00e1vok a fant\u00e1zie s dobrotami od v\u00fdmyslu sveta a tajomstvami b\u00e1bkarstva v Modre bude n\u00e1vratom do detstva pre dospel\u00fdch a pote\u0161en\u00edm pre deti. \u010co z toho za\u017eijete vy?<\/p>\n<p><strong>PROGRAM<\/strong><br \/>\n<em>Sobota 25. j\u00fana<\/em><br \/>\n13:30 &#8211; predstavenie Mimi a L\u00edza v podan\u00ed ZU\u0160 Modra v parku pri Kult\u00farnom dome<br \/>\n14:30 &#8211; predstavenie Gazkitovci alebo koc\u00far, ktor\u00fd sa stratil v podan\u00ed ZU\u0160 Modra v parku pri Kult\u00farnom dome<br \/>\n18:00 &#8211; predstavenie Zajko Fajko a had\u00edk Vad\u00edk v podan\u00ed Divadla Kasia v parku pri Kult\u00farnom dome<br \/>\n18:00 &#8211; Koncert skupiny Toddler punk pre deti a rodi\u010dov v parku pri Kult\u00farnom dome<br \/>\n19:30 &#8211; predstavenie Nejmen\u0161\u00ed ze S\u00e1mu v podan\u00ed \u010ceskoslovensk\u00fdch klackov v malej s\u00e1le Kult\u00farneho domu \u013dudov\u00edta \u0160t\u00fara<br \/>\n<em>Nede\u013ea 26. j\u00fana<\/em><br \/>\n14:00 &#8211; predstavenie Ka\u010dky rapota\u010dky v podan\u00ed Divadla Crocus v parku pri Kult\u00farnom dome<br \/>\n15:30 &#8211; predstavenie Pinoccio v podan\u00ed Divadla Cililing v parku pri Kult\u00farnom dome<br \/>\n16:30 &#8211; predstavenie Don \u0160ajn v podan\u00ed Tyj\u00e1tra Ivana Gontka v parku pri Kult\u00farnom dome<br \/>\n18:00 &#8211; predstavenie More v podan\u00ed Divadla Agap\u00e9 v parku pri Kult\u00farnom dome<\/p>\n<p>Podujatie na Facebooku otvor\u00edte po kliknut\u00ed na obr\u00e1zok:<\/p>\n<p><a href=\"https:\/\/www.facebook.com\/events\/2254497371383045\" target=\"_blank\" rel=\"noopener\"><img loading=\"lazy\" class=\"aligncenter wp-image-139974 size-full\" src=\"https:\/\/www.visitbratislava.com\/wp-content\/uploads\/2022\/06\/Rozpravkova-Modra-Logo.jpg\" alt=\"\" width=\"1000\" height=\"1000\" srcset=\"https:\/\/www.visitbratislava.com\/wp-content\/uploads\/2022\/06\/Rozpravkova-Modra-Logo.jpg 1000w, https:\/\/www.visitbratislava.com\/wp-content\/uploads\/2022\/06\/Rozpravkova-Modra-Logo-400x400.jpg 400w, https:\/\/www.visitbratislava.com\/wp-content\/uploads\/2022\/06\/Rozpravkova-Modra-Logo-800x800.jpg 800w, https:\/\/www.visitbratislava.com\/wp-content\/uploads\/2022\/06\/Rozpravkova-Modra-Logo-150x150.jpg 150w, https:\/\/www.visitbratislava.com\/wp-content\/uploads\/2022\/06\/Rozpravkova-Modra-Logo-768x768.jpg 768w, https:\/\/www.visitbratislava.com\/wp-content\/uploads\/2022\/06\/Rozpravkova-Modra-Logo-200x200.jpg 200w, https:\/\/www.visitbratislava.com\/wp-content\/uploads\/2022\/06\/Rozpravkova-Modra-Logo-184x184.jpg 184w, https:\/\/www.visitbratislava.com\/wp-content\/uploads\/2022\/06\/Rozpravkova-Modra-Logo-384x384.jpg 384w, https:\/\/www.visitbratislava.com\/wp-content\/uploads\/2022\/06\/Rozpravkova-Modra-Logo-784x784.jpg 784w\" sizes=\"(max-width: 1000px) 100vw, 1000px\" \/><\/a><\/p>\n","protected":false},"excerpt":{"rendered":"<p>\u010carovn\u00e9 meste\u010dko bude posledn\u00fd j\u00fanov\u00fd v\u00edkend e\u0161te k\u00fazelnej\u0161ie, ba priam rozpr\u00e1vkov\u00e9<\/p>\n","protected":false},"featured_media":139944,"template":"","acf":[],"event_date":{"start_date":1656115200,"end_date":1656201600},"_links":{"self":[{"href":"https:\/\/www.visitbratislava.com\/sk\/wp-json\/wp\/v2\/event\/139943"}],"collection":[{"href":"https:\/\/www.visitbratislava.com\/sk\/wp-json\/wp\/v2\/event"}],"about":[{"href":"https:\/\/www.visitbratislava.com\/sk\/wp-json\/wp\/v2\/types\/event"}],"version-history":[{"count":1,"href":"https:\/\/www.visitbratislava.com\/sk\/wp-json\/wp\/v2\/event\/139943\/revisions"}],"predecessor-version":[{"id":139980,"href":"https:\/\/www.visitbratislava.com\/sk\/wp-json\/wp\/v2\/event\/139943\/revisions\/139980"}],"wp:featuredmedia":[{"embeddable":true,"href":"https:\/\/www.visitbratislava.com\/sk\/wp-json\/wp\/v2\/media\/139944"}],"wp:attachment":[{"href":"https:\/\/www.visitbratislava.com\/sk\/wp-json\/wp\/v2\/media?parent=139943"}],"curies":[{"name":"wp","href":"https:\/\/api.w.org\/{rel}","templated":true}]}}

Rozprávková Modra

<p>Posledný víkend školského roka do Modry tradične prinesie svet rozprávok deťom i dospelým. Festival bábkových divadiel tu rozloží svoje javisko 25. a 26. júna po jubilejný desiaty raz. Prídu skvelí herci a ich rozprávkoví hrdinovia, v obľúbenom stane plnom periniek budú deťom čítať rozprávky dospeláci a v tvorivých dielňach si môžete urobiť svoju bábku.</p>
<p>Pôvabný prvý letný víkend zažijete v prostredí parku pri jazierku pri Kultúrnom dome Ľudovíta Štúra aj priamo v ňom. Modra bude v tomto roku skutočne celá rozprávková doslova a do písmena a plná programu pre batoľatá aj dospelých otvára brány úplne všetkým. Symbolom festivalu bábkového divadla je slobodný, dôvtipný, veselý a nebojácny Gašparko výtvarníka a ilustrátora Jana Wajcka Vajsábela.</p>
<div class="grid-container"><div class="grid-container__item"><div class="block"><a href="https://www.visitbratislava.com/wp-content/uploads/2022/06/Rozpravkova-Modra-001-800x534.jpg" data-fancybox="gallery" data-caption=""><div class="background"><img src="https://www.visitbratislava.com/wp-content/uploads/2022/06/Rozpravkova-Modra-001-800x534.jpg" alt="foto"/></div><div class="overlay filter-blue"><div class="content"><span class="zoom-button"></span></div></div></a></div></div><div class="grid-container__item"><div class="block"><a href="https://www.visitbratislava.com/wp-content/uploads/2022/06/Rozpravkova-Modra-002-800x534.jpg" data-fancybox="gallery" data-caption=""><div class="background" style="background-image: url(https://www.visitbratislava.com/wp-content/uploads/2022/06/Rozpravkova-Modra-002-800x534.jpg)"></div><div class="overlay filter-green"><div class="content"><span class="zoom-button"></span></div></div></a></div></div><div class="grid-container__item more"></div></div>
<p>Počas prvých letných víkendových popoludní si rozprávky deti i dospelí užijú v parku pri jazierku pri Kultúrneho domu Ľudovíta Štúra v Modre, v prípade nepriazne počasia v jeho vnútri. Čakajú na vás hry, súťaže, rozprávkový stan, čitáreň, areál plný atrakcií a dobrôt a ďalšie rozprávkové lákadlá. Tohtoročná Rozprávková Modra vás prevedie aj svetom a históriou bábok, dozviete sa napríklad aký rozdiel je medzi tieňovým, marionetovým, alebo maňuškovým divadlom.</p>
<p>Rozprávková Modra ponúkne aj detský drevený kolotoč a iné atrakcie, tvorivé dielne, stan Rozprávkovo plný periniek a rozprávok, ktoré budú čítať ujo Mrkvička v podaní Tibora Hujdiča v sobotu a Veronika Hajdučíková v nedeľu. Tešiť sa môžete na bábkodielňu U Modrušky s Tatianou Šulíkovou a lektormi, Eko dielňu alebo čo rastie v záhradách s Maruškou Kratochvíľovou i na zábavné hry s LUSKom v Hravom lese.</p>
<div class="grid-container"><div class="grid-container__item"><div class="block"><a href="https://www.visitbratislava.com/wp-content/uploads/2022/06/Rozpravkova-Modra-003-800x534.jpg" data-fancybox="gallery" data-caption=""><div class="background"><img src="https://www.visitbratislava.com/wp-content/uploads/2022/06/Rozpravkova-Modra-003-800x534.jpg" alt="foto"/></div><div class="overlay filter-blue"><div class="content"><span class="zoom-button"></span></div></div></a></div></div><div class="grid-container__item"><div class="block"><a href="https://www.visitbratislava.com/wp-content/uploads/2022/06/Rozpravkova-Modra-004-800x534.jpg" data-fancybox="gallery" data-caption=""><div class="background" style="background-image: url(https://www.visitbratislava.com/wp-content/uploads/2022/06/Rozpravkova-Modra-004-800x534.jpg)"></div><div class="overlay filter-green"><div class="content"><span class="zoom-button"></span></div></div></a></div></div><div class="grid-container__item more"></div></div>
<p>Kým Blesa a Tomyslim v sobotu predvedú klauniádu medzi predstaveniami, nedeľu strávite v sprievode flašinetu bábkara Ivana Gontka. V areáli nájdete aj pôvabný kútik s detskou literatúrou, stánok s prekrásnymi maňuškami, ale aj Rozprávkový Restaurant s dobrotami, kávičkou a čokoládou. Sobotný program odmoderuje Zuzka Polonská, nedeľný program bude moderovať Agáta Šikulová Petrakovičová. A možno budú aj nejaké prekvapenia!</p>
<p>Víkend plný rozprávok a fantázie s dobrotami od výmyslu sveta a tajomstvami bábkarstva v Modre bude návratom do detstva pre dospelých a potešením pre deti. Čo z toho zažijete vy?</p>
<p><strong>PROGRAM</strong><br />
<em>Sobota 25. júna</em><br />
13:30 &#8211; predstavenie Mimi a Líza v podaní ZUŠ Modra v parku pri Kultúrnom dome<br />
14:30 &#8211; predstavenie Gazkitovci alebo kocúr, ktorý sa stratil v podaní ZUŠ Modra v parku pri Kultúrnom dome<br />
18:00 &#8211; predstavenie Zajko Fajko a hadík Vadík v podaní Divadla Kasia v parku pri Kultúrnom dome<br />
18:00 &#8211; Koncert skupiny Toddler punk pre deti a rodičov v parku pri Kultúrnom dome<br />
19:30 &#8211; predstavenie Nejmenší ze Sámu v podaní Československých klackov v malej sále Kultúrneho domu Ľudovíta Štúra<br />
<em>Nedeľa 26. júna</em><br />
14:00 &#8211; predstavenie Kačky rapotačky v podaní Divadla Crocus v parku pri Kultúrnom dome<br />
15:30 &#8211; predstavenie Pinoccio v podaní Divadla Cililing v parku pri Kultúrnom dome<br />
16:30 &#8211; predstavenie Don Šajn v podaní Tyjátra Ivana Gontka v parku pri Kultúrnom dome<br />
18:00 &#8211; predstavenie More v podaní Divadla Agapé v parku pri Kultúrnom dome</p>
<p>Podujatie na Facebooku otvoríte po kliknutí na obrázok:</p>
<p><a href="https://www.facebook.com/events/2254497371383045" target="_blank" rel="noopener"><img loading="lazy" class="aligncenter wp-image-139974 size-full" src="https://www.visitbratislava.com/wp-content/uploads/2022/06/Rozpravkova-Modra-Logo.jpg" alt="" width="1000" height="1000" srcset="https://www.visitbratislava.com/wp-content/uploads/2022/06/Rozpravkova-Modra-Logo.jpg 1000w, https://www.visitbratislava.com/wp-content/uploads/2022/06/Rozpravkova-Modra-Logo-400x400.jpg 400w, https://www.visitbratislava.com/wp-content/uploads/2022/06/Rozpravkova-Modra-Logo-800x800.jpg 800w, https://www.visitbratislava.com/wp-content/uploads/2022/06/Rozpravkova-Modra-Logo-150x150.jpg 150w, https://www.visitbratislava.com/wp-content/uploads/2022/06/Rozpravkova-Modra-Logo-768x768.jpg 768w, https://www.visitbratislava.com/wp-content/uploads/2022/06/Rozpravkova-Modra-Logo-200x200.jpg 200w, https://www.visitbratislava.com/wp-content/uploads/2022/06/Rozpravkova-Modra-Logo-184x184.jpg 184w, https://www.visitbratislava.com/wp-content/uploads/2022/06/Rozpravkova-Modra-Logo-384x384.jpg 384w, https://www.visitbratislava.com/wp-content/uploads/2022/06/Rozpravkova-Modra-Logo-784x784.jpg 784w" sizes="(max-width: 1000px) 100vw, 1000px" /></a></p>

<p>Čarovné mestečko bude posledný júnový víkend ešte kúzelnejšie, ba priam rozprávkové</p>
