{"id":140449,"date":"2022-06-08T14:42:32","date_gmt":"2022-06-08T12:42:32","guid":{"rendered":"https:\/\/www.visitbratislava.com\/?post_type=event&#038;p=140449"},"modified":"2023-01-03T10:42:54","modified_gmt":"2023-01-03T09:42:54","slug":"zeny-pribehy-zien-ktore-ovplyvnili-svet","status":"publish","type":"event","link":"https:\/\/www.visitbratislava.com\/sk\/podujatia\/zeny-pribehy-zien-ktore-ovplyvnili-svet\/","title":{"rendered":"\u017deny \u2013 pr\u00edbehy \u017eien, ktor\u00e9 ovplyvnili svet"},"content":{"rendered":"<p>\u017dili tu, narodili sa tu, alebo tu maj\u00fa svoje korene &#8211; a najm\u00e4 ovplyvnili svet. Fotografka, ktor\u00e1 ovplyvnila v\u00fdvoj svetovej fotografie, revolucion\u00e1rka na poli sexu\u00e1lneho v\u00fdskumu a poradenstva, jedna zo zakladaj\u00facich osobnost\u00ed psychoanal\u00fdzy a anal\u00fdzy psychol\u00f3gie det\u00ed, svetov\u00e1 kapacita v oblasti robotiky, zakladate\u013eka \u017eidovsk\u00e9ho feministick\u00e9ho hnutia v Nemecku \u010di hollywoodska here\u010dka. Pr\u00edbehy t\u00fdchto a \u010fal\u0161\u00edch \u017eien prezentuje nov\u00e1 v\u00fdstava M\u00fazea \u017eidovskej kult\u00fary.<\/p>\n<div class=\"grid-container\"><div class=\"grid-container__item\"><div class=\"block\"><a href=\"https:\/\/www.visitbratislava.com\/wp-content\/uploads\/2022\/06\/284579324_1409777222800644_7815713159970232157_n-800x600.jpg\" data-fancybox=\"gallery\" data-caption=\"\"><div class=\"background\"><img src=\"https:\/\/www.visitbratislava.com\/wp-content\/uploads\/2022\/06\/284579324_1409777222800644_7815713159970232157_n-800x600.jpg\" alt=\"foto\"\/><\/div><div class=\"overlay filter-blue\"><div class=\"content\"><span class=\"zoom-button\"><\/span><\/div><\/div><\/a><\/div><\/div><div class=\"grid-container__item\"><div class=\"block\"><a href=\"https:\/\/www.visitbratislava.com\/wp-content\/uploads\/2022\/06\/285816214_416859207115306_5748912571893096814_n-800x600.jpg\" data-fancybox=\"gallery\" data-caption=\"\"><div class=\"background\" style=\"background-image: url(https:\/\/www.visitbratislava.com\/wp-content\/uploads\/2022\/06\/285816214_416859207115306_5748912571893096814_n-800x600.jpg)\"><\/div><div class=\"overlay filter-green\"><div class=\"content\"><span class=\"zoom-button\"><\/span><\/div><\/div><\/a><\/div><\/div><div class=\"grid-container__item more\"><\/div><\/div>\n<p>Slovensk\u00e9 n\u00e1rodn\u00e9 m\u00fazeum \u2013 M\u00fazeum \u017eidovskej kult\u00fary s podporou Ministerstva zahrani\u010dn\u00fdch vec\u00ed a eur\u00f3pskych z\u00e1le\u017eitost\u00ed Slovenskej republiky pripravilo v priestoroch Zsigrayovej k\u00farie na \u017didovskej \u010fal\u0161iu zo svojich monotematick\u00fdch v\u00fdstav. Tentoraz sa venuje pr\u00edbehom t\u00fdch \u017eien, ktor\u00e9 ovplyvnili svet.<\/p>\n<div class=\"grid-container\"><div class=\"grid-container__item\"><div class=\"block\"><a href=\"https:\/\/www.visitbratislava.com\/wp-content\/uploads\/2022\/06\/285614454_5089003024528923_2753264111007980071_n-800x600.jpg\" data-fancybox=\"gallery\" data-caption=\"\"><div class=\"background\"><img src=\"https:\/\/www.visitbratislava.com\/wp-content\/uploads\/2022\/06\/285614454_5089003024528923_2753264111007980071_n-800x600.jpg\" alt=\"foto\"\/><\/div><div class=\"overlay filter-blue\"><div class=\"content\"><span class=\"zoom-button\"><\/span><\/div><\/div><\/a><\/div><\/div><div class=\"grid-container__item\"><div class=\"block\"><a href=\"https:\/\/www.visitbratislava.com\/wp-content\/uploads\/2022\/06\/286319971_1129103710978252_4057988537924398774_n-800x600.jpg\" data-fancybox=\"gallery\" data-caption=\"\"><div class=\"background\" style=\"background-image: url(https:\/\/www.visitbratislava.com\/wp-content\/uploads\/2022\/06\/286319971_1129103710978252_4057988537924398774_n-800x600.jpg)\"><\/div><div class=\"overlay filter-green\"><div class=\"content\"><span class=\"zoom-button\"><\/span><\/div><\/div><\/a><\/div><\/div><div class=\"grid-container__item more\"><\/div><\/div>\n<p>V\u00fdstavn\u00fd projekt m\u00fazea chce predstavi\u0165 in\u0161pirat\u00edvne \u017eensk\u00e9 osobnosti \u017eidovsk\u00e9ho p\u00f4vodu, ktor\u00e9 maj\u00fa s\u00favislos\u0165 so Slovenskom \u2013 narodili sa tu, \u017eili tu alebo maj\u00fa slovensk\u00fd p\u00f4vod \u2013 a ich p\u00f4sobenie malo medzin\u00e1rodn\u00fd dosah. \u0160lo o skuto\u010dne n\u00e1ro\u010dn\u00fd v\u00fdber, pri ktorom sa kur\u00e1tor v\u00fdstavy Michal Budaj zameral na osobnosti z r\u00f4znych oblast\u00ed vedy, umenia \u010di podnikania. Tento \u201ezoznam\u201c \u017eien nie je ani z\u010faleka \u00fapln\u00fd, no jeho snahou bolo vybra\u0165 pr\u00edbehy, ktor\u00e9 oslovia a zaujm\u00fa \u010do najviac n\u00e1v\u0161tevn\u00edkov.<\/p>\n<p><img loading=\"lazy\" width=\"2560\" height=\"1920\" class=\"alignleft size-full wp-image-140480\" src=\"https:\/\/www.visitbratislava.com\/wp-content\/uploads\/2022\/06\/P1050391-scaled.jpg\" alt=\"\" srcset=\"https:\/\/www.visitbratislava.com\/wp-content\/uploads\/2022\/06\/P1050391-scaled.jpg 2560w, https:\/\/www.visitbratislava.com\/wp-content\/uploads\/2022\/06\/P1050391-400x300.jpg 400w, https:\/\/www.visitbratislava.com\/wp-content\/uploads\/2022\/06\/P1050391-800x600.jpg 800w, https:\/\/www.visitbratislava.com\/wp-content\/uploads\/2022\/06\/P1050391-768x576.jpg 768w, https:\/\/www.visitbratislava.com\/wp-content\/uploads\/2022\/06\/P1050391-1536x1152.jpg 1536w, https:\/\/www.visitbratislava.com\/wp-content\/uploads\/2022\/06\/P1050391-2048x1536.jpg 2048w, https:\/\/www.visitbratislava.com\/wp-content\/uploads\/2022\/06\/P1050391-200x150.jpg 200w, https:\/\/www.visitbratislava.com\/wp-content\/uploads\/2022\/06\/P1050391-600x450.jpg 600w\" sizes=\"(max-width: 2560px) 100vw, 2560px\" \/><\/p>\n<div class=\"grid-container\"><div class=\"grid-container__item\"><div class=\"block\"><a href=\"https:\/\/www.visitbratislava.com\/wp-content\/uploads\/2022\/06\/P1050371-800x600.jpg\" data-fancybox=\"gallery\" data-caption=\"\"><div class=\"background\"><img src=\"https:\/\/www.visitbratislava.com\/wp-content\/uploads\/2022\/06\/P1050371-800x600.jpg\" alt=\"foto\"\/><\/div><div class=\"overlay filter-blue\"><div class=\"content\"><span class=\"zoom-button\"><\/span><\/div><\/div><\/a><\/div><\/div><div class=\"grid-container__item\"><div class=\"block\"><a href=\"https:\/\/www.visitbratislava.com\/wp-content\/uploads\/2022\/06\/P1050376-800x600.jpg\" data-fancybox=\"gallery\" data-caption=\"\"><div class=\"background\" style=\"background-image: url(https:\/\/www.visitbratislava.com\/wp-content\/uploads\/2022\/06\/P1050376-800x600.jpg)\"><\/div><div class=\"overlay filter-green\"><div class=\"content\"><span class=\"zoom-button\"><\/span><\/div><\/div><\/a><\/div><\/div><div class=\"grid-container__item more\"><\/div><\/div>\n","protected":false},"excerpt":{"rendered":"<p>Spoznajte pr\u00edbehy in\u0161pirat\u00edvnych \u017eien \u017eidovsk\u00e9ho p\u00f4vodu, ktor\u00e9 s\u00fa sp\u00e4t\u00e9 s \u00fazem\u00edm dne\u0161n\u00e9ho Slovenska<\/p>\n","protected":false},"featured_media":140450,"template":"","acf":[],"event_date":{"start_date":1653523200,"end_date":1703980800},"_links":{"self":[{"href":"https:\/\/www.visitbratislava.com\/sk\/wp-json\/wp\/v2\/event\/140449"}],"collection":[{"href":"https:\/\/www.visitbratislava.com\/sk\/wp-json\/wp\/v2\/event"}],"about":[{"href":"https:\/\/www.visitbratislava.com\/sk\/wp-json\/wp\/v2\/types\/event"}],"version-history":[{"count":4,"href":"https:\/\/www.visitbratislava.com\/sk\/wp-json\/wp\/v2\/event\/140449\/revisions"}],"predecessor-version":[{"id":214396,"href":"https:\/\/www.visitbratislava.com\/sk\/wp-json\/wp\/v2\/event\/140449\/revisions\/214396"}],"wp:featuredmedia":[{"embeddable":true,"href":"https:\/\/www.visitbratislava.com\/sk\/wp-json\/wp\/v2\/media\/140450"}],"wp:attachment":[{"href":"https:\/\/www.visitbratislava.com\/sk\/wp-json\/wp\/v2\/media?parent=140449"}],"curies":[{"name":"wp","href":"https:\/\/api.w.org\/{rel}","templated":true}]}}

Ženy – príbehy žien, ktoré ovplyvnili svet

<p>Žili tu, narodili sa tu, alebo tu majú svoje korene &#8211; a najmä ovplyvnili svet. Fotografka, ktorá ovplyvnila vývoj svetovej fotografie, revolucionárka na poli sexuálneho výskumu a poradenstva, jedna zo zakladajúcich osobností psychoanalýzy a analýzy psychológie detí, svetová kapacita v oblasti robotiky, zakladateľka židovského feministického hnutia v Nemecku či hollywoodska herečka. Príbehy týchto a ďalších žien prezentuje nová výstava Múzea židovskej kultúry.</p>
<div class="grid-container"><div class="grid-container__item"><div class="block"><a href="https://www.visitbratislava.com/wp-content/uploads/2022/06/284579324_1409777222800644_7815713159970232157_n-800x600.jpg" data-fancybox="gallery" data-caption=""><div class="background"><img src="https://www.visitbratislava.com/wp-content/uploads/2022/06/284579324_1409777222800644_7815713159970232157_n-800x600.jpg" alt="foto"/></div><div class="overlay filter-blue"><div class="content"><span class="zoom-button"></span></div></div></a></div></div><div class="grid-container__item"><div class="block"><a href="https://www.visitbratislava.com/wp-content/uploads/2022/06/285816214_416859207115306_5748912571893096814_n-800x600.jpg" data-fancybox="gallery" data-caption=""><div class="background" style="background-image: url(https://www.visitbratislava.com/wp-content/uploads/2022/06/285816214_416859207115306_5748912571893096814_n-800x600.jpg)"></div><div class="overlay filter-green"><div class="content"><span class="zoom-button"></span></div></div></a></div></div><div class="grid-container__item more"></div></div>
<p>Slovenské národné múzeum – Múzeum židovskej kultúry s podporou Ministerstva zahraničných vecí a európskych záležitostí Slovenskej republiky pripravilo v priestoroch Zsigrayovej kúrie na Židovskej ďalšiu zo svojich monotematických výstav. Tentoraz sa venuje príbehom tých žien, ktoré ovplyvnili svet.</p>
<div class="grid-container"><div class="grid-container__item"><div class="block"><a href="https://www.visitbratislava.com/wp-content/uploads/2022/06/285614454_5089003024528923_2753264111007980071_n-800x600.jpg" data-fancybox="gallery" data-caption=""><div class="background"><img src="https://www.visitbratislava.com/wp-content/uploads/2022/06/285614454_5089003024528923_2753264111007980071_n-800x600.jpg" alt="foto"/></div><div class="overlay filter-blue"><div class="content"><span class="zoom-button"></span></div></div></a></div></div><div class="grid-container__item"><div class="block"><a href="https://www.visitbratislava.com/wp-content/uploads/2022/06/286319971_1129103710978252_4057988537924398774_n-800x600.jpg" data-fancybox="gallery" data-caption=""><div class="background" style="background-image: url(https://www.visitbratislava.com/wp-content/uploads/2022/06/286319971_1129103710978252_4057988537924398774_n-800x600.jpg)"></div><div class="overlay filter-green"><div class="content"><span class="zoom-button"></span></div></div></a></div></div><div class="grid-container__item more"></div></div>
<p>Výstavný projekt múzea chce predstaviť inšpiratívne ženské osobnosti židovského pôvodu, ktoré majú súvislosť so Slovenskom – narodili sa tu, žili tu alebo majú slovenský pôvod – a ich pôsobenie malo medzinárodný dosah. Šlo o skutočne náročný výber, pri ktorom sa kurátor výstavy Michal Budaj zameral na osobnosti z rôznych oblastí vedy, umenia či podnikania. Tento „zoznam“ žien nie je ani zďaleka úplný, no jeho snahou bolo vybrať príbehy, ktoré oslovia a zaujmú čo najviac návštevníkov.</p>
<p><img loading="lazy" width="2560" height="1920" class="alignleft size-full wp-image-140480" src="https://www.visitbratislava.com/wp-content/uploads/2022/06/P1050391-scaled.jpg" alt="" srcset="https://www.visitbratislava.com/wp-content/uploads/2022/06/P1050391-scaled.jpg 2560w, https://www.visitbratislava.com/wp-content/uploads/2022/06/P1050391-400x300.jpg 400w, https://www.visitbratislava.com/wp-content/uploads/2022/06/P1050391-800x600.jpg 800w, https://www.visitbratislava.com/wp-content/uploads/2022/06/P1050391-768x576.jpg 768w, https://www.visitbratislava.com/wp-content/uploads/2022/06/P1050391-1536x1152.jpg 1536w, https://www.visitbratislava.com/wp-content/uploads/2022/06/P1050391-2048x1536.jpg 2048w, https://www.visitbratislava.com/wp-content/uploads/2022/06/P1050391-200x150.jpg 200w, https://www.visitbratislava.com/wp-content/uploads/2022/06/P1050391-600x450.jpg 600w" sizes="(max-width: 2560px) 100vw, 2560px" /></p>
<div class="grid-container"><div class="grid-container__item"><div class="block"><a href="https://www.visitbratislava.com/wp-content/uploads/2022/06/P1050371-800x600.jpg" data-fancybox="gallery" data-caption=""><div class="background"><img src="https://www.visitbratislava.com/wp-content/uploads/2022/06/P1050371-800x600.jpg" alt="foto"/></div><div class="overlay filter-blue"><div class="content"><span class="zoom-button"></span></div></div></a></div></div><div class="grid-container__item"><div class="block"><a href="https://www.visitbratislava.com/wp-content/uploads/2022/06/P1050376-800x600.jpg" data-fancybox="gallery" data-caption=""><div class="background" style="background-image: url(https://www.visitbratislava.com/wp-content/uploads/2022/06/P1050376-800x600.jpg)"></div><div class="overlay filter-green"><div class="content"><span class="zoom-button"></span></div></div></a></div></div><div class="grid-container__item more"></div></div>

<p>Spoznajte príbehy inšpiratívnych žien židovského pôvodu, ktoré sú späté s územím dnešného Slovenska</p>
