{"id":1628,"date":"2015-03-15T20:10:17","date_gmt":"2015-03-15T19:10:17","guid":{"rendered":"http:\/\/visitbratislava.com\/?post_type=event&#038;p=1628"},"modified":"2023-12-12T14:11:12","modified_gmt":"2023-12-12T13:11:12","slug":"csob-bratislava-marathon","status":"publish","type":"event","link":"https:\/\/www.visitbratislava.com\/sk\/podujatia\/csob-bratislava-marathon\/","title":{"rendered":"\u010cSOB Bratislava Marathon"},"content":{"rendered":"<p>Bratislava bude op\u00e4\u0165 \u017ei\u0165 ve\u013ekou medzin\u00e1rodnou \u0161portovou udalos\u0165ou.\u00a0<a href=\"https:\/\/bratislavamarathon.sk\/\" target=\"_blank\" rel=\"noopener\"><strong>\u010cSOB Bratislava Marathon<\/strong><\/a> je jedn\u00fdm z najzn\u00e1mej\u0161\u00edch be\u017eeck\u00fdch podujat\u00ed na Slovensku. Organiz\u00e1tori na prv\u00fd apr\u00edlov\u00fd v\u00edkend pripravuj\u00fa jeho 19. ro\u010dn\u00edk, aby op\u00e4\u0165 nachystali pre be\u017ecov aj div\u00e1kov n\u00e1dhern\u00fd \u0161portov\u00fd z\u00e1\u017eitok.<\/p>\n<p>Pre v\u0161etk\u00fdch bratislavsk\u00fdch, mimobratislavsk\u00fdch, ako aj zahrani\u010dn\u00fdch be\u017ecov sa stal <strong>be\u017eeck\u00fdm symbolom jari<\/strong>. Filozofiou bratislavsk\u00e9ho marat\u00f3nu je \u00fa\u010das\u0165 v\u0161etk\u00fdch, ktor\u00fdm sa beh stal s\u00fa\u010das\u0165ou \u017eivota. Bez oh\u013eadu na to, \u010di s\u00fa to najmen\u0161\u00ed lez\u00fani, \u00fa\u010dastn\u00edci detsk\u00fdch behov, hrd\u00ed marat\u00f3nci, \u010di st\u00e1le akt\u00edvni seniori.<\/p>\n<p>V Bratislave sa m\u00e1 po dosiahnut\u00ed \u0161portov\u00e9ho v\u00fdkonu c\u00edti\u0165 ako v\u00ed\u0165az ka\u017ed\u00fd a z\u00e1kladn\u00fdm cie\u013eom organiz\u00e1torov je tak aj ku ka\u017ed\u00e9mu pristupova\u0165. Pr\u00ed\u010fte si vychutna\u0165 atmosf\u00e9ru najv\u00e4\u010d\u0161ieho a najob\u013e\u00fabenej\u0161ieho behu Bratislavy \u010di u\u017e ako be\u017eec, fan\u00fa\u0161ik behu alebo n\u00e1v\u0161tevn\u00edk Bratislavy.<\/p>\n<div class=\"grid-container\"><div class=\"grid-container__item\"><div class=\"block\"><a href=\"https:\/\/www.visitbratislava.com\/wp-content\/uploads\/2015\/03\/History-Run-001-800x534.jpg\" data-fancybox=\"gallery\" data-caption=\"\"><div class=\"background\"><img src=\"https:\/\/www.visitbratislava.com\/wp-content\/uploads\/2015\/03\/History-Run-001-800x534.jpg\" alt=\"foto\"\/><\/div><div class=\"overlay filter-blue\"><div class=\"content\"><span class=\"zoom-button\"><\/span><\/div><\/div><\/a><\/div><\/div><div class=\"grid-container__item\"><div class=\"block\"><a href=\"https:\/\/www.visitbratislava.com\/wp-content\/uploads\/2015\/03\/History-Run-002-800x533.jpg\" data-fancybox=\"gallery\" data-caption=\"\"><div class=\"background\" style=\"background-image: url(https:\/\/www.visitbratislava.com\/wp-content\/uploads\/2015\/03\/History-Run-002-800x533.jpg)\"><\/div><div class=\"overlay filter-green\"><div class=\"content\"><span class=\"zoom-button\"><\/span><\/div><\/div><\/a><\/div><\/div><div class=\"grid-container__item more\"><\/div><\/div>\n<p>Po\u010das marat\u00f3nskeho v\u00edkendu si m\u00f4\u017eete vybra\u0165 <a href=\"https:\/\/predpredaj.zoznam.sk\/sk\/registracie\/csob-bratislava-marathon-2024-bratislava\/\" target=\"_blank\" rel=\"noopener\">z desiatich discipl\u00edn<\/a> od najkrat\u0161\u00edch trat\u00ed pre deti a\u017e po kr\u00e1\u013eovsk\u00fa discipl\u00ednu, ktorou je marat\u00f3n. <strong>Pr\u00ed\u010fte si u\u017ei\u0165<\/strong> be\u017eeck\u00fd v\u00edkend do srdca Eur\u00f3py.<\/p>\n<p><em>V roku 2006 za\u010dal p\u00edsa\u0165 svoju hist\u00f3riu Bratislavsk\u00fd mestsk\u00fd marat\u00f3n, ktor\u00fd v roku 2008 zmenil svoj n\u00e1zov na \u010cSOB Bratislava marathon. Po\u010das svojho marat\u00f3nskeho \u017eivota sa stal neodl\u00fa\u010dite\u013enou s\u00fa\u010das\u0165ou hlavn\u00e9ho mesta a je \u010doraz vyh\u013ead\u00e1vanej\u0161\u00edm podujat\u00edm nielen slovensk\u00fdch be\u017ecov. Jeho \u00farove\u0148 z roka na rok rastie, \u010do sa prejavuje aj z\u00e1ujmom be\u017ecov z ve\u013ek\u00e9ho po\u010dtu kraj\u00edn o \u0161tart v Bratislave.<\/em><\/p>\n<div class=\"grid-container\"><div class=\"grid-container__item\"><div class=\"block\"><a href=\"https:\/\/www.visitbratislava.com\/wp-content\/uploads\/2022\/03\/20190407_075632_DSC_7378_1920x1280-800x533.jpg\" data-fancybox=\"gallery\" data-caption=\"\"><div class=\"background\"><img src=\"https:\/\/www.visitbratislava.com\/wp-content\/uploads\/2022\/03\/20190407_075632_DSC_7378_1920x1280-800x533.jpg\" alt=\"foto\"\/><\/div><div class=\"overlay filter-blue\"><div class=\"content\"><span class=\"zoom-button\"><\/span><\/div><\/div><\/a><\/div><\/div><div class=\"grid-container__item\"><div class=\"block\"><a href=\"https:\/\/www.visitbratislava.com\/wp-content\/uploads\/2022\/03\/viva_NutriliteVyber_0010_1920x1280-800x533.jpg\" data-fancybox=\"gallery\" data-caption=\"\"><div class=\"background\" style=\"background-image: url(https:\/\/www.visitbratislava.com\/wp-content\/uploads\/2022\/03\/viva_NutriliteVyber_0010_1920x1280-800x533.jpg)\"><\/div><div class=\"overlay filter-green\"><div class=\"content\"><span class=\"zoom-button\"><\/span><\/div><\/div><\/a><\/div><\/div><div class=\"grid-container__item\"><div class=\"block\" ><a href=\"https:\/\/www.visitbratislava.com\/wp-content\/uploads\/2022\/03\/20200208_112636_DSC_9199_1920x1280-800x533.jpg\" data-fancybox=\"gallery\" data-caption=\"\"><div class=\"background\" style=\"background-image: url(https:\/\/www.visitbratislava.com\/wp-content\/uploads\/2022\/03\/20200208_112636_DSC_9199_1920x1280-800x533.jpg)\"><\/div><div class=\"overlay filter-orange\"><div class=\"content\"><span class=\"zoom-button\"><\/span><\/div><\/div><\/a><\/div><\/div><div class=\"grid-container__item\"><div class=\"block\"><a href=\"https:\/\/www.visitbratislava.com\/wp-content\/uploads\/2022\/03\/3.ZS2017_Eurovea_1920x1280-800x533.jpg\" data-fancybox=\"gallery\" data-caption=\"\"><div class=\"background\" style=\"background-image: url(https:\/\/www.visitbratislava.com\/wp-content\/uploads\/2022\/03\/3.ZS2017_Eurovea_1920x1280-800x533.jpg)\"><\/div><div class=\"overlay filter-purple\"><div class=\"content\"><span class=\"zoom-button\"><\/span><\/div><\/div><\/a><\/div><\/div><div class=\"grid-container__item more\"><\/div><\/div>\n","protected":false},"excerpt":{"rendered":"<p>Pr\u00edle\u017eitos\u0165 za\u010da\u0165 jar pohybom! \u010cak\u00e1 v\u00e1s ve\u013ek\u00fd \u0161portov\u00fd festival, pre be\u017ecov v\u0161etk\u00fdch vekov\u00fdch aj v\u00fdkonnostn\u00fdch kateg\u00f3ri\u00ed s bohat\u00fdm sprievodn\u00fdm programom<\/p>\n","protected":false},"featured_media":131549,"template":"","acf":[],"event_date":{"start_date":1712448000,"end_date":1712448000},"_links":{"self":[{"href":"https:\/\/www.visitbratislava.com\/sk\/wp-json\/wp\/v2\/event\/1628"}],"collection":[{"href":"https:\/\/www.visitbratislava.com\/sk\/wp-json\/wp\/v2\/event"}],"about":[{"href":"https:\/\/www.visitbratislava.com\/sk\/wp-json\/wp\/v2\/types\/event"}],"version-history":[{"count":13,"href":"https:\/\/www.visitbratislava.com\/sk\/wp-json\/wp\/v2\/event\/1628\/revisions"}],"predecessor-version":[{"id":271337,"href":"https:\/\/www.visitbratislava.com\/sk\/wp-json\/wp\/v2\/event\/1628\/revisions\/271337"}],"wp:featuredmedia":[{"embeddable":true,"href":"https:\/\/www.visitbratislava.com\/sk\/wp-json\/wp\/v2\/media\/131549"}],"wp:attachment":[{"href":"https:\/\/www.visitbratislava.com\/sk\/wp-json\/wp\/v2\/media?parent=1628"}],"curies":[{"name":"wp","href":"https:\/\/api.w.org\/{rel}","templated":true}]}}

ČSOB Bratislava Marathon

<p>Bratislava bude opäť žiť veľkou medzinárodnou športovou udalosťou. <a href="https://bratislavamarathon.sk/" target="_blank" rel="noopener"><strong>ČSOB Bratislava Marathon</strong></a> je jedným z najznámejších bežeckých podujatí na Slovensku. Organizátori na prvý aprílový víkend pripravujú jeho 19. ročník, aby opäť nachystali pre bežcov aj divákov nádherný športový zážitok.</p>
<p>Pre všetkých bratislavských, mimobratislavských, ako aj zahraničných bežcov sa stal <strong>bežeckým symbolom jari</strong>. Filozofiou bratislavského maratónu je účasť všetkých, ktorým sa beh stal súčasťou života. Bez ohľadu na to, či sú to najmenší lezúni, účastníci detských behov, hrdí maratónci, či stále aktívni seniori.</p>
<p>V Bratislave sa má po dosiahnutí športového výkonu cítiť ako víťaz každý a základným cieľom organizátorov je tak aj ku každému pristupovať. Príďte si vychutnať atmosféru najväčšieho a najobľúbenejšieho behu Bratislavy či už ako bežec, fanúšik behu alebo návštevník Bratislavy.</p>
<div class="grid-container"><div class="grid-container__item"><div class="block"><a href="https://www.visitbratislava.com/wp-content/uploads/2015/03/History-Run-001-800x534.jpg" data-fancybox="gallery" data-caption=""><div class="background"><img src="https://www.visitbratislava.com/wp-content/uploads/2015/03/History-Run-001-800x534.jpg" alt="foto"/></div><div class="overlay filter-blue"><div class="content"><span class="zoom-button"></span></div></div></a></div></div><div class="grid-container__item"><div class="block"><a href="https://www.visitbratislava.com/wp-content/uploads/2015/03/History-Run-002-800x533.jpg" data-fancybox="gallery" data-caption=""><div class="background" style="background-image: url(https://www.visitbratislava.com/wp-content/uploads/2015/03/History-Run-002-800x533.jpg)"></div><div class="overlay filter-green"><div class="content"><span class="zoom-button"></span></div></div></a></div></div><div class="grid-container__item more"></div></div>
<p>Počas maratónskeho víkendu si môžete vybrať <a href="https://predpredaj.zoznam.sk/sk/registracie/csob-bratislava-marathon-2024-bratislava/" target="_blank" rel="noopener">z desiatich disciplín</a> od najkratších tratí pre deti až po kráľovskú disciplínu, ktorou je maratón. <strong>Príďte si užiť</strong> bežecký víkend do srdca Európy.</p>
<p><em>V roku 2006 začal písať svoju históriu Bratislavský mestský maratón, ktorý v roku 2008 zmenil svoj názov na ČSOB Bratislava marathon. Počas svojho maratónskeho života sa stal neodlúčiteľnou súčasťou hlavného mesta a je čoraz vyhľadávanejším podujatím nielen slovenských bežcov. Jeho úroveň z roka na rok rastie, čo sa prejavuje aj záujmom bežcov z veľkého počtu krajín o štart v Bratislave.</em></p>
<div class="grid-container"><div class="grid-container__item"><div class="block"><a href="https://www.visitbratislava.com/wp-content/uploads/2022/03/20190407_075632_DSC_7378_1920x1280-800x533.jpg" data-fancybox="gallery" data-caption=""><div class="background"><img src="https://www.visitbratislava.com/wp-content/uploads/2022/03/20190407_075632_DSC_7378_1920x1280-800x533.jpg" alt="foto"/></div><div class="overlay filter-blue"><div class="content"><span class="zoom-button"></span></div></div></a></div></div><div class="grid-container__item"><div class="block"><a href="https://www.visitbratislava.com/wp-content/uploads/2022/03/viva_NutriliteVyber_0010_1920x1280-800x533.jpg" data-fancybox="gallery" data-caption=""><div class="background" style="background-image: url(https://www.visitbratislava.com/wp-content/uploads/2022/03/viva_NutriliteVyber_0010_1920x1280-800x533.jpg)"></div><div class="overlay filter-green"><div class="content"><span class="zoom-button"></span></div></div></a></div></div><div class="grid-container__item"><div class="block" ><a href="https://www.visitbratislava.com/wp-content/uploads/2022/03/20200208_112636_DSC_9199_1920x1280-800x533.jpg" data-fancybox="gallery" data-caption=""><div class="background" style="background-image: url(https://www.visitbratislava.com/wp-content/uploads/2022/03/20200208_112636_DSC_9199_1920x1280-800x533.jpg)"></div><div class="overlay filter-orange"><div class="content"><span class="zoom-button"></span></div></div></a></div></div><div class="grid-container__item"><div class="block"><a href="https://www.visitbratislava.com/wp-content/uploads/2022/03/3.ZS2017_Eurovea_1920x1280-800x533.jpg" data-fancybox="gallery" data-caption=""><div class="background" style="background-image: url(https://www.visitbratislava.com/wp-content/uploads/2022/03/3.ZS2017_Eurovea_1920x1280-800x533.jpg)"></div><div class="overlay filter-purple"><div class="content"><span class="zoom-button"></span></div></div></a></div></div><div class="grid-container__item more"></div></div>

<p>Príležitosť začať jar pohybom! Čaká vás veľký športový festival, pre bežcov všetkých vekových aj výkonnostných kategórií s bohatým sprievodným programom</p>
