{"id":175396,"date":"2022-09-08T18:02:23","date_gmt":"2022-09-08T16:02:23","guid":{"rendered":"https:\/\/www.visitbratislava.com\/?post_type=event&#038;p=175396"},"modified":"2022-09-08T18:12:38","modified_gmt":"2022-09-08T16:12:38","slug":"keramicka-modra","status":"publish","type":"event","link":"https:\/\/www.visitbratislava.com\/sk\/podujatia\/keramicka-modra\/","title":{"rendered":"Keramick\u00e1 Modra"},"content":{"rendered":"<p>Okrem toho, \u017ee je Modra zn\u00e1ma vinohradn\u00edctvom a tie\u017e ako miesto p\u00f4sobenia a posledn\u00e9ho odpo\u010dinku \u013dudov\u00edta \u0160t\u00fara, k\u013e\u00fa\u010dovej osobnosti slovensk\u00e9ho n\u00e1rodn\u00e9ho obrodenia, p\u00fd\u0161i sa aj bohatou keramik\u00e1rskou trad\u00edciou. Z remeseln\u00e9ho uhla poh\u013eadu s\u00fa v\u00fdrobky modranskej majoliky povestn\u00e9 a stali sa ob\u013e\u00faben\u00fdm suven\u00edrom turistov.<\/p>\n<p>Vo <a href=\"https:\/\/www.visitbratislava.com\/sk\/podujatia\/vinovy-trh-v-modre\/\" target=\"_blank\" rel=\"noopener\"><strong>vinohradn\u00edckom meste\u010dku<\/strong><\/a> sa preto pravidelne kon\u00e1 Sl\u00e1vnos\u0165 hliny. Na raj keramiky sa tento rok Modra premen\u00ed po\u010das druh\u00e9ho septembrov\u00e9ho t\u00fd\u017ed\u0148a.<\/p>\n<div class=\"grid-container\"><div class=\"grid-container__item\"><div class=\"block\"><a href=\"https:\/\/www.visitbratislava.com\/wp-content\/uploads\/2022\/09\/Keramicka-Modra-003-800x534.jpg\" data-fancybox=\"gallery\" data-caption=\"\"><div class=\"background\"><img src=\"https:\/\/www.visitbratislava.com\/wp-content\/uploads\/2022\/09\/Keramicka-Modra-003-800x534.jpg\" alt=\"foto\"\/><\/div><div class=\"overlay filter-blue\"><div class=\"content\"><span class=\"zoom-button\"><\/span><\/div><\/div><\/a><\/div><\/div><div class=\"grid-container__item\"><div class=\"block\"><a href=\"https:\/\/www.visitbratislava.com\/wp-content\/uploads\/2022\/09\/Keramicka-Modra-004-800x533.jpg\" data-fancybox=\"gallery\" data-caption=\"\"><div class=\"background\" style=\"background-image: url(https:\/\/www.visitbratislava.com\/wp-content\/uploads\/2022\/09\/Keramicka-Modra-004-800x533.jpg)\"><\/div><div class=\"overlay filter-green\"><div class=\"content\"><span class=\"zoom-button\"><\/span><\/div><\/div><\/a><\/div><\/div><div class=\"grid-container__item more\"><\/div><\/div>\n<p>Po\u010das troch dn\u00ed na v\u00e1s \u010dak\u00e1 hrn\u010diarsky jarmok, uk\u00e1\u017eky remesla, to\u010denie na hrn\u010diarskom kruhu, dobr\u00e1 muzika, alegorick\u00fd sprievod, odborn\u00fd semin\u00e1r aj prehliadky priamo v keramick\u00fdch diel\u0148ach, \u010di v\u00fdstavy v m\u00faze\u00e1ch.<\/p>\n<p>Hrn\u010diarsky jarmok potrv\u00e1 od piatku a\u017e do nedele, u\u017e vo \u0161tvrtok v\u0161ak majstri keramik\u00e1ri nama\u013euj\u00fa majolikov\u00e9 dekory na S\u00faken\u00edcku ulicu. Bohat\u00fd program, uk\u00e1\u017eky remesla a otvoren\u00e9 dvere u modransk\u00fdch keramik\u00e1rov bud\u00fa na tejto ulici v piatok a v sobotu.<\/p>\n<p>S\u00fa\u010das\u0165ou programu bud\u00fa tvoriv\u00e9 keramick\u00e9 dielne, keramick\u00fd dvor, uk\u00e1\u017eky keramick\u00e9ho remesla, s\u00fa\u0165a\u017ee, pouli\u010dn\u00e9 divadielko a in\u00e9 z\u00e1bavn\u00e9 \u010dinnosti. Sl\u00e1vnos\u0165 hliny doplnia tie\u017e viacer\u00e9 v\u00fdstavy.<\/p>\n<div class=\"grid-container\"><div class=\"grid-container__item\"><div class=\"block\"><a href=\"https:\/\/www.visitbratislava.com\/wp-content\/uploads\/2022\/09\/Keramicka-Modra-005-800x533.jpg\" data-fancybox=\"gallery\" data-caption=\"\"><div class=\"background\"><img src=\"https:\/\/www.visitbratislava.com\/wp-content\/uploads\/2022\/09\/Keramicka-Modra-005-800x533.jpg\" alt=\"foto\"\/><\/div><div class=\"overlay filter-blue\"><div class=\"content\"><span class=\"zoom-button\"><\/span><\/div><\/div><\/a><\/div><\/div><div class=\"grid-container__item\"><div class=\"block\"><a href=\"https:\/\/www.visitbratislava.com\/wp-content\/uploads\/2022\/09\/Keramicka-Modra-006-800x533.jpg\" data-fancybox=\"gallery\" data-caption=\"\"><div class=\"background\" style=\"background-image: url(https:\/\/www.visitbratislava.com\/wp-content\/uploads\/2022\/09\/Keramicka-Modra-006-800x533.jpg)\"><\/div><div class=\"overlay filter-green\"><div class=\"content\"><span class=\"zoom-button\"><\/span><\/div><\/div><\/a><\/div><\/div><div class=\"grid-container__item more\"><\/div><\/div>\n<p>Trin\u00e1sty ro\u010dn\u00edk oslavy tradi\u010dn\u00e9ho keramick\u00e9ho remesla m\u00e1 t\u00e9mu \u201eKeramick\u00fd dekor in\u0161pirovan\u00fd porcel\u00e1nom\u201c. T\u00e9me sa bude venova\u0165 v piatok medzin\u00e1rodn\u00fd odborn\u00fd semin\u00e1r, ktor\u00fd popoludn\u00ed ukon\u010d\u00ed sl\u00e1vnostn\u00e9 otvorenie v\u00fdstavy diel z medzin\u00e1rodn\u00e9ho symp\u00f3zia umelcov v r\u00e1mci projektu \u201eDe\u0148 hliny \u2013 \u010caro hliny\u201c.<\/p>\n<p>Napl\u00e1nujte si po\u010das <a href=\"https:\/\/www.visitbratislava.com\/sk\/podujatia\/modranske-vinobranie\/\" target=\"_blank\" rel=\"noopener\"><strong>najv\u00e4\u010d\u0161ej oslavy pr\u00e1ce miestnych vinohradn\u00edkov<\/strong><\/a> v\u00fdlet do p\u00f4vabnej Modry a zozn\u00e1mte sa s miestnymi zvykmi, kult\u00farnymi trad\u00edciami, remeslami a \u010fal\u0161\u00edmi region\u00e1lnymi \u0161pecialitami.<\/p>\n<p>Festival na Facebooku otvor\u00edte po kliknut\u00ed na obr\u00e1zok:<\/p>\n<p><a href=\"https:\/\/www.facebook.com\/modrabeseda\" target=\"_blank\" rel=\"noopener\"><img loading=\"lazy\" class=\"alignleft wp-image-175427 size-full\" src=\"https:\/\/www.visitbratislava.com\/wp-content\/uploads\/2022\/09\/Keramicka-Modra-2022-Programme-scaled.jpg\" alt=\"\" width=\"1818\" height=\"2560\" srcset=\"https:\/\/www.visitbratislava.com\/wp-content\/uploads\/2022\/09\/Keramicka-Modra-2022-Programme-scaled.jpg 1818w, https:\/\/www.visitbratislava.com\/wp-content\/uploads\/2022\/09\/Keramicka-Modra-2022-Programme-284x400.jpg 284w, https:\/\/www.visitbratislava.com\/wp-content\/uploads\/2022\/09\/Keramicka-Modra-2022-Programme-568x800.jpg 568w, https:\/\/www.visitbratislava.com\/wp-content\/uploads\/2022\/09\/Keramicka-Modra-2022-Programme-768x1081.jpg 768w, https:\/\/www.visitbratislava.com\/wp-content\/uploads\/2022\/09\/Keramicka-Modra-2022-Programme-1091x1536.jpg 1091w, https:\/\/www.visitbratislava.com\/wp-content\/uploads\/2022\/09\/Keramicka-Modra-2022-Programme-1455x2048.jpg 1455w, https:\/\/www.visitbratislava.com\/wp-content\/uploads\/2022\/09\/Keramicka-Modra-2022-Programme-142x200.jpg 142w\" sizes=\"(max-width: 1818px) 100vw, 1818px\" \/><\/a><\/p>\n","protected":false},"excerpt":{"rendered":"<p>Po\u010das sl\u00e1vneho modransk\u00e9ho vinobrania sa bude oslavova\u0165 nielen \u00faroda z vinohradov, ale aj hlina<\/p>\n","protected":false},"featured_media":175397,"template":"","acf":[],"event_date":{"start_date":1662681600,"end_date":1662854400},"_links":{"self":[{"href":"https:\/\/www.visitbratislava.com\/sk\/wp-json\/wp\/v2\/event\/175396"}],"collection":[{"href":"https:\/\/www.visitbratislava.com\/sk\/wp-json\/wp\/v2\/event"}],"about":[{"href":"https:\/\/www.visitbratislava.com\/sk\/wp-json\/wp\/v2\/types\/event"}],"version-history":[{"count":5,"href":"https:\/\/www.visitbratislava.com\/sk\/wp-json\/wp\/v2\/event\/175396\/revisions"}],"predecessor-version":[{"id":175443,"href":"https:\/\/www.visitbratislava.com\/sk\/wp-json\/wp\/v2\/event\/175396\/revisions\/175443"}],"wp:featuredmedia":[{"embeddable":true,"href":"https:\/\/www.visitbratislava.com\/sk\/wp-json\/wp\/v2\/media\/175397"}],"wp:attachment":[{"href":"https:\/\/www.visitbratislava.com\/sk\/wp-json\/wp\/v2\/media?parent=175396"}],"curies":[{"name":"wp","href":"https:\/\/api.w.org\/{rel}","templated":true}]}}

Keramická Modra

<p>Okrem toho, že je Modra známa vinohradníctvom a tiež ako miesto pôsobenia a posledného odpočinku Ľudovíta Štúra, kľúčovej osobnosti slovenského národného obrodenia, pýši sa aj bohatou keramikárskou tradíciou. Z remeselného uhla pohľadu sú výrobky modranskej majoliky povestné a stali sa obľúbeným suvenírom turistov.</p>
<p>Vo <a href="https://www.visitbratislava.com/sk/podujatia/vinovy-trh-v-modre/" target="_blank" rel="noopener"><strong>vinohradníckom mestečku</strong></a> sa preto pravidelne koná Slávnosť hliny. Na raj keramiky sa tento rok Modra premení počas druhého septembrového týždňa.</p>
<div class="grid-container"><div class="grid-container__item"><div class="block"><a href="https://www.visitbratislava.com/wp-content/uploads/2022/09/Keramicka-Modra-003-800x534.jpg" data-fancybox="gallery" data-caption=""><div class="background"><img src="https://www.visitbratislava.com/wp-content/uploads/2022/09/Keramicka-Modra-003-800x534.jpg" alt="foto"/></div><div class="overlay filter-blue"><div class="content"><span class="zoom-button"></span></div></div></a></div></div><div class="grid-container__item"><div class="block"><a href="https://www.visitbratislava.com/wp-content/uploads/2022/09/Keramicka-Modra-004-800x533.jpg" data-fancybox="gallery" data-caption=""><div class="background" style="background-image: url(https://www.visitbratislava.com/wp-content/uploads/2022/09/Keramicka-Modra-004-800x533.jpg)"></div><div class="overlay filter-green"><div class="content"><span class="zoom-button"></span></div></div></a></div></div><div class="grid-container__item more"></div></div>
<p>Počas troch dní na vás čaká hrnčiarsky jarmok, ukážky remesla, točenie na hrnčiarskom kruhu, dobrá muzika, alegorický sprievod, odborný seminár aj prehliadky priamo v keramických dielňach, či výstavy v múzeách.</p>
<p>Hrnčiarsky jarmok potrvá od piatku až do nedele, už vo štvrtok však majstri keramikári namaľujú majolikové dekory na Súkenícku ulicu. Bohatý program, ukážky remesla a otvorené dvere u modranských keramikárov budú na tejto ulici v piatok a v sobotu.</p>
<p>Súčasťou programu budú tvorivé keramické dielne, keramický dvor, ukážky keramického remesla, súťaže, pouličné divadielko a iné zábavné činnosti. Slávnosť hliny doplnia tiež viaceré výstavy.</p>
<div class="grid-container"><div class="grid-container__item"><div class="block"><a href="https://www.visitbratislava.com/wp-content/uploads/2022/09/Keramicka-Modra-005-800x533.jpg" data-fancybox="gallery" data-caption=""><div class="background"><img src="https://www.visitbratislava.com/wp-content/uploads/2022/09/Keramicka-Modra-005-800x533.jpg" alt="foto"/></div><div class="overlay filter-blue"><div class="content"><span class="zoom-button"></span></div></div></a></div></div><div class="grid-container__item"><div class="block"><a href="https://www.visitbratislava.com/wp-content/uploads/2022/09/Keramicka-Modra-006-800x533.jpg" data-fancybox="gallery" data-caption=""><div class="background" style="background-image: url(https://www.visitbratislava.com/wp-content/uploads/2022/09/Keramicka-Modra-006-800x533.jpg)"></div><div class="overlay filter-green"><div class="content"><span class="zoom-button"></span></div></div></a></div></div><div class="grid-container__item more"></div></div>
<p>Trinásty ročník oslavy tradičného keramického remesla má tému „Keramický dekor inšpirovaný porcelánom“. Téme sa bude venovať v piatok medzinárodný odborný seminár, ktorý popoludní ukončí slávnostné otvorenie výstavy diel z medzinárodného sympózia umelcov v rámci projektu „Deň hliny – Čaro hliny“.</p>
<p>Naplánujte si počas <a href="https://www.visitbratislava.com/sk/podujatia/modranske-vinobranie/" target="_blank" rel="noopener"><strong>najväčšej oslavy práce miestnych vinohradníkov</strong></a> výlet do pôvabnej Modry a zoznámte sa s miestnymi zvykmi, kultúrnymi tradíciami, remeslami a ďalšími regionálnymi špecialitami.</p>
<p>Festival na Facebooku otvoríte po kliknutí na obrázok:</p>
<p><a href="https://www.facebook.com/modrabeseda" target="_blank" rel="noopener"><img loading="lazy" class="alignleft wp-image-175427 size-full" src="https://www.visitbratislava.com/wp-content/uploads/2022/09/Keramicka-Modra-2022-Programme-scaled.jpg" alt="" width="1818" height="2560" srcset="https://www.visitbratislava.com/wp-content/uploads/2022/09/Keramicka-Modra-2022-Programme-scaled.jpg 1818w, https://www.visitbratislava.com/wp-content/uploads/2022/09/Keramicka-Modra-2022-Programme-284x400.jpg 284w, https://www.visitbratislava.com/wp-content/uploads/2022/09/Keramicka-Modra-2022-Programme-568x800.jpg 568w, https://www.visitbratislava.com/wp-content/uploads/2022/09/Keramicka-Modra-2022-Programme-768x1081.jpg 768w, https://www.visitbratislava.com/wp-content/uploads/2022/09/Keramicka-Modra-2022-Programme-1091x1536.jpg 1091w, https://www.visitbratislava.com/wp-content/uploads/2022/09/Keramicka-Modra-2022-Programme-1455x2048.jpg 1455w, https://www.visitbratislava.com/wp-content/uploads/2022/09/Keramicka-Modra-2022-Programme-142x200.jpg 142w" sizes="(max-width: 1818px) 100vw, 1818px" /></a></p>

<p>Počas slávneho modranského vinobrania sa bude oslavovať nielen úroda z vinohradov, ale aj hlina</p>
