{"id":190083,"date":"2022-11-14T14:13:45","date_gmt":"2022-11-14T13:13:45","guid":{"rendered":"https:\/\/www.visitbratislava.com\/?post_type=event&#038;p=190083"},"modified":"2022-11-15T13:37:09","modified_gmt":"2022-11-15T12:37:09","slug":"svatokatarinska-ochutnavka-mladych-vin","status":"publish","type":"event","link":"https:\/\/www.visitbratislava.com\/sk\/podujatia\/svatokatarinska-ochutnavka-mladych-vin\/","title":{"rendered":"Sv\u00e4tokatar\u00ednska ochutn\u00e1vka mlad\u00fdch v\u00edn"},"content":{"rendered":"<p>Akciu, kam maj\u00fa v\u0161etky Katky, Katu\u0161ky a Katar\u00ednky vstup zadarmo, si nenechajte ujs\u0165 v piatok 25. novembra. Predch\u00e1dzaj\u00faci, jubilejn\u00fd XX. ro\u010dn\u00edk sa toti\u017e konal e\u0161te v roku 2019.<\/p>\n<p>S trad\u00edciou degust\u00e1cie mlad\u00fdch v\u00edn pri\u0161iel ako prv\u00fd na Slovensku spolok vinohradn\u00edkov a vin\u00e1rov Vinc\u00far v Modre. Zalo\u017eil tak trad\u00edciu degust\u00e1ci\u00ed mlad\u00fdch v\u00edn pred ich ofici\u00e1lnym uveden\u00edm na trh, kde si v priate\u013eskej atmosf\u00e9re svoje mlad\u00e9 v\u00ednka vz\u00e1jomne pochv\u00e1lia a ohodnotia profesion\u00e1lni aj amat\u00e9rski vin\u00e1ri z Modry a \u0161irok\u00e9ho okolia. Ve\u010f hist\u00f3ria pestovania hrozna a v\u00fdroby v\u00edna na \u00fazem\u00ed slobodn\u00e9ho kr\u00e1\u013eovsk\u00e9ho mesta Modra siaha \u010faleko do hist\u00f3rie.<\/p>\n<div class=\"grid-container\"><div class=\"grid-container__item\"><div class=\"block\"><a href=\"https:\/\/www.visitbratislava.com\/wp-content\/uploads\/2022\/11\/Modra-035-800x600.jpg\" data-fancybox=\"gallery\" data-caption=\"\"><div class=\"background\"><img src=\"https:\/\/www.visitbratislava.com\/wp-content\/uploads\/2022\/11\/Modra-035-800x600.jpg\" alt=\"foto\"\/><\/div><div class=\"overlay filter-blue\"><div class=\"content\"><span class=\"zoom-button\"><\/span><\/div><\/div><\/a><\/div><\/div><div class=\"grid-container__item\"><div class=\"block\"><a href=\"https:\/\/www.visitbratislava.com\/wp-content\/uploads\/2022\/11\/Modra-057-800x534.jpg\" data-fancybox=\"gallery\" data-caption=\"\"><div class=\"background\" style=\"background-image: url(https:\/\/www.visitbratislava.com\/wp-content\/uploads\/2022\/11\/Modra-057-800x534.jpg)\"><\/div><div class=\"overlay filter-green\"><div class=\"content\"><span class=\"zoom-button\"><\/span><\/div><\/div><\/a><\/div><\/div><div class=\"grid-container__item more\"><\/div><\/div>\n<p>Ide z\u00e1rove\u0148 o zhodnotenie uplynul\u00e9ho vinohradn\u00edckeho roka a po\u017eehnanie modransk\u00fdch mlad\u00fdch v\u00edn. Potom u\u017e nasleduje ob\u013e\u00faben\u00e1 priate\u013esk\u00e1 susedsk\u00e1 degust\u00e1cia prinesen\u00fdch vzoriek.<\/p>\n<p>V\u0161etko za\u010dne uv\u00edtan\u00edm host\u00ed a pr\u00edtomn\u00fdch. Po predsedovi spolku Vinc\u00far Vincentovi Jakubcovi dostane slovo Vladim\u00edr Sodoma, ktor\u00fd zhodnot\u00ed vinohradn\u00edcky rok 2022. O piatej podve\u010der evanjelick\u00e1 far\u00e1rka Eva Osl\u00edkov\u00e1 a r\u00edmskokatol\u00edcky k\u0148az Jozef Mi\u0161\u00edk po\u017eehnaj\u00fa mlad\u00e9 v\u00edna, aby sa priate\u013esk\u00e1 susedsk\u00e1 degust\u00e1cia prinesen\u00fdch vzoriek v\u00edn mohla rozbehn\u00fa\u0165 naplno.<\/p>\n<div class=\"grid-container\"><div class=\"grid-container__item\"><div class=\"block\"><a href=\"https:\/\/www.visitbratislava.com\/wp-content\/uploads\/2022\/11\/Modra-061-800x534.jpg\" data-fancybox=\"gallery\" data-caption=\"\"><div class=\"background\"><img src=\"https:\/\/www.visitbratislava.com\/wp-content\/uploads\/2022\/11\/Modra-061-800x534.jpg\" alt=\"foto\"\/><\/div><div class=\"overlay filter-blue\"><div class=\"content\"><span class=\"zoom-button\"><\/span><\/div><\/div><\/a><\/div><\/div><div class=\"grid-container__item\"><div class=\"block\"><a href=\"https:\/\/www.visitbratislava.com\/wp-content\/uploads\/2022\/11\/Modra-062-800x534.jpg\" data-fancybox=\"gallery\" data-caption=\"\"><div class=\"background\" style=\"background-image: url(https:\/\/www.visitbratislava.com\/wp-content\/uploads\/2022\/11\/Modra-062-800x534.jpg)\"><\/div><div class=\"overlay filter-green\"><div class=\"content\"><span class=\"zoom-button\"><\/span><\/div><\/div><\/a><\/div><\/div><div class=\"grid-container__item more\"><\/div><\/div>\n<p>A pre\u010do Sv\u00e4tokatar\u00ednske mlad\u00e9 v\u00ednka? Najm\u00e4 z d\u00f4vodu, \u017ee koncom novembra je u\u017e mo\u017en\u00e9 predegustova\u0165 prv\u00e9 slovensk\u00e9 mlad\u00e9 biele a ru\u017eov\u00e9 v\u00ednka, ktor\u00e9 s\u00fa u\u017e stiahnut\u00e9 z kvasn\u00edc a odkalen\u00e9, a to tak, \u017ee si vyzn\u00e1va\u010di tohto lahodn\u00e9ho moku bud\u00fa v Modre m\u00f4c\u0165 vychutna\u0165 ich podmaniv\u00fa ar\u00f3mu a svie\u017ee kyselinky typick\u00e9 pre malokarpatsk\u00e9 odrody, ktor\u00fdch zber prebehol v mesiacoch september a okt\u00f3ber.<\/p>\n<p>Ozna\u010dova\u0165 v\u00edno slovami \u201emlad\u00e9 v\u00edno\u201c mo\u017eno len v\u00edno s chr\u00e1nen\u00fdm ozna\u010den\u00edm p\u00f4vodu, ak je naplnen\u00e9 do spotrebite\u013esk\u00e9ho balenia najnesk\u00f4r do konca kalend\u00e1rneho roku, v ktorom sa vykonal zber hrozna pou\u017eit\u00e9ho na v\u00fdrobu tohto v\u00edna. Tak\u00e9 v\u00edno mo\u017eno za\u010da\u0165 uv\u00e1dza\u0165 na trh najsk\u00f4r v prv\u00fd novembrov\u00fd pondelok roku zberu hrozna. Sv\u00e4tokatar\u00ednske v\u00edno je mlad\u00e9 v\u00edno, pri ktorom medzi zberom a pr\u00edchodom na trh prejde iba p\u00e1r t\u00fd\u017ed\u0148ov. M\u00e1 \u013eahk\u00fa farbu a do 12 percent alkoholu.<\/p>\n<div class=\"grid-container\"><div class=\"grid-container__item\"><div class=\"block\"><a href=\"https:\/\/www.visitbratislava.com\/wp-content\/uploads\/2022\/11\/Modra-059-800x534.jpg\" data-fancybox=\"gallery\" data-caption=\"\"><div class=\"background\"><img src=\"https:\/\/www.visitbratislava.com\/wp-content\/uploads\/2022\/11\/Modra-059-800x534.jpg\" alt=\"foto\"\/><\/div><div class=\"overlay filter-blue\"><div class=\"content\"><span class=\"zoom-button\"><\/span><\/div><\/div><\/a><\/div><\/div><div class=\"grid-container__item\"><div class=\"block\"><a href=\"https:\/\/www.visitbratislava.com\/wp-content\/uploads\/2022\/11\/Modra-058-800x534.jpg\" data-fancybox=\"gallery\" data-caption=\"\"><div class=\"background\" style=\"background-image: url(https:\/\/www.visitbratislava.com\/wp-content\/uploads\/2022\/11\/Modra-058-800x534.jpg)\"><\/div><div class=\"overlay filter-green\"><div class=\"content\"><span class=\"zoom-button\"><\/span><\/div><\/div><\/a><\/div><\/div><div class=\"grid-container__item more\"><\/div><\/div>\n<p>In\u0161pirujte sa v malebnom vinohradn\u00edckom meste\u010dku, ktor\u00e9 svojou trad\u00edciou \u017eije aj dnes. Pr\u00ed\u010fte ochutna\u0165 v\u0161etko nov\u00e9, \u010do v Modre a okol\u00ed dorobili.<\/p>\n<p>Podujatie na Facebooku otvor\u00edte po kliknut\u00ed na obr\u00e1zok:<\/p>\n<p><a href=\"https:\/\/www.facebook.com\/events\/3418334601718728\" target=\"_blank\" rel=\"noopener\"><img loading=\"lazy\" class=\"alignleft wp-image-190084 size-full\" src=\"https:\/\/www.visitbratislava.com\/wp-content\/uploads\/2022\/11\/Svatokatarinska-ochutnavka-mladych-vin-2022-Banner.jpg\" alt=\"\" width=\"1000\" height=\"380\" srcset=\"https:\/\/www.visitbratislava.com\/wp-content\/uploads\/2022\/11\/Svatokatarinska-ochutnavka-mladych-vin-2022-Banner.jpg 1000w, https:\/\/www.visitbratislava.com\/wp-content\/uploads\/2022\/11\/Svatokatarinska-ochutnavka-mladych-vin-2022-Banner-400x152.jpg 400w, https:\/\/www.visitbratislava.com\/wp-content\/uploads\/2022\/11\/Svatokatarinska-ochutnavka-mladych-vin-2022-Banner-800x304.jpg 800w, https:\/\/www.visitbratislava.com\/wp-content\/uploads\/2022\/11\/Svatokatarinska-ochutnavka-mladych-vin-2022-Banner-768x292.jpg 768w, https:\/\/www.visitbratislava.com\/wp-content\/uploads\/2022\/11\/Svatokatarinska-ochutnavka-mladych-vin-2022-Banner-200x76.jpg 200w\" sizes=\"(max-width: 1000px) 100vw, 1000px\" \/><\/a><\/p>\n","protected":false},"excerpt":{"rendered":"<p>U\u017e XXI. ro\u010dn\u00edk tradi\u010dnej priate\u013eskej ko\u0161tovky chystaj\u00fa majstri svojho remesla v Modre<\/p>\n","protected":false},"featured_media":189263,"template":"","acf":[],"event_date":{"start_date":1669334400,"end_date":1669334400},"_links":{"self":[{"href":"https:\/\/www.visitbratislava.com\/sk\/wp-json\/wp\/v2\/event\/190083"}],"collection":[{"href":"https:\/\/www.visitbratislava.com\/sk\/wp-json\/wp\/v2\/event"}],"about":[{"href":"https:\/\/www.visitbratislava.com\/sk\/wp-json\/wp\/v2\/types\/event"}],"version-history":[{"count":5,"href":"https:\/\/www.visitbratislava.com\/sk\/wp-json\/wp\/v2\/event\/190083\/revisions"}],"predecessor-version":[{"id":191353,"href":"https:\/\/www.visitbratislava.com\/sk\/wp-json\/wp\/v2\/event\/190083\/revisions\/191353"}],"wp:featuredmedia":[{"embeddable":true,"href":"https:\/\/www.visitbratislava.com\/sk\/wp-json\/wp\/v2\/media\/189263"}],"wp:attachment":[{"href":"https:\/\/www.visitbratislava.com\/sk\/wp-json\/wp\/v2\/media?parent=190083"}],"curies":[{"name":"wp","href":"https:\/\/api.w.org\/{rel}","templated":true}]}}

Svätokatarínska ochutnávka mladých vín

<p>Akciu, kam majú všetky Katky, Katušky a Katarínky vstup zadarmo, si nenechajte ujsť v piatok 25. novembra. Predchádzajúci, jubilejný XX. ročník sa totiž konal ešte v roku 2019.</p>
<p>S tradíciou degustácie mladých vín prišiel ako prvý na Slovensku spolok vinohradníkov a vinárov Vincúr v Modre. Založil tak tradíciu degustácií mladých vín pred ich oficiálnym uvedením na trh, kde si v priateľskej atmosfére svoje mladé vínka vzájomne pochvália a ohodnotia profesionálni aj amatérski vinári z Modry a širokého okolia. Veď história pestovania hrozna a výroby vína na území slobodného kráľovského mesta Modra siaha ďaleko do histórie.</p>
<div class="grid-container"><div class="grid-container__item"><div class="block"><a href="https://www.visitbratislava.com/wp-content/uploads/2022/11/Modra-035-800x600.jpg" data-fancybox="gallery" data-caption=""><div class="background"><img src="https://www.visitbratislava.com/wp-content/uploads/2022/11/Modra-035-800x600.jpg" alt="foto"/></div><div class="overlay filter-blue"><div class="content"><span class="zoom-button"></span></div></div></a></div></div><div class="grid-container__item"><div class="block"><a href="https://www.visitbratislava.com/wp-content/uploads/2022/11/Modra-057-800x534.jpg" data-fancybox="gallery" data-caption=""><div class="background" style="background-image: url(https://www.visitbratislava.com/wp-content/uploads/2022/11/Modra-057-800x534.jpg)"></div><div class="overlay filter-green"><div class="content"><span class="zoom-button"></span></div></div></a></div></div><div class="grid-container__item more"></div></div>
<p>Ide zároveň o zhodnotenie uplynulého vinohradníckeho roka a požehnanie modranských mladých vín. Potom už nasleduje obľúbená priateľská susedská degustácia prinesených vzoriek.</p>
<p>Všetko začne uvítaním hostí a prítomných. Po predsedovi spolku Vincúr Vincentovi Jakubcovi dostane slovo Vladimír Sodoma, ktorý zhodnotí vinohradnícky rok 2022. O piatej podvečer evanjelická farárka Eva Oslíková a rímskokatolícky kňaz Jozef Mišík požehnajú mladé vína, aby sa priateľská susedská degustácia prinesených vzoriek vín mohla rozbehnúť naplno.</p>
<div class="grid-container"><div class="grid-container__item"><div class="block"><a href="https://www.visitbratislava.com/wp-content/uploads/2022/11/Modra-061-800x534.jpg" data-fancybox="gallery" data-caption=""><div class="background"><img src="https://www.visitbratislava.com/wp-content/uploads/2022/11/Modra-061-800x534.jpg" alt="foto"/></div><div class="overlay filter-blue"><div class="content"><span class="zoom-button"></span></div></div></a></div></div><div class="grid-container__item"><div class="block"><a href="https://www.visitbratislava.com/wp-content/uploads/2022/11/Modra-062-800x534.jpg" data-fancybox="gallery" data-caption=""><div class="background" style="background-image: url(https://www.visitbratislava.com/wp-content/uploads/2022/11/Modra-062-800x534.jpg)"></div><div class="overlay filter-green"><div class="content"><span class="zoom-button"></span></div></div></a></div></div><div class="grid-container__item more"></div></div>
<p>A prečo Svätokatarínske mladé vínka? Najmä z dôvodu, že koncom novembra je už možné predegustovať prvé slovenské mladé biele a ružové vínka, ktoré sú už stiahnuté z kvasníc a odkalené, a to tak, že si vyznávači tohto lahodného moku budú v Modre môcť vychutnať ich podmanivú arómu a svieže kyselinky typické pre malokarpatské odrody, ktorých zber prebehol v mesiacoch september a október.</p>
<p>Označovať víno slovami „mladé víno“ možno len víno s chráneným označením pôvodu, ak je naplnené do spotrebiteľského balenia najneskôr do konca kalendárneho roku, v ktorom sa vykonal zber hrozna použitého na výrobu tohto vína. Také víno možno začať uvádzať na trh najskôr v prvý novembrový pondelok roku zberu hrozna. Svätokatarínske víno je mladé víno, pri ktorom medzi zberom a príchodom na trh prejde iba pár týždňov. Má ľahkú farbu a do 12 percent alkoholu.</p>
<div class="grid-container"><div class="grid-container__item"><div class="block"><a href="https://www.visitbratislava.com/wp-content/uploads/2022/11/Modra-059-800x534.jpg" data-fancybox="gallery" data-caption=""><div class="background"><img src="https://www.visitbratislava.com/wp-content/uploads/2022/11/Modra-059-800x534.jpg" alt="foto"/></div><div class="overlay filter-blue"><div class="content"><span class="zoom-button"></span></div></div></a></div></div><div class="grid-container__item"><div class="block"><a href="https://www.visitbratislava.com/wp-content/uploads/2022/11/Modra-058-800x534.jpg" data-fancybox="gallery" data-caption=""><div class="background" style="background-image: url(https://www.visitbratislava.com/wp-content/uploads/2022/11/Modra-058-800x534.jpg)"></div><div class="overlay filter-green"><div class="content"><span class="zoom-button"></span></div></div></a></div></div><div class="grid-container__item more"></div></div>
<p>Inšpirujte sa v malebnom vinohradníckom mestečku, ktoré svojou tradíciou žije aj dnes. Príďte ochutnať všetko nové, čo v Modre a okolí dorobili.</p>
<p>Podujatie na Facebooku otvoríte po kliknutí na obrázok:</p>
<p><a href="https://www.facebook.com/events/3418334601718728" target="_blank" rel="noopener"><img loading="lazy" class="alignleft wp-image-190084 size-full" src="https://www.visitbratislava.com/wp-content/uploads/2022/11/Svatokatarinska-ochutnavka-mladych-vin-2022-Banner.jpg" alt="" width="1000" height="380" srcset="https://www.visitbratislava.com/wp-content/uploads/2022/11/Svatokatarinska-ochutnavka-mladych-vin-2022-Banner.jpg 1000w, https://www.visitbratislava.com/wp-content/uploads/2022/11/Svatokatarinska-ochutnavka-mladych-vin-2022-Banner-400x152.jpg 400w, https://www.visitbratislava.com/wp-content/uploads/2022/11/Svatokatarinska-ochutnavka-mladych-vin-2022-Banner-800x304.jpg 800w, https://www.visitbratislava.com/wp-content/uploads/2022/11/Svatokatarinska-ochutnavka-mladych-vin-2022-Banner-768x292.jpg 768w, https://www.visitbratislava.com/wp-content/uploads/2022/11/Svatokatarinska-ochutnavka-mladych-vin-2022-Banner-200x76.jpg 200w" sizes="(max-width: 1000px) 100vw, 1000px" /></a></p>

<p>Už XXI. ročník tradičnej priateľskej koštovky chystajú majstri svojho remesla v Modre</p>
