{"id":198110,"date":"2022-11-28T14:07:03","date_gmt":"2022-11-28T13:07:03","guid":{"rendered":"https:\/\/www.visitbratislava.com\/?post_type=event&#038;p=198110"},"modified":"2022-11-28T14:07:04","modified_gmt":"2022-11-28T13:07:04","slug":"advent-v-klariskach","status":"publish","type":"event","link":"https:\/\/www.visitbratislava.com\/sk\/podujatia\/advent-v-klariskach\/","title":{"rendered":"Advent v Klarisk\u00e1ch"},"content":{"rendered":"<p>Desiatky st\u00e1nkov na Hlavnom n\u00e1mest\u00ed a kult\u00farna sc\u00e9na na Franti\u0161k\u00e1nskom n\u00e1mest\u00ed nebud\u00fa jedin\u00fdmi miestami s viano\u010dnou atmosf\u00e9rou.<\/p>\n<p>V koncertno-v\u00fdstavnej sieni Klarisky v\u00e1s \u010dakaj\u00fa adventn\u00e9 koncerty, ob\u013e\u00faben\u00e9 sobotn\u00e9 v\u00fdmeny oble\u010denia, hra\u010diek i kn\u00edh, zbierka pre \u013eud\u00ed bez domova \u010di detsk\u00e9 tvoriv\u00e9 dielne s viano\u010dnou tematikou.<\/p>\n<p>V Klarisk\u00e1ch sa bud\u00fa kona\u0165 ob\u013e\u00faben\u00e9 v\u00fdmenn\u00e9 burzy a oble\u010denie, hra\u010dky a knihy, ktor\u00e9 si na nich n\u00e1v\u0161tevn\u00edci nevymenia, poputuj\u00fa \u013eu\u010fom v n\u00fadzi. Zbierka pre \u013eud\u00ed bez domova sa zas bude s\u00fastredi\u0165 na spacie vaky, termosky a karimatky.<\/p>\n<div class=\"grid-container\"><div class=\"grid-container__item\"><div class=\"block\"><a href=\"https:\/\/www.visitbratislava.com\/wp-content\/uploads\/2022\/11\/pexels-gary-spears-250177_1920x1280-800x533.jpg\" data-fancybox=\"gallery\" data-caption=\"\"><div class=\"background\"><img src=\"https:\/\/www.visitbratislava.com\/wp-content\/uploads\/2022\/11\/pexels-gary-spears-250177_1920x1280-800x533.jpg\" alt=\"foto\"\/><\/div><div class=\"overlay filter-blue\"><div class=\"content\"><span class=\"zoom-button\"><\/span><\/div><\/div><\/a><\/div><\/div><div class=\"grid-container__item\"><div class=\"block\"><a href=\"https:\/\/www.visitbratislava.com\/wp-content\/uploads\/2017\/11\/Dni-Vianoc-v-Inchebe-Banner-001-800x258.jpg\" data-fancybox=\"gallery\" data-caption=\"\"><div class=\"background\" style=\"background-image: url(https:\/\/www.visitbratislava.com\/wp-content\/uploads\/2017\/11\/Dni-Vianoc-v-Inchebe-Banner-001-800x258.jpg)\"><\/div><div class=\"overlay filter-green\"><div class=\"content\"><span class=\"zoom-button\"><\/span><\/div><\/div><\/a><\/div><\/div><div class=\"grid-container__item more\"><\/div><\/div>\n<p>V Klarisk\u00e1ch sa 26. novembra bude vymie\u0148a\u0165 detsk\u00e9, d\u00e1mske a p\u00e1nske oble\u010denie. Odev, ktor\u00fd zostane, poputuje \u013eu\u010fom v n\u00fadzi. Z\u00e1rove\u0148 s t\u00fdm sa bude kona\u0165 aj \u0161peci\u00e1lna zbierka spac\u00e1kov, termosiek a karimatiek pre \u013eud\u00ed bez domova.<\/p>\n<p>O t\u00fd\u017ede\u0148 3. decembra sa zase bud\u00fa vymie\u0148a\u0165 hra\u010dky (s v\u00fdnimkou ply\u0161ov\u00fdch hra\u010diek z hygienick\u00fdch d\u00f4vodov), detsk\u00e9 knihy a stavebnice ur\u010den\u00e9 de\u0165om do 14 rokov. V\u0161etky hra\u010dky, ktor\u00e9 n\u00e1sledne zostan\u00fa, p\u00f4jdu ako dar do Mestskej ubytovne v Kop\u010danoch, ubytovne Fortuna v D\u00fabravke a Centru pre deti a rodiny Repuls.<\/p>\n<p>Prv\u00e9 dve adventn\u00e9 nedele bud\u00fa v Klarisk\u00e1ch v\u00edtan\u00e9 v\u0161etky deti, na ktor\u00e9 bud\u00fa \u010daka\u0165 tvoriv\u00e9 dielne s majstrami \u00da\u013dUV. Deti si bud\u00fa m\u00f4c\u0165 vyzdobi\u0165 medovn\u00edky, a tie\u017e vytvori\u0165 viano\u010dn\u00e9 ozdoby z dreva, dr\u00f4tu \u010di pr\u00fatia.<\/p>\n<p><img loading=\"lazy\" width=\"1080\" height=\"2500\" class=\"alignleft size-full wp-image-198112\" src=\"https:\/\/www.visitbratislava.com\/wp-content\/uploads\/2022\/11\/Bratislavske-Vianoce-v-Klariskach-2022-Program-SK.png\" alt=\"\" srcset=\"https:\/\/www.visitbratislava.com\/wp-content\/uploads\/2022\/11\/Bratislavske-Vianoce-v-Klariskach-2022-Program-SK.png 1080w, https:\/\/www.visitbratislava.com\/wp-content\/uploads\/2022\/11\/Bratislavske-Vianoce-v-Klariskach-2022-Program-SK-173x400.png 173w, https:\/\/www.visitbratislava.com\/wp-content\/uploads\/2022\/11\/Bratislavske-Vianoce-v-Klariskach-2022-Program-SK-346x800.png 346w, https:\/\/www.visitbratislava.com\/wp-content\/uploads\/2022\/11\/Bratislavske-Vianoce-v-Klariskach-2022-Program-SK-768x1778.png 768w, https:\/\/www.visitbratislava.com\/wp-content\/uploads\/2022\/11\/Bratislavske-Vianoce-v-Klariskach-2022-Program-SK-664x1536.png 664w, https:\/\/www.visitbratislava.com\/wp-content\/uploads\/2022\/11\/Bratislavske-Vianoce-v-Klariskach-2022-Program-SK-885x2048.png 885w, https:\/\/www.visitbratislava.com\/wp-content\/uploads\/2022\/11\/Bratislavske-Vianoce-v-Klariskach-2022-Program-SK-86x200.png 86w\" sizes=\"(max-width: 1080px) 100vw, 1080px\" \/><\/p>\n","protected":false},"excerpt":{"rendered":"<p>Bratislavsk\u00e9 Vianoce prines\u00fa sviato\u010dn\u00fd program aj do jedine\u010dn\u00e9ho kult\u00farneho priestoru<\/p>\n","protected":false},"featured_media":183169,"template":"","acf":[],"event_date":{"start_date":1669420800,"end_date":1668729600},"_links":{"self":[{"href":"https:\/\/www.visitbratislava.com\/sk\/wp-json\/wp\/v2\/event\/198110"}],"collection":[{"href":"https:\/\/www.visitbratislava.com\/sk\/wp-json\/wp\/v2\/event"}],"about":[{"href":"https:\/\/www.visitbratislava.com\/sk\/wp-json\/wp\/v2\/types\/event"}],"version-history":[{"count":3,"href":"https:\/\/www.visitbratislava.com\/sk\/wp-json\/wp\/v2\/event\/198110\/revisions"}],"predecessor-version":[{"id":198119,"href":"https:\/\/www.visitbratislava.com\/sk\/wp-json\/wp\/v2\/event\/198110\/revisions\/198119"}],"wp:featuredmedia":[{"embeddable":true,"href":"https:\/\/www.visitbratislava.com\/sk\/wp-json\/wp\/v2\/media\/183169"}],"wp:attachment":[{"href":"https:\/\/www.visitbratislava.com\/sk\/wp-json\/wp\/v2\/media?parent=198110"}],"curies":[{"name":"wp","href":"https:\/\/api.w.org\/{rel}","templated":true}]}}

Advent v Klariskách

<p>Desiatky stánkov na Hlavnom námestí a kultúrna scéna na Františkánskom námestí nebudú jedinými miestami s vianočnou atmosférou.</p>
<p>V koncertno-výstavnej sieni Klarisky vás čakajú adventné koncerty, obľúbené sobotné výmeny oblečenia, hračiek i kníh, zbierka pre ľudí bez domova či detské tvorivé dielne s vianočnou tematikou.</p>
<p>V Klariskách sa budú konať obľúbené výmenné burzy a oblečenie, hračky a knihy, ktoré si na nich návštevníci nevymenia, poputujú ľuďom v núdzi. Zbierka pre ľudí bez domova sa zas bude sústrediť na spacie vaky, termosky a karimatky.</p>
<div class="grid-container"><div class="grid-container__item"><div class="block"><a href="https://www.visitbratislava.com/wp-content/uploads/2022/11/pexels-gary-spears-250177_1920x1280-800x533.jpg" data-fancybox="gallery" data-caption=""><div class="background"><img src="https://www.visitbratislava.com/wp-content/uploads/2022/11/pexels-gary-spears-250177_1920x1280-800x533.jpg" alt="foto"/></div><div class="overlay filter-blue"><div class="content"><span class="zoom-button"></span></div></div></a></div></div><div class="grid-container__item"><div class="block"><a href="https://www.visitbratislava.com/wp-content/uploads/2017/11/Dni-Vianoc-v-Inchebe-Banner-001-800x258.jpg" data-fancybox="gallery" data-caption=""><div class="background" style="background-image: url(https://www.visitbratislava.com/wp-content/uploads/2017/11/Dni-Vianoc-v-Inchebe-Banner-001-800x258.jpg)"></div><div class="overlay filter-green"><div class="content"><span class="zoom-button"></span></div></div></a></div></div><div class="grid-container__item more"></div></div>
<p>V Klariskách sa 26. novembra bude vymieňať detské, dámske a pánske oblečenie. Odev, ktorý zostane, poputuje ľuďom v núdzi. Zároveň s tým sa bude konať aj špeciálna zbierka spacákov, termosiek a karimatiek pre ľudí bez domova.</p>
<p>O týždeň 3. decembra sa zase budú vymieňať hračky (s výnimkou plyšových hračiek z hygienických dôvodov), detské knihy a stavebnice určené deťom do 14 rokov. Všetky hračky, ktoré následne zostanú, pôjdu ako dar do Mestskej ubytovne v Kopčanoch, ubytovne Fortuna v Dúbravke a Centru pre deti a rodiny Repuls.</p>
<p>Prvé dve adventné nedele budú v Klariskách vítané všetky deti, na ktoré budú čakať tvorivé dielne s majstrami ÚĽUV. Deti si budú môcť vyzdobiť medovníky, a tiež vytvoriť vianočné ozdoby z dreva, drôtu či prútia.</p>
<p><img loading="lazy" width="1080" height="2500" class="alignleft size-full wp-image-198112" src="https://www.visitbratislava.com/wp-content/uploads/2022/11/Bratislavske-Vianoce-v-Klariskach-2022-Program-SK.png" alt="" srcset="https://www.visitbratislava.com/wp-content/uploads/2022/11/Bratislavske-Vianoce-v-Klariskach-2022-Program-SK.png 1080w, https://www.visitbratislava.com/wp-content/uploads/2022/11/Bratislavske-Vianoce-v-Klariskach-2022-Program-SK-173x400.png 173w, https://www.visitbratislava.com/wp-content/uploads/2022/11/Bratislavske-Vianoce-v-Klariskach-2022-Program-SK-346x800.png 346w, https://www.visitbratislava.com/wp-content/uploads/2022/11/Bratislavske-Vianoce-v-Klariskach-2022-Program-SK-768x1778.png 768w, https://www.visitbratislava.com/wp-content/uploads/2022/11/Bratislavske-Vianoce-v-Klariskach-2022-Program-SK-664x1536.png 664w, https://www.visitbratislava.com/wp-content/uploads/2022/11/Bratislavske-Vianoce-v-Klariskach-2022-Program-SK-885x2048.png 885w, https://www.visitbratislava.com/wp-content/uploads/2022/11/Bratislavske-Vianoce-v-Klariskach-2022-Program-SK-86x200.png 86w" sizes="(max-width: 1080px) 100vw, 1080px" /></p>

<p>Bratislavské Vianoce prinesú sviatočný program aj do jedinečného kultúrneho priestoru</p>
