{"id":210616,"date":"2022-12-16T15:27:39","date_gmt":"2022-12-16T14:27:39","guid":{"rendered":"https:\/\/www.visitbratislava.com\/?post_type=event&#038;p=210616"},"modified":"2024-12-11T15:39:11","modified_gmt":"2024-12-11T14:39:11","slug":"vianocna-elektricka","status":"publish","type":"event","link":"https:\/\/www.visitbratislava.com\/sk\/podujatia\/vianocna-elektricka\/","title":{"rendered":"Viano\u010dn\u00e1 elektri\u010dka"},"content":{"rendered":"<p><strong>Na viano\u010dn\u00fa elektri\u010dku sa nastupuje na zast\u00e1vke na Jesensk\u00e9ho ulici, ved\u013ea historickej budovy SND.<\/strong> Elektri\u010dkov\u00e9 zast\u00e1vky na trase s\u00fa tematicky zdoben\u00e9. <strong>Prem\u00e1va na trase Jesensk\u00e9ho &#8211; N\u00e1mestie SNP &#8211; Kapuc\u00ednska &#8211; tunel &#8211; n\u00e1bre\u017eie &#8211; Jesensk\u00e9ho.<\/strong><\/p>\n<p><strong>Jazda je bezplatn\u00e1.\u00a0<\/strong><\/p>\n<p>\u0160peci\u00e1lne vyzdoben\u00e1 a bohato vysvieten\u00e1 elektri\u010dka prem\u00e1va ka\u017ed\u00fa polhodinu, cez \u0161kolsk\u00e9 pr\u00e1zdniny a v\u00edkendy od 12:00 do 20:00, v \u0161kolsk\u00e9 dni od 16:00 do 20:00.<\/p>\n<p>V\u017edy v sobotu predpoludn\u00edm m\u00f4\u017eete za\u017ei\u0165 \u0161peci\u00e1lne jazdy Viano\u010dnej elektri\u010dky spojen\u00e9 s autorsk\u00fdm \u010d\u00edtan\u00edm. Ke\u010f\u017ee po\u010det miest v elektri\u010dke je obmedzen\u00fd, aby si z\u00e1\u017eitok vychutnal ka\u017ed\u00fd cestuj\u00faci, po\u010das t\u00fdchto j\u00e1zd je elektri\u010dka povinne miestenkov\u00e1. Bezplatn\u00e9 vstupenky si m\u00f4\u017eu cestuj\u00faci zarezervova\u0165 na str\u00e1nke <a href=\"http:\/\/dpb.sk\/vianocna-elektricka\">dpb.sk\/vianocna-elektricka<\/a>.<\/p>\n<p><em>24. decembra viano\u010dn\u00e1 elektri\u010dka neprem\u00e1va.<\/em><\/p>\n<p><a class=\"cta-button\" href=\"https:\/\/imhd.sk\/ba\/linka\/n-a\/bd807c807f848885827c31ecd3\" target=\"_blank\" rel=\"noopener\">Jazdn\u00fd poriadok na v\u0161etk\u00fdch zast\u00e1vkach<\/a><\/p>\n<p><img loading=\"lazy\" width=\"1149\" height=\"671\" class=\"alignnone size-full wp-image-266877\" src=\"https:\/\/www.visitbratislava.com\/wp-content\/uploads\/2022\/12\/00293026.png\" alt=\"\" srcset=\"https:\/\/www.visitbratislava.com\/wp-content\/uploads\/2022\/12\/00293026.png 1149w, https:\/\/www.visitbratislava.com\/wp-content\/uploads\/2022\/12\/00293026-400x234.png 400w, https:\/\/www.visitbratislava.com\/wp-content\/uploads\/2022\/12\/00293026-800x467.png 800w, https:\/\/www.visitbratislava.com\/wp-content\/uploads\/2022\/12\/00293026-768x449.png 768w, https:\/\/www.visitbratislava.com\/wp-content\/uploads\/2022\/12\/00293026-200x117.png 200w\" sizes=\"(max-width: 1149px) 100vw, 1149px\" \/><\/p>\n","protected":false},"excerpt":{"rendered":"<p>Atmosf\u00e9ru viano\u010dn\u00e9ho a novoro\u010dn\u00e9ho obdobia v Bratislave dop\u013a\u0148a \u0161peci\u00e1lna vysvieten\u00e1 viano\u010dn\u00e1 elektri\u010dka, ktor\u00e1 bude jazdi\u0165 centrom mesta na \u0161peci\u00e1lnej linke. Vyzdoben\u00e9 historick\u00e9 vozidlo bude v prem\u00e1vke od Mikul\u00e1\u0161a do Troch kr\u00e1\u013eov.<\/p>\n","protected":false},"featured_media":321804,"template":"","acf":[],"event_date":{"start_date":1733443200,"end_date":1736121600},"_links":{"self":[{"href":"https:\/\/www.visitbratislava.com\/sk\/wp-json\/wp\/v2\/event\/210616"}],"collection":[{"href":"https:\/\/www.visitbratislava.com\/sk\/wp-json\/wp\/v2\/event"}],"about":[{"href":"https:\/\/www.visitbratislava.com\/sk\/wp-json\/wp\/v2\/types\/event"}],"version-history":[{"count":24,"href":"https:\/\/www.visitbratislava.com\/sk\/wp-json\/wp\/v2\/event\/210616\/revisions"}],"predecessor-version":[{"id":321152,"href":"https:\/\/www.visitbratislava.com\/sk\/wp-json\/wp\/v2\/event\/210616\/revisions\/321152"}],"wp:featuredmedia":[{"embeddable":true,"href":"https:\/\/www.visitbratislava.com\/sk\/wp-json\/wp\/v2\/media\/321804"}],"wp:attachment":[{"href":"https:\/\/www.visitbratislava.com\/sk\/wp-json\/wp\/v2\/media?parent=210616"}],"curies":[{"name":"wp","href":"https:\/\/api.w.org\/{rel}","templated":true}]}}

Vianočná električka

<p><strong>Na vianočnú električku sa nastupuje na zastávke na Jesenského ulici, vedľa historickej budovy SND.</strong> Električkové zastávky na trase sú tematicky zdobené. <strong>Premáva na trase Jesenského &#8211; Námestie SNP &#8211; Kapucínska &#8211; tunel &#8211; nábrežie &#8211; Jesenského.</strong></p>
<p><strong>Jazda je bezplatná. </strong></p>
<p>Špeciálne vyzdobená a bohato vysvietená električka premáva každú polhodinu, cez školské prázdniny a víkendy od 12:00 do 20:00, v školské dni od 16:00 do 20:00.</p>
<p>Vždy v sobotu predpoludním môžete zažiť špeciálne jazdy Vianočnej električky spojené s autorským čítaním. Keďže počet miest v električke je obmedzený, aby si zážitok vychutnal každý cestujúci, počas týchto jázd je električka povinne miestenková. Bezplatné vstupenky si môžu cestujúci zarezervovať na stránke <a href="http://dpb.sk/vianocna-elektricka">dpb.sk/vianocna-elektricka</a>.</p>
<p><em>24. decembra vianočná električka nepremáva.</em></p>
<p><a class="cta-button" href="https://imhd.sk/ba/linka/n-a/bd807c807f848885827c31ecd3" target="_blank" rel="noopener">Jazdný poriadok na všetkých zastávkach</a></p>
<p><img loading="lazy" width="1149" height="671" class="alignnone size-full wp-image-266877" src="https://www.visitbratislava.com/wp-content/uploads/2022/12/00293026.png" alt="" srcset="https://www.visitbratislava.com/wp-content/uploads/2022/12/00293026.png 1149w, https://www.visitbratislava.com/wp-content/uploads/2022/12/00293026-400x234.png 400w, https://www.visitbratislava.com/wp-content/uploads/2022/12/00293026-800x467.png 800w, https://www.visitbratislava.com/wp-content/uploads/2022/12/00293026-768x449.png 768w, https://www.visitbratislava.com/wp-content/uploads/2022/12/00293026-200x117.png 200w" sizes="(max-width: 1149px) 100vw, 1149px" /></p>

<p>Atmosféru vianočného a novoročného obdobia v Bratislave dopĺňa špeciálna vysvietená vianočná električka, ktorá bude jazdiť centrom mesta na špeciálnej linke. Vyzdobené historické vozidlo bude v premávke od Mikuláša do Troch kráľov.</p>
