{"id":215356,"date":"2023-01-11T12:13:27","date_gmt":"2023-01-11T11:13:27","guid":{"rendered":"https:\/\/www.visitbratislava.com\/?post_type=event&#038;p=215356"},"modified":"2023-01-11T12:24:29","modified_gmt":"2023-01-11T11:24:29","slug":"premeny-zuckermandla","status":"publish","type":"event","link":"https:\/\/www.visitbratislava.com\/sk\/podujatia\/premeny-zuckermandla\/","title":{"rendered":"Premeny Zuckermandla"},"content":{"rendered":"<p>Zuckermandel, z ktor\u00e9ho ostalo u\u017e len nieko\u013eko historick\u00fdch budov, pre\u0161iel premenami od malej stredovekej osady ryb\u00e1rov a lodn\u00edkov, cez \u0161tvr\u0165 s opevnen\u00fdmi renesan\u010dn\u00fdmi s\u00eddlami \u0161\u013eachtick\u00fdch \u00faradn\u00edkov hradu a budovami viacer\u00fdch kr\u00e1\u013eovsk\u00fdch \u00faradov, v terezi\u00e1nskom obdob\u00ed dynamicky sa rozv\u00edjaj\u00face privilegovan\u00e9 meste\u010dko s pulzuj\u00facim me\u0161tianskym \u017eivotom, a\u017e po \u00fapadok v 20. storo\u010d\u00ed a n\u00e1sledn\u00fa ne\u0161\u0165astn\u00fa hromadn\u00fa asan\u00e1ciu.<\/p>\n<p>V s\u00fa\u010dasnosti tu s\u00eddlia niektor\u00e9 \u0161pecializovan\u00e9 m\u00faze\u00e1 Slovensk\u00e9ho n\u00e1rodn\u00e9ho m\u00fazea, medzi nimi aj v Sunyalovej k\u00farii sa nach\u00e1dzaj\u00face M\u00fazeum kult\u00fary karpatsk\u00fdch Nemcov. Pr\u00e1ve v \u0148om n\u00e1jdete v\u00fdstavu mapuj\u00facu dejiny tejto lokality a zist\u00edte ako sa Zuckermandel menil v \u010dase.<\/p>\n<p><img loading=\"lazy\" width=\"1048\" height=\"635\" class=\"alignleft size-full wp-image-215363\" src=\"https:\/\/www.visitbratislava.com\/wp-content\/uploads\/2023\/01\/Zuckermandl-001.jpg\" alt=\"\" srcset=\"https:\/\/www.visitbratislava.com\/wp-content\/uploads\/2023\/01\/Zuckermandl-001.jpg 1048w, https:\/\/www.visitbratislava.com\/wp-content\/uploads\/2023\/01\/Zuckermandl-001-400x242.jpg 400w, https:\/\/www.visitbratislava.com\/wp-content\/uploads\/2023\/01\/Zuckermandl-001-800x485.jpg 800w, https:\/\/www.visitbratislava.com\/wp-content\/uploads\/2023\/01\/Zuckermandl-001-768x465.jpg 768w, https:\/\/www.visitbratislava.com\/wp-content\/uploads\/2023\/01\/Zuckermandl-001-200x121.jpg 200w\" sizes=\"(max-width: 1048px) 100vw, 1048px\" \/><\/p>\n<p>Osada sa nach\u00e1dzala v ju\u017enej \u010dasti bratislavsk\u00e9ho Podhradia pribli\u017ene medzi hradn\u00fdm bralom a Dunajom. P\u00f4vodne to bola samostatn\u00e1 obec zn\u00e1ma ako \u0161tvr\u0165 ryb\u00e1rov, lodn\u00edkov, lodn\u00fdch tes\u00e1rov, ale aj mlyn\u00e1rov. Obec s po\u010detn\u00fdmi kr\u00e1tkymi a \u00fazkymi uli\u010dkami mala vlastn\u00e9 zastupite\u013estvo, vlastn\u00fa pol\u00edciu \u010di \u0161kolu.<\/p>\n<p>Hovor\u00ed sa, \u017ee pomenovanie \u0161tvrte \u201eZuckermandel\u201c priniesli so sebou v stredoveku ro\u013en\u00edcki kolonisti zo stredn\u00e9ho Bavorska. Poch\u00e1dza z n\u00e1re\u010dov\u00e9ho nemeck\u00e9ho \u201eZucke Mantel\u201c v zmysle \u201eZucke den Mantel zur Flicht\u201c, \u010do v preklade znamen\u00e1 \u201achy\u0165 si kab\u00e1t a utekaj\u2018. Tak\u00fdmto n\u00e1zvom sa \u017eartovne a v\u00fdstra\u017ene ozna\u010dovali m\u00e1lo bezpe\u010dn\u00e9 miesta.<\/p>\n<div class=\"grid-container\"><div class=\"grid-container__item\"><div class=\"block\"><a href=\"https:\/\/www.visitbratislava.com\/wp-content\/uploads\/2023\/01\/Premeny-Zuckermandla-3-506x800.jpg\" data-fancybox=\"gallery\" data-caption=\"\"><div class=\"background\"><img src=\"https:\/\/www.visitbratislava.com\/wp-content\/uploads\/2023\/01\/Premeny-Zuckermandla-3-506x800.jpg\" alt=\"foto\"\/><\/div><div class=\"overlay filter-blue\"><div class=\"content\"><span class=\"zoom-button\"><\/span><\/div><\/div><\/a><\/div><\/div><div class=\"grid-container__item\"><div class=\"block\"><a href=\"https:\/\/www.visitbratislava.com\/wp-content\/uploads\/2023\/01\/Premeny-Zuckermandla-4-519x800.jpg\" data-fancybox=\"gallery\" data-caption=\"\"><div class=\"background\" style=\"background-image: url(https:\/\/www.visitbratislava.com\/wp-content\/uploads\/2023\/01\/Premeny-Zuckermandla-4-519x800.jpg)\"><\/div><div class=\"overlay filter-green\"><div class=\"content\"><span class=\"zoom-button\"><\/span><\/div><\/div><\/a><\/div><\/div><div class=\"grid-container__item more\"><\/div><\/div>\n<p>Zuckermandel nem\u00e1 tak\u00fa bohat\u00fa hist\u00f3riu ako susedn\u00e1 a o nie\u010do zn\u00e1mej\u0161ia Vydrica. Vznikol v 16. storo\u010d\u00ed ako samostatn\u00e1 jednoulicov\u00e1 osada. Podhradsk\u00e1 \u0161tvr\u0165 sa rozprestierala od Vodnej ve\u017ee, kde hrani\u010dila s Vydricou, po star\u00fd \u017eidovsk\u00fd cintor\u00edn pri dne\u0161nom elektri\u010dkovom tuneli.<\/p>\n<p>Nez\u00e1vislos\u0165 Zuckermandla skon\u010dila v roku 1851 pri\u010dlenen\u00edm k mestu Bratislava. Podhradie vtedy vytvorilo \u0161tvrt\u00fd mestsk\u00fd obvod \u2013 Terezi\u00e1nsku \u0161tvr\u0165. Bol to v\u0161ak i za\u010diatok \u00fapadku tejto mestskej \u010dasti: z\u00e1mo\u017enej\u0161\u00ed obyvatelia sa pres\u0165ahovali do mesta, pal\u00e1ce sa prestavali na n\u00e1jomn\u00e9 byty ni\u017e\u0161\u00edch kateg\u00f3ri\u00ed, pre chudobnej\u0161\u00edch. Koncom 19. storo\u010dia na n\u00e1bre\u017e\u00ed Dunaja vybudovali n\u00e1syp s elektri\u010dkovou tra\u0165ou, pri\u010dom sa \u010dasti Zuckermandla a Vydrice dostali pod \u00farove\u0148 ter\u00e9nu. Zuckermandl upadal aj na\u010falej.<\/p>\n<p>Bratislava pre\u0161la v priebehu 20. storo\u010dia obrovskou premenou a t\u00e1 najv\u00e4\u010d\u0161ia zasiahla pr\u00e1ve Podhradie. V\u010faka udalostiam 2. svetovej vojny ve\u013ek\u00e1 \u010das\u0165 \u017didov zahynula v koncentra\u010dn\u00fdch t\u00e1boroch a Nemcov po vojne vys\u00eddlili. Podhradie nar\u00fa\u0161alo obraz mesta, preto vypracovali pl\u00e1ny na jeho likvid\u00e1ciu. V 60. a\u017e 70. rokoch 20. storo\u010dia zb\u00farali aj v\u00e4\u010d\u0161inu Zuckermandla.<\/p>\n<p>Mnoho budov odstr\u00e1nili pri budovan\u00ed n\u00e1bre\u017enej komunik\u00e1cie, in\u00e9 pri dokon\u010dovan\u00ed tunela a stavbe troch ve\u017eiakov. Pri v\u00fdstavbe Nov\u00e9ho mosta sa v rokoch 1967 &#8211; 1974 b\u00faralo u\u017e do radu. Na mieste niekdaj\u0161ej radnice Zuckermandlu na \u017di\u017ekovej ulici bolo v minulosti aj k\u00fapalisko, aj to v\u0161ak u\u017e prakticky neexistuje. Pr\u00e1ve t\u00e1to ulica bola kedysi pod n\u00e1zvami Ulica M\u00e1rie Ter\u00e9zie \u010di Podhradsk\u00e1 ulica hlavnou komunik\u00e1ciou \u0161tvrte.<\/p>\n<p>Po tom, \u010do komunisti takmer cel\u00fa Vydricu a Zuckermandel zb\u00farali, sa na dne\u0161nom N\u00e1bre\u017e\u00ed arm\u00e1dneho gener\u00e1la Ludv\u00edka Svobodu zachoval barokov\u00fd Kostol Najsv\u00e4tej\u0161ej Trojice a nieko\u013eko k\u00fari\u00ed a zop\u00e1r \u010fal\u0161\u00edch stavieb. V\u00e4\u010d\u0161ina z nich patr\u00ed Slovensk\u00e9mu n\u00e1rodn\u00e9mu m\u00fazeu. Aj v\u010faka tomu sa podarilo prinavr\u00e1ti\u0165 p\u00f4vodn\u00fa tv\u00e1r v\u0161etk\u00fdm budov\u00e1m vo vlastn\u00edctve Ministerstva kult\u00fary a Slovensk\u00e9ho n\u00e1rodn\u00e9ho m\u00fazea a zachova\u0165 tak pre bud\u00face gener\u00e1cie v p\u00f4vodnom v\u00fdzore aspo\u0148 \u010das\u0165 tejto zaniknutej historickej mestskej \u010dasti Bratislavy.<\/p>\n<p><img loading=\"lazy\" width=\"2560\" height=\"1920\" class=\"alignleft size-full wp-image-215382\" src=\"https:\/\/www.visitbratislava.com\/wp-content\/uploads\/2023\/01\/Premeny-Zuckermandla-2-scaled.jpg\" alt=\"\" srcset=\"https:\/\/www.visitbratislava.com\/wp-content\/uploads\/2023\/01\/Premeny-Zuckermandla-2-scaled.jpg 2560w, https:\/\/www.visitbratislava.com\/wp-content\/uploads\/2023\/01\/Premeny-Zuckermandla-2-400x300.jpg 400w, https:\/\/www.visitbratislava.com\/wp-content\/uploads\/2023\/01\/Premeny-Zuckermandla-2-800x600.jpg 800w, https:\/\/www.visitbratislava.com\/wp-content\/uploads\/2023\/01\/Premeny-Zuckermandla-2-768x576.jpg 768w, https:\/\/www.visitbratislava.com\/wp-content\/uploads\/2023\/01\/Premeny-Zuckermandla-2-1536x1152.jpg 1536w, https:\/\/www.visitbratislava.com\/wp-content\/uploads\/2023\/01\/Premeny-Zuckermandla-2-2048x1536.jpg 2048w, https:\/\/www.visitbratislava.com\/wp-content\/uploads\/2023\/01\/Premeny-Zuckermandla-2-200x150.jpg 200w, https:\/\/www.visitbratislava.com\/wp-content\/uploads\/2023\/01\/Premeny-Zuckermandla-2-600x450.jpg 600w\" sizes=\"(max-width: 2560px) 100vw, 2560px\" \/><\/p>\n","protected":false},"excerpt":{"rendered":"<p>Star\u00e1 Bratislava, to nie je len Star\u00e9 mesto<\/p>\n","protected":false},"featured_media":215357,"template":"","acf":[],"event_date":{"start_date":1578355200,"end_date":1703980800},"_links":{"self":[{"href":"https:\/\/www.visitbratislava.com\/sk\/wp-json\/wp\/v2\/event\/215356"}],"collection":[{"href":"https:\/\/www.visitbratislava.com\/sk\/wp-json\/wp\/v2\/event"}],"about":[{"href":"https:\/\/www.visitbratislava.com\/sk\/wp-json\/wp\/v2\/types\/event"}],"version-history":[{"count":4,"href":"https:\/\/www.visitbratislava.com\/sk\/wp-json\/wp\/v2\/event\/215356\/revisions"}],"predecessor-version":[{"id":215397,"href":"https:\/\/www.visitbratislava.com\/sk\/wp-json\/wp\/v2\/event\/215356\/revisions\/215397"}],"wp:featuredmedia":[{"embeddable":true,"href":"https:\/\/www.visitbratislava.com\/sk\/wp-json\/wp\/v2\/media\/215357"}],"wp:attachment":[{"href":"https:\/\/www.visitbratislava.com\/sk\/wp-json\/wp\/v2\/media?parent=215356"}],"curies":[{"name":"wp","href":"https:\/\/api.w.org\/{rel}","templated":true}]}}

<p>Zuckermandel, z ktorého ostalo už len niekoľko historických budov, prešiel premenami od malej stredovekej osady rybárov a lodníkov, cez štvrť s opevnenými renesančnými sídlami šľachtických úradníkov hradu a budovami viacerých kráľovských úradov, v tereziánskom období dynamicky sa rozvíjajúce privilegované mestečko s pulzujúcim meštianskym životom, až po úpadok v 20. storočí a následnú nešťastnú hromadnú asanáciu.</p>
<p>V súčasnosti tu sídlia niektoré špecializované múzeá Slovenského národného múzea, medzi nimi aj v Sunyalovej kúrii sa nachádzajúce Múzeum kultúry karpatských Nemcov. Práve v ňom nájdete výstavu mapujúcu dejiny tejto lokality a zistíte ako sa Zuckermandel menil v čase.</p>
<p><img loading="lazy" width="1048" height="635" class="alignleft size-full wp-image-215363" src="https://www.visitbratislava.com/wp-content/uploads/2023/01/Zuckermandl-001.jpg" alt="" srcset="https://www.visitbratislava.com/wp-content/uploads/2023/01/Zuckermandl-001.jpg 1048w, https://www.visitbratislava.com/wp-content/uploads/2023/01/Zuckermandl-001-400x242.jpg 400w, https://www.visitbratislava.com/wp-content/uploads/2023/01/Zuckermandl-001-800x485.jpg 800w, https://www.visitbratislava.com/wp-content/uploads/2023/01/Zuckermandl-001-768x465.jpg 768w, https://www.visitbratislava.com/wp-content/uploads/2023/01/Zuckermandl-001-200x121.jpg 200w" sizes="(max-width: 1048px) 100vw, 1048px" /></p>
<p>Osada sa nachádzala v južnej časti bratislavského Podhradia približne medzi hradným bralom a Dunajom. Pôvodne to bola samostatná obec známa ako štvrť rybárov, lodníkov, lodných tesárov, ale aj mlynárov. Obec s početnými krátkymi a úzkymi uličkami mala vlastné zastupiteľstvo, vlastnú políciu či školu.</p>
<p>Hovorí sa, že pomenovanie štvrte „Zuckermandel“ priniesli so sebou v stredoveku roľnícki kolonisti zo stredného Bavorska. Pochádza z nárečového nemeckého „Zucke Mantel“ v zmysle „Zucke den Mantel zur Flicht“, čo v preklade znamená ‚chyť si kabát a utekaj‘. Takýmto názvom sa žartovne a výstražne označovali málo bezpečné miesta.</p>
<div class="grid-container"><div class="grid-container__item"><div class="block"><a href="https://www.visitbratislava.com/wp-content/uploads/2023/01/Premeny-Zuckermandla-3-506x800.jpg" data-fancybox="gallery" data-caption=""><div class="background"><img src="https://www.visitbratislava.com/wp-content/uploads/2023/01/Premeny-Zuckermandla-3-506x800.jpg" alt="foto"/></div><div class="overlay filter-blue"><div class="content"><span class="zoom-button"></span></div></div></a></div></div><div class="grid-container__item"><div class="block"><a href="https://www.visitbratislava.com/wp-content/uploads/2023/01/Premeny-Zuckermandla-4-519x800.jpg" data-fancybox="gallery" data-caption=""><div class="background" style="background-image: url(https://www.visitbratislava.com/wp-content/uploads/2023/01/Premeny-Zuckermandla-4-519x800.jpg)"></div><div class="overlay filter-green"><div class="content"><span class="zoom-button"></span></div></div></a></div></div><div class="grid-container__item more"></div></div>
<p>Zuckermandel nemá takú bohatú históriu ako susedná a o niečo známejšia Vydrica. Vznikol v 16. storočí ako samostatná jednoulicová osada. Podhradská štvrť sa rozprestierala od Vodnej veže, kde hraničila s Vydricou, po starý židovský cintorín pri dnešnom električkovom tuneli.</p>
<p>Nezávislosť Zuckermandla skončila v roku 1851 pričlenením k mestu Bratislava. Podhradie vtedy vytvorilo štvrtý mestský obvod – Tereziánsku štvrť. Bol to však i začiatok úpadku tejto mestskej časti: zámožnejší obyvatelia sa presťahovali do mesta, paláce sa prestavali na nájomné byty nižších kategórií, pre chudobnejších. Koncom 19. storočia na nábreží Dunaja vybudovali násyp s električkovou traťou, pričom sa časti Zuckermandla a Vydrice dostali pod úroveň terénu. Zuckermandl upadal aj naďalej.</p>
<p>Bratislava prešla v priebehu 20. storočia obrovskou premenou a tá najväčšia zasiahla práve Podhradie. Vďaka udalostiam 2. svetovej vojny veľká časť Židov zahynula v koncentračných táboroch a Nemcov po vojne vysídlili. Podhradie narúšalo obraz mesta, preto vypracovali plány na jeho likvidáciu. V 60. až 70. rokoch 20. storočia zbúrali aj väčšinu Zuckermandla.</p>
<p>Mnoho budov odstránili pri budovaní nábrežnej komunikácie, iné pri dokončovaní tunela a stavbe troch vežiakov. Pri výstavbe Nového mosta sa v rokoch 1967 &#8211; 1974 búralo už do radu. Na mieste niekdajšej radnice Zuckermandlu na Žižkovej ulici bolo v minulosti aj kúpalisko, aj to však už prakticky neexistuje. Práve táto ulica bola kedysi pod názvami Ulica Márie Terézie či Podhradská ulica hlavnou komunikáciou štvrte.</p>
<p>Po tom, čo komunisti takmer celú Vydricu a Zuckermandel zbúrali, sa na dnešnom Nábreží armádneho generála Ludvíka Svobodu zachoval barokový Kostol Najsvätejšej Trojice a niekoľko kúrií a zopár ďalších stavieb. Väčšina z nich patrí Slovenskému národnému múzeu. Aj vďaka tomu sa podarilo prinavrátiť pôvodnú tvár všetkým budovám vo vlastníctve Ministerstva kultúry a Slovenského národného múzea a zachovať tak pre budúce generácie v pôvodnom výzore aspoň časť tejto zaniknutej historickej mestskej časti Bratislavy.</p>
<p><img loading="lazy" width="2560" height="1920" class="alignleft size-full wp-image-215382" src="https://www.visitbratislava.com/wp-content/uploads/2023/01/Premeny-Zuckermandla-2-scaled.jpg" alt="" srcset="https://www.visitbratislava.com/wp-content/uploads/2023/01/Premeny-Zuckermandla-2-scaled.jpg 2560w, https://www.visitbratislava.com/wp-content/uploads/2023/01/Premeny-Zuckermandla-2-400x300.jpg 400w, https://www.visitbratislava.com/wp-content/uploads/2023/01/Premeny-Zuckermandla-2-800x600.jpg 800w, https://www.visitbratislava.com/wp-content/uploads/2023/01/Premeny-Zuckermandla-2-768x576.jpg 768w, https://www.visitbratislava.com/wp-content/uploads/2023/01/Premeny-Zuckermandla-2-1536x1152.jpg 1536w, https://www.visitbratislava.com/wp-content/uploads/2023/01/Premeny-Zuckermandla-2-2048x1536.jpg 2048w, https://www.visitbratislava.com/wp-content/uploads/2023/01/Premeny-Zuckermandla-2-200x150.jpg 200w, https://www.visitbratislava.com/wp-content/uploads/2023/01/Premeny-Zuckermandla-2-600x450.jpg 600w" sizes="(max-width: 2560px) 100vw, 2560px" /></p>

<p>Stará Bratislava, to nie je len Staré mesto</p>
