{"id":217669,"date":"2023-01-23T16:15:39","date_gmt":"2023-01-23T15:15:39","guid":{"rendered":"https:\/\/www.visitbratislava.com\/?post_type=event&#038;p=217669"},"modified":"2023-01-23T16:15:40","modified_gmt":"2023-01-23T15:15:40","slug":"primacialny-palac","status":"publish","type":"event","link":"https:\/\/www.visitbratislava.com\/sk\/podujatia\/primacialny-palac\/","title":{"rendered":"Primaci\u00e1lny pal\u00e1c"},"content":{"rendered":"<p>Zelen\u00e1, hned\u00e1, modr\u00e1, \u010derven\u00e1, zlat\u00e1. Najsl\u00e1vnostnej\u0161ia a najv\u00e4\u010d\u0161ia je oblo\u017een\u00e1 zrkadlami. V troch sal\u00f3noch visia vz\u00e1cne n\u00e1stenn\u00e9 koberce, pretkan\u00e9 v\u0161etk\u00fdmi farbami a rozpr\u00e1vaj\u00fa neoby\u010dajn\u00fd pr\u00edbeh. Tie men\u0161ie, tmavozelen\u00e9 miestnosti ved\u00fa k stropnej ma\u013ebe sv\u00e4t\u00e9ho Ladislava.<\/p>\n<p>V\u0161ade s\u00fa obrazy, z\u00e1ti\u0161ia aj portr\u00e9ty uhorsk\u00fdch panovn\u00edkov. Toto v\u0161etko, ale hlavne rozmanit\u00e9 \u013eudsk\u00e9 pr\u00edbehy v sebe ukr\u00fdva najnav\u0161tevovanej\u0161\u00ed pal\u00e1c Bratislavy. Najvy\u0161\u0161\u00ed \u010das, aby ste ho spolo\u010dne so sprievodky\u0148ou Katar\u00ednou Ga\u010dparovou nav\u0161t\u00edvili aj vy.<\/p>\n<p>Za jeho tajomstvami v\u00e1s vezme v nede\u013eu 29. janu\u00e1ra od desiatej dopoludnia. Ak teda aj vy patr\u00edte k zvedav\u00fdm \u013eu\u010fom, fascinuj\u00fa v\u00e1s dejiny a radi spozn\u00e1vate nov\u00e9 veci, pr\u00ed\u010fte na Rande s mestom pre rodiny s de\u0165mi.<\/p>\n<p>M\u00e1te radi skuto\u010dn\u00e9 pr\u00edbehy? Hist\u00f3riu, umenie, \u010di jednoducho mesto, v ktorom sa dennodenne pohybujete? Za\u017eite aspo\u0148 jedno ozajstn\u00e9 Rande s mestom a u\u017e nikdy sa nebudete na Bratislavu d\u00edva\u0165 rovnak\u00fdmi o\u010dami \u2013 budete ju ma\u0165 rad\u0161ej.<\/p>\n<p>V celoro\u010dnom cykle tematick\u00fdch vych\u00e1dzok so sprievodcami \u2013 absolventmi najstar\u0161ieho sprievodcovsk\u00e9ho kurzu \u0161pecializovan\u00e9ho na Bratislavu, spozn\u00e1te hlavn\u00e9 mesto z nov\u00fdch perspekt\u00edv a na vlastn\u00e9 o\u010di a u\u0161i objav\u00edte nepoznan\u00e9 z\u00e1kutia a ich pr\u00edbehy.<\/p>\n<p>Registrova\u0165 sa m\u00f4\u017eete po kliknut\u00ed na obr\u00e1zok:<\/p>\n<p><a href=\"https:\/\/www.bkis.sk\/rande-s-mestom-pre-rodiny-s-detmi-primacialny-palac\/\" target=\"_blank\" rel=\"noopener\"><img loading=\"lazy\" class=\"alignleft wp-image-217676 size-full\" src=\"https:\/\/www.visitbratislava.com\/wp-content\/uploads\/2023\/01\/Primacialny-palac.png\" alt=\"\" width=\"1920\" height=\"1005\" srcset=\"https:\/\/www.visitbratislava.com\/wp-content\/uploads\/2023\/01\/Primacialny-palac.png 1920w, https:\/\/www.visitbratislava.com\/wp-content\/uploads\/2023\/01\/Primacialny-palac-400x209.png 400w, https:\/\/www.visitbratislava.com\/wp-content\/uploads\/2023\/01\/Primacialny-palac-800x419.png 800w, https:\/\/www.visitbratislava.com\/wp-content\/uploads\/2023\/01\/Primacialny-palac-768x402.png 768w, https:\/\/www.visitbratislava.com\/wp-content\/uploads\/2023\/01\/Primacialny-palac-1536x804.png 1536w, https:\/\/www.visitbratislava.com\/wp-content\/uploads\/2023\/01\/Primacialny-palac-200x105.png 200w\" sizes=\"(max-width: 1920px) 100vw, 1920px\" \/><\/a><\/p>\n","protected":false},"excerpt":{"rendered":"<p>Zvonku ru\u017eov\u00fd, vo vn\u00fatri \u010derven\u00fd aj zlat\u00fd. Fas\u00e1du m\u00e1 ru\u017eov\u00fa, schody pokryt\u00e9 kobercom, miestnosti potiahnut\u00e9 hodv\u00e1bom. Ka\u017ed\u00e1 miestnos\u0165 je inej farby<\/p>\n","protected":false},"featured_media":217670,"template":"","acf":[],"event_date":{"start_date":1674950400,"end_date":1674950400},"_links":{"self":[{"href":"https:\/\/www.visitbratislava.com\/sk\/wp-json\/wp\/v2\/event\/217669"}],"collection":[{"href":"https:\/\/www.visitbratislava.com\/sk\/wp-json\/wp\/v2\/event"}],"about":[{"href":"https:\/\/www.visitbratislava.com\/sk\/wp-json\/wp\/v2\/types\/event"}],"version-history":[{"count":2,"href":"https:\/\/www.visitbratislava.com\/sk\/wp-json\/wp\/v2\/event\/217669\/revisions"}],"predecessor-version":[{"id":217683,"href":"https:\/\/www.visitbratislava.com\/sk\/wp-json\/wp\/v2\/event\/217669\/revisions\/217683"}],"wp:featuredmedia":[{"embeddable":true,"href":"https:\/\/www.visitbratislava.com\/sk\/wp-json\/wp\/v2\/media\/217670"}],"wp:attachment":[{"href":"https:\/\/www.visitbratislava.com\/sk\/wp-json\/wp\/v2\/media?parent=217669"}],"curies":[{"name":"wp","href":"https:\/\/api.w.org\/{rel}","templated":true}]}}

Primaciálny palác

<p>Zelená, hnedá, modrá, červená, zlatá. Najslávnostnejšia a najväčšia je obložená zrkadlami. V troch salónoch visia vzácne nástenné koberce, pretkané všetkými farbami a rozprávajú neobyčajný príbeh. Tie menšie, tmavozelené miestnosti vedú k stropnej maľbe svätého Ladislava.</p>
<p>Všade sú obrazy, zátišia aj portréty uhorských panovníkov. Toto všetko, ale hlavne rozmanité ľudské príbehy v sebe ukrýva najnavštevovanejší palác Bratislavy. Najvyšší čas, aby ste ho spoločne so sprievodkyňou Katarínou Gačparovou navštívili aj vy.</p>
<p>Za jeho tajomstvami vás vezme v nedeľu 29. januára od desiatej dopoludnia. Ak teda aj vy patríte k zvedavým ľuďom, fascinujú vás dejiny a radi spoznávate nové veci, príďte na Rande s mestom pre rodiny s deťmi.</p>
<p>Máte radi skutočné príbehy? Históriu, umenie, či jednoducho mesto, v ktorom sa dennodenne pohybujete? Zažite aspoň jedno ozajstné Rande s mestom a už nikdy sa nebudete na Bratislavu dívať rovnakými očami – budete ju mať radšej.</p>
<p>V celoročnom cykle tematických vychádzok so sprievodcami – absolventmi najstaršieho sprievodcovského kurzu špecializovaného na Bratislavu, spoznáte hlavné mesto z nových perspektív a na vlastné oči a uši objavíte nepoznané zákutia a ich príbehy.</p>
<p>Registrovať sa môžete po kliknutí na obrázok:</p>
<p><a href="https://www.bkis.sk/rande-s-mestom-pre-rodiny-s-detmi-primacialny-palac/" target="_blank" rel="noopener"><img loading="lazy" class="alignleft wp-image-217676 size-full" src="https://www.visitbratislava.com/wp-content/uploads/2023/01/Primacialny-palac.png" alt="" width="1920" height="1005" srcset="https://www.visitbratislava.com/wp-content/uploads/2023/01/Primacialny-palac.png 1920w, https://www.visitbratislava.com/wp-content/uploads/2023/01/Primacialny-palac-400x209.png 400w, https://www.visitbratislava.com/wp-content/uploads/2023/01/Primacialny-palac-800x419.png 800w, https://www.visitbratislava.com/wp-content/uploads/2023/01/Primacialny-palac-768x402.png 768w, https://www.visitbratislava.com/wp-content/uploads/2023/01/Primacialny-palac-1536x804.png 1536w, https://www.visitbratislava.com/wp-content/uploads/2023/01/Primacialny-palac-200x105.png 200w" sizes="(max-width: 1920px) 100vw, 1920px" /></a></p>

<p>Zvonku ružový, vo vnútri červený aj zlatý. Fasádu má ružovú, schody pokryté kobercom, miestnosti potiahnuté hodvábom. Každá miestnosť je inej farby</p>
