{"id":21880,"date":"2016-08-16T13:33:03","date_gmt":"2016-08-16T11:33:03","guid":{"rendered":"https:\/\/www.visitbratislava.com\/sk\/?post_type=event&#038;p=21880"},"modified":"2017-10-04T09:31:48","modified_gmt":"2017-10-04T07:31:48","slug":"biela-noc-2017","status":"publish","type":"event","link":"https:\/\/www.visitbratislava.com\/sk\/podujatia\/biela-noc-2017\/","title":{"rendered":"Biela noc"},"content":{"rendered":"<p>Najv\u00e4\u010d\u0161\u00ed a najnav\u0161tevovanej\u0161\u00ed festival s\u00fa\u010dasn\u00e9ho umenia na Slovensku. <strong>Biela noc<\/strong> je prest\u00ed\u017eny medzin\u00e1rodn\u00fd umeleck\u00fd projekt, ktor\u00fd m\u00e1 za \u00falohu pribl\u00ed\u017ei\u0165 \u0161irokej verejnosti s\u00fa\u010dasn\u00e9 formy umenia ako aj netradi\u010dn\u00e9, nepoznan\u00e9 a v\u00fdznamn\u00e9 miesta eur\u00f3pskych metropol.<\/p>\n<p>Biela noc pon\u00faka n\u00e1v\u0161tevn\u00edkom\u00a0netradi\u010dn\u00fa umeleck\u00fa prech\u00e1dzku no\u010dn\u00fdm mestom pln\u00fa z\u00e1\u017eitkov a nov\u00fdch vnemov.\u00a0Po\u010das druhej okt\u00f3brovej soboty sa noc st\u00e1va d\u0148om a ulice no\u010dn\u00e9ho mesta sa zaplnia \u013eu\u010fmi a umen\u00edm.\u00a0Ka\u017ed\u00fd n\u00e1v\u0161tevn\u00edk dostane umeleck\u00fa mapku, ktor\u00e1 ho sprev\u00e1dza r\u00f4znymi umeleck\u00fdmi zast\u00e1vkami: vizu\u00e1lne atrakt\u00edvnymi in\u0161tal\u00e1ciami, koncertami, filmami, rozli\u010dn\u00fdmi divadeln\u00fdmi predstaveniami, tancom, literat\u00farou, \u017eivou performance\u2026<\/p>\n<p>Biela noc vznikla v Par\u00ed\u017ei v roku 2002. V roku 2013 ju nav\u0161t\u00edvilo viac ako dva a pol mili\u00f3na \u013eud\u00ed. Z Par\u00ed\u017ea sa po\u010das nieko\u013ek\u00fdch rokov projekt roz\u0161\u00edril aj do miest ako New York, Los Angeles, Chicago, Miami, Santa Monica, Montreal, Toronto, R\u00edm, Tel Aviv, Gaza, Jeruzalem, Madrid, Brusel, Riga, Bukure\u0161\u0165, Amsterdam, Brighton, Tur\u00edn, Naples, Petrohrad, Ko\u0161ice a Bratislava.<\/p>\n<p><strong>V\u0161etky inform\u00e1cie n\u00e1jdete na <a href=\"https:\/\/www.bielanoc.sk\/\" target=\"_blank\" rel=\"noopener\">www.bielanoc.sk<\/a><\/strong><\/p>\n<p><strong>Vstup vo\u013en\u00fd<\/strong><\/p>\n<div class=\"grid-container\"><div class=\"grid-container__item\"><div class=\"block\"><a href=\"https:\/\/www.visitbratislava.com\/wp-content\/uploads\/2016\/08\/maxresdefault-800x450-800x450.jpg\" data-fancybox=\"gallery\" data-caption=\"\"><div class=\"background\"><img src=\"https:\/\/www.visitbratislava.com\/wp-content\/uploads\/2016\/08\/maxresdefault-800x450-800x450.jpg\" alt=\"foto\"\/><\/div><div class=\"overlay filter-blue\"><div class=\"content\"><span class=\"zoom-button\"><\/span><\/div><\/div><\/a><\/div><\/div><div class=\"grid-container__item\"><div class=\"block\"><a href=\"https:\/\/www.visitbratislava.com\/wp-content\/uploads\/2016\/08\/Schody-800x533-800x533.jpg\" data-fancybox=\"gallery\" data-caption=\"\"><div class=\"background\" style=\"background-image: url(https:\/\/www.visitbratislava.com\/wp-content\/uploads\/2016\/08\/Schody-800x533-800x533.jpg)\"><\/div><div class=\"overlay filter-green\"><div class=\"content\"><span class=\"zoom-button\"><\/span><\/div><\/div><\/a><\/div><\/div><div class=\"grid-container__item\"><div class=\"block\" ><a href=\"https:\/\/www.visitbratislava.com\/wp-content\/uploads\/2016\/08\/Majak-800x594-800x594.png\" data-fancybox=\"gallery\" data-caption=\"\"><div class=\"background\" style=\"background-image: url(https:\/\/www.visitbratislava.com\/wp-content\/uploads\/2016\/08\/Majak-800x594-800x594.png)\"><\/div><div class=\"overlay filter-orange\"><div class=\"content\"><span class=\"zoom-button\"><\/span><\/div><\/div><\/a><\/div><\/div><div class=\"grid-container__item\"><div class=\"block\"><a href=\"https:\/\/www.visitbratislava.com\/wp-content\/uploads\/2016\/08\/Maotik_-Light-Bearers-2-1-800x514.jpg\" data-fancybox=\"gallery\" data-caption=\"\"><div class=\"background\" style=\"background-image: url(https:\/\/www.visitbratislava.com\/wp-content\/uploads\/2016\/08\/Maotik_-Light-Bearers-2-1-800x514.jpg)\"><\/div><div class=\"overlay filter-purple\"><div class=\"content\"><span class=\"zoom-button\"><\/span><\/div><\/div><\/a><\/div><\/div><div class=\"grid-container__item more\"><div class=\"block\" ><a class=\"more-link\"><div class=\"content show-more-gallery\"><span class=\"icon-camera\"><\/span><div class=\"title empathized\">&plus;3 Fotky<\/div><\/div><\/a><\/div><\/div><div class=\"d-none\"><div class=\"block block-inside image\"><a href=\"https:\/\/www.visitbratislava.com\/wp-content\/uploads\/2016\/08\/1960771_375118172638400_7085198398008737571_o-860x574-800x534.jpg\" data-fancybox=\"gallery\" data-caption=\"\"><div class=\"background\" data-equalizer-block=\"4\"><img src=\"https:\/\/www.visitbratislava.com\/wp-content\/uploads\/2016\/08\/1960771_375118172638400_7085198398008737571_o-860x574-384x384.jpg\" class=\"attachment-medium-crop size-medium-crop\" alt=\"\" loading=\"lazy\" data-interchange=\"[https:\/\/www.visitbratislava.com\/wp-content\/uploads\/2016\/08\/1960771_375118172638400_7085198398008737571_o-860x574-384x384.jpg, (default)], [https:\/\/www.visitbratislava.com\/wp-content\/uploads\/2016\/08\/1960771_375118172638400_7085198398008737571_o-860x574-384x384.jpg, (small)]\" title=\"1960771_375118172638400_7085198398008737571_o-860x574\" srcset=\"https:\/\/www.visitbratislava.com\/wp-content\/uploads\/2016\/08\/1960771_375118172638400_7085198398008737571_o-860x574-384x384.jpg 384w, https:\/\/www.visitbratislava.com\/wp-content\/uploads\/2016\/08\/1960771_375118172638400_7085198398008737571_o-860x574-150x150.jpg 150w, https:\/\/www.visitbratislava.com\/wp-content\/uploads\/2016\/08\/1960771_375118172638400_7085198398008737571_o-860x574-184x184.jpg 184w\" sizes=\"(max-width: 384px) 100vw, 384px\" \/><\/div><div class=\"overlay invert filter filter-blue\"><div class=\"content\"><span class=\"zoom-button\"><\/span><\/div><\/div><\/a><\/div><\/div><div class=\"d-none\"><div class=\"block block-inside image\"><a href=\"https:\/\/www.visitbratislava.com\/wp-content\/uploads\/2016\/08\/VIncent-Leroy-800x507-800x507.jpg\" data-fancybox=\"gallery\" data-caption=\"\"><div class=\"background\" data-equalizer-block=\"4\"><img src=\"https:\/\/www.visitbratislava.com\/wp-content\/uploads\/2016\/08\/VIncent-Leroy-800x507-384x384.jpg\" class=\"attachment-medium-crop size-medium-crop\" alt=\"\" loading=\"lazy\" data-interchange=\"[https:\/\/www.visitbratislava.com\/wp-content\/uploads\/2016\/08\/VIncent-Leroy-800x507-384x384.jpg, (default)], [https:\/\/www.visitbratislava.com\/wp-content\/uploads\/2016\/08\/VIncent-Leroy-800x507-384x384.jpg, (small)]\" title=\"vincent-leroy-800x507\" srcset=\"https:\/\/www.visitbratislava.com\/wp-content\/uploads\/2016\/08\/VIncent-Leroy-800x507-384x384.jpg 384w, https:\/\/www.visitbratislava.com\/wp-content\/uploads\/2016\/08\/VIncent-Leroy-800x507-150x150.jpg 150w, https:\/\/www.visitbratislava.com\/wp-content\/uploads\/2016\/08\/VIncent-Leroy-800x507-184x184.jpg 184w\" sizes=\"(max-width: 384px) 100vw, 384px\" \/><\/div><div class=\"overlay invert filter filter-green\"><div class=\"content\"><span class=\"zoom-button\"><\/span><\/div><\/div><\/a><\/div><\/div><div class=\"d-none\"><div class=\"block block-inside image\"><a href=\"https:\/\/www.visitbratislava.com\/wp-content\/uploads\/2016\/08\/Biela-Noc_Duch-mesta-e1473860985527-800x551-800x551.jpg\" data-fancybox=\"gallery\" data-caption=\"\"><div class=\"background\" data-equalizer-block=\"4\"><img src=\"https:\/\/www.visitbratislava.com\/wp-content\/uploads\/2016\/08\/Biela-Noc_Duch-mesta-e1473860985527-800x551-384x384.jpg\" class=\"attachment-medium-crop size-medium-crop\" alt=\"\" loading=\"lazy\" data-interchange=\"[https:\/\/www.visitbratislava.com\/wp-content\/uploads\/2016\/08\/Biela-Noc_Duch-mesta-e1473860985527-800x551-384x384.jpg, (default)], [https:\/\/www.visitbratislava.com\/wp-content\/uploads\/2016\/08\/Biela-Noc_Duch-mesta-e1473860985527-800x551-384x384.jpg, (small)]\" title=\"biela-noc_duch-mesta-e1473860985527-800x551\" srcset=\"https:\/\/www.visitbratislava.com\/wp-content\/uploads\/2016\/08\/Biela-Noc_Duch-mesta-e1473860985527-800x551-384x384.jpg 384w, https:\/\/www.visitbratislava.com\/wp-content\/uploads\/2016\/08\/Biela-Noc_Duch-mesta-e1473860985527-800x551-150x150.jpg 150w, https:\/\/www.visitbratislava.com\/wp-content\/uploads\/2016\/08\/Biela-Noc_Duch-mesta-e1473860985527-800x551-184x184.jpg 184w\" sizes=\"(max-width: 384px) 100vw, 384px\" \/><\/div><div class=\"overlay invert filter filter-fiord\"><div class=\"content\"><span class=\"zoom-button\"><\/span><\/div><\/div><\/a><\/div><\/div><\/div>\n","protected":false},"excerpt":{"rendered":"<p>Najv\u00e4\u010d\u0161\u00ed a najnav\u0161tevovanej\u0161\u00ed festival s\u00fa\u010dasn\u00e9ho umenia na Slovensku. Biela noc je prest\u00ed\u017eny medzin\u00e1rodn\u00fd umeleck\u00fd projekt, ktor\u00fd m\u00e1 za \u00falohu pribl\u00ed\u017ei\u0165 \u0161irokej verejnosti s\u00fa\u010dasn\u00e9 formy umenia ako aj netradi\u010dn\u00e9, nepoznan\u00e9 a v\u00fdznamn\u00e9 miesta eur\u00f3pskych metropol. Biela noc pon\u00faka n\u00e1v\u0161tevn\u00edkom\u00a0netradi\u010dn\u00fa umeleck\u00fa prech\u00e1dzku no\u010dn\u00fdm mestom pln\u00fa z\u00e1\u017eitkov a nov\u00fdch vnemov.\u00a0Po\u010das druhej okt\u00f3brovej soboty sa noc st\u00e1va d\u0148om a [&hellip;]<\/p>\n","protected":false},"featured_media":23422,"template":"","acf":[],"event_date":{"start_date":1507334400,"end_date":1507334400},"_links":{"self":[{"href":"https:\/\/www.visitbratislava.com\/sk\/wp-json\/wp\/v2\/event\/21880"}],"collection":[{"href":"https:\/\/www.visitbratislava.com\/sk\/wp-json\/wp\/v2\/event"}],"about":[{"href":"https:\/\/www.visitbratislava.com\/sk\/wp-json\/wp\/v2\/types\/event"}],"version-history":[{"count":0,"href":"https:\/\/www.visitbratislava.com\/sk\/wp-json\/wp\/v2\/event\/21880\/revisions"}],"wp:featuredmedia":[{"embeddable":true,"href":"https:\/\/www.visitbratislava.com\/sk\/wp-json\/wp\/v2\/media\/23422"}],"wp:attachment":[{"href":"https:\/\/www.visitbratislava.com\/sk\/wp-json\/wp\/v2\/media?parent=21880"}],"curies":[{"name":"wp","href":"https:\/\/api.w.org\/{rel}","templated":true}]}}

<p>Najväčší a najnavštevovanejší festival súčasného umenia na Slovensku. <strong>Biela noc</strong> je prestížny medzinárodný umelecký projekt, ktorý má za úlohu priblížiť širokej verejnosti súčasné formy umenia ako aj netradičné, nepoznané a významné miesta európskych metropol.</p>
<p>Biela noc ponúka návštevníkom netradičnú umeleckú prechádzku nočným mestom plnú zážitkov a nových vnemov. Počas druhej októbrovej soboty sa noc stáva dňom a ulice nočného mesta sa zaplnia ľuďmi a umením. Každý návštevník dostane umeleckú mapku, ktorá ho sprevádza rôznymi umeleckými zastávkami: vizuálne atraktívnymi inštaláciami, koncertami, filmami, rozličnými divadelnými predstaveniami, tancom, literatúrou, živou performance…</p>
<p>Biela noc vznikla v Paríži v roku 2002. V roku 2013 ju navštívilo viac ako dva a pol milióna ľudí. Z Paríža sa počas niekoľkých rokov projekt rozšíril aj do miest ako New York, Los Angeles, Chicago, Miami, Santa Monica, Montreal, Toronto, Rím, Tel Aviv, Gaza, Jeruzalem, Madrid, Brusel, Riga, Bukurešť, Amsterdam, Brighton, Turín, Naples, Petrohrad, Košice a Bratislava.</p>
<p><strong>Všetky informácie nájdete na <a href="https://www.bielanoc.sk/" target="_blank" rel="noopener">www.bielanoc.sk</a></strong></p>
<p><strong>Vstup voľný</strong></p>
<div class="grid-container"><div class="grid-container__item"><div class="block"><a href="https://www.visitbratislava.com/wp-content/uploads/2016/08/maxresdefault-800x450-800x450.jpg" data-fancybox="gallery" data-caption=""><div class="background"><img src="https://www.visitbratislava.com/wp-content/uploads/2016/08/maxresdefault-800x450-800x450.jpg" alt="foto"/></div><div class="overlay filter-blue"><div class="content"><span class="zoom-button"></span></div></div></a></div></div><div class="grid-container__item"><div class="block"><a href="https://www.visitbratislava.com/wp-content/uploads/2016/08/Schody-800x533-800x533.jpg" data-fancybox="gallery" data-caption=""><div class="background" style="background-image: url(https://www.visitbratislava.com/wp-content/uploads/2016/08/Schody-800x533-800x533.jpg)"></div><div class="overlay filter-green"><div class="content"><span class="zoom-button"></span></div></div></a></div></div><div class="grid-container__item"><div class="block" ><a href="https://www.visitbratislava.com/wp-content/uploads/2016/08/Majak-800x594-800x594.png" data-fancybox="gallery" data-caption=""><div class="background" style="background-image: url(https://www.visitbratislava.com/wp-content/uploads/2016/08/Majak-800x594-800x594.png)"></div><div class="overlay filter-orange"><div class="content"><span class="zoom-button"></span></div></div></a></div></div><div class="grid-container__item"><div class="block"><a href="https://www.visitbratislava.com/wp-content/uploads/2016/08/Maotik_-Light-Bearers-2-1-800x514.jpg" data-fancybox="gallery" data-caption=""><div class="background" style="background-image: url(https://www.visitbratislava.com/wp-content/uploads/2016/08/Maotik_-Light-Bearers-2-1-800x514.jpg)"></div><div class="overlay filter-purple"><div class="content"><span class="zoom-button"></span></div></div></a></div></div><div class="grid-container__item more"><div class="block" ><a class="more-link"><div class="content show-more-gallery"><span class="icon-camera"></span><div class="title empathized">&plus;3 Fotky</div></div></a></div></div><div class="d-none"><div class="block block-inside image"><a href="https://www.visitbratislava.com/wp-content/uploads/2016/08/1960771_375118172638400_7085198398008737571_o-860x574-800x534.jpg" data-fancybox="gallery" data-caption=""><div class="background" data-equalizer-block="4"><img src="https://www.visitbratislava.com/wp-content/uploads/2016/08/1960771_375118172638400_7085198398008737571_o-860x574-384x384.jpg" class="attachment-medium-crop size-medium-crop" alt="" loading="lazy" data-interchange="[https://www.visitbratislava.com/wp-content/uploads/2016/08/1960771_375118172638400_7085198398008737571_o-860x574-384x384.jpg, (default)], [https://www.visitbratislava.com/wp-content/uploads/2016/08/1960771_375118172638400_7085198398008737571_o-860x574-384x384.jpg, (small)]" title="1960771_375118172638400_7085198398008737571_o-860x574" srcset="https://www.visitbratislava.com/wp-content/uploads/2016/08/1960771_375118172638400_7085198398008737571_o-860x574-384x384.jpg 384w, https://www.visitbratislava.com/wp-content/uploads/2016/08/1960771_375118172638400_7085198398008737571_o-860x574-150x150.jpg 150w, https://www.visitbratislava.com/wp-content/uploads/2016/08/1960771_375118172638400_7085198398008737571_o-860x574-184x184.jpg 184w" sizes="(max-width: 384px) 100vw, 384px" /></div><div class="overlay invert filter filter-blue"><div class="content"><span class="zoom-button"></span></div></div></a></div></div><div class="d-none"><div class="block block-inside image"><a href="https://www.visitbratislava.com/wp-content/uploads/2016/08/VIncent-Leroy-800x507-800x507.jpg" data-fancybox="gallery" data-caption=""><div class="background" data-equalizer-block="4"><img src="https://www.visitbratislava.com/wp-content/uploads/2016/08/VIncent-Leroy-800x507-384x384.jpg" class="attachment-medium-crop size-medium-crop" alt="" loading="lazy" data-interchange="[https://www.visitbratislava.com/wp-content/uploads/2016/08/VIncent-Leroy-800x507-384x384.jpg, (default)], [https://www.visitbratislava.com/wp-content/uploads/2016/08/VIncent-Leroy-800x507-384x384.jpg, (small)]" title="vincent-leroy-800x507" srcset="https://www.visitbratislava.com/wp-content/uploads/2016/08/VIncent-Leroy-800x507-384x384.jpg 384w, https://www.visitbratislava.com/wp-content/uploads/2016/08/VIncent-Leroy-800x507-150x150.jpg 150w, https://www.visitbratislava.com/wp-content/uploads/2016/08/VIncent-Leroy-800x507-184x184.jpg 184w" sizes="(max-width: 384px) 100vw, 384px" /></div><div class="overlay invert filter filter-green"><div class="content"><span class="zoom-button"></span></div></div></a></div></div><div class="d-none"><div class="block block-inside image"><a href="https://www.visitbratislava.com/wp-content/uploads/2016/08/Biela-Noc_Duch-mesta-e1473860985527-800x551-800x551.jpg" data-fancybox="gallery" data-caption=""><div class="background" data-equalizer-block="4"><img src="https://www.visitbratislava.com/wp-content/uploads/2016/08/Biela-Noc_Duch-mesta-e1473860985527-800x551-384x384.jpg" class="attachment-medium-crop size-medium-crop" alt="" loading="lazy" data-interchange="[https://www.visitbratislava.com/wp-content/uploads/2016/08/Biela-Noc_Duch-mesta-e1473860985527-800x551-384x384.jpg, (default)], [https://www.visitbratislava.com/wp-content/uploads/2016/08/Biela-Noc_Duch-mesta-e1473860985527-800x551-384x384.jpg, (small)]" title="biela-noc_duch-mesta-e1473860985527-800x551" srcset="https://www.visitbratislava.com/wp-content/uploads/2016/08/Biela-Noc_Duch-mesta-e1473860985527-800x551-384x384.jpg 384w, https://www.visitbratislava.com/wp-content/uploads/2016/08/Biela-Noc_Duch-mesta-e1473860985527-800x551-150x150.jpg 150w, https://www.visitbratislava.com/wp-content/uploads/2016/08/Biela-Noc_Duch-mesta-e1473860985527-800x551-184x184.jpg 184w" sizes="(max-width: 384px) 100vw, 384px" /></div><div class="overlay invert filter filter-fiord"><div class="content"><span class="zoom-button"></span></div></div></a></div></div></div>

<p>Najväčší a najnavštevovanejší festival súčasného umenia na Slovensku. Biela noc je prestížny medzinárodný umelecký projekt, ktorý má za úlohu priblížiť širokej verejnosti súčasné formy umenia ako aj netradičné, nepoznané a významné miesta európskych metropol. Biela noc ponúka návštevníkom netradičnú umeleckú prechádzku nočným mestom plnú zážitkov a nových vnemov. Počas druhej októbrovej soboty sa noc stáva dňom a [&hellip;]</p>
