{"id":235779,"date":"2023-04-13T15:28:36","date_gmt":"2023-04-13T13:28:36","guid":{"rendered":"https:\/\/www.visitbratislava.com\/?post_type=event&#038;p=235779"},"modified":"2023-05-09T16:52:58","modified_gmt":"2023-05-09T14:52:58","slug":"urban-market-2023-jar","status":"publish","type":"event","link":"https:\/\/www.visitbratislava.com\/sk\/podujatia\/urban-market-2023-jar\/","title":{"rendered":"Urban Market 2023 jar"},"content":{"rendered":"<p>Jarn\u00fd Urban Market bude o pr\u00edbehoch. Stret\u00e1vame sa pravidelne, no mo\u017eno sa a\u017e tak nepozn\u00e1me. Vid\u00edme zn\u00e1my dizajn, za n\u00edm zn\u00e1mu usmiatu tv\u00e1r \u2013 <a href=\"https:\/\/urbanmarket.sk\/aktualni-predajcovia\/\" target=\"_blank\" rel=\"noopener\">no pozn\u00e1me ich pr\u00edbeh<\/a>?<\/p>\n<p>Cel\u00fd svet okolo n\u00e1s je zlo\u017een\u00fd z pr\u00edbehov. Rozpr\u00e1vali sa od nepam\u00e4ti \u2013 sl\u00fa\u017eia ako prostriedky prenosu vedomost\u00ed a trad\u00edci\u00ed, tvoria z\u00e1klad poznania \u013eudstva. My chceme po\u010du\u0165 tie va\u0161e, a preto jarn\u00fd Urban Market bude o:<\/p>\n<p>* pr\u00edbehoch dizajnu, jeho autorov a autoriek,<br \/>\n* pr\u00edbehoch, ktor\u00e9 viedli k tvorbe,<br \/>\n* pr\u00edbehoch o n\u00e1hod\u00e1ch a nehod\u00e1ch,<br \/>\n* pr\u00edbehoch, ktor\u00e9 in\u0161pirovali a motivovali, a m\u00f4\u017eu \u010falej in\u0161pirova\u0165 a motivova\u0165\u2026 alebo len pobavi\u0165!<\/p>\n<p><img loading=\"lazy\" class=\"alignnone wp-image-235721 size-full\" src=\"https:\/\/www.visitbratislava.com\/wp-content\/uploads\/2023\/04\/118456859_2948627798582157_7242072668696323368_o.jpg\" alt=\"\" width=\"655\" height=\"437\" srcset=\"https:\/\/www.visitbratislava.com\/wp-content\/uploads\/2023\/04\/118456859_2948627798582157_7242072668696323368_o.jpg 655w, https:\/\/www.visitbratislava.com\/wp-content\/uploads\/2023\/04\/118456859_2948627798582157_7242072668696323368_o-400x267.jpg 400w, https:\/\/www.visitbratislava.com\/wp-content\/uploads\/2023\/04\/118456859_2948627798582157_7242072668696323368_o-200x133.jpg 200w\" sizes=\"(max-width: 655px) 100vw, 655px\" \/><\/p>\n<div class=\"x11i5rnm xat24cr x1mh8g0r x1vvkbs xdj266r\"><strong>Na jarnom Urban Markete ur\u010dite nezostanete hladn\u00ed!\u00a0<\/strong><\/div>\n<div class=\"x11i5rnm xat24cr x1mh8g0r x1vvkbs xtlvy1s\">K\u00fdm vo vn\u00fatri Jurkovi\u010dovej Tepl\u00e1rne objav\u00edte a nak\u00fapite lok\u00e1lny autorsk\u00fd dizajn, v okolitom zelenom are\u00e1li SKY PARKu sa m\u00f4\u017eete te\u0161i\u0165 na foodtrucky s ponukou pouli\u010dn\u00fdch jed\u00e1l z cel\u00e9ho sveta. Exotick\u00e9 aj lok\u00e1lne \u2013 z ponuky si vyberie naozaj ka\u017ed\u00fd.<\/div>\n<div><img loading=\"lazy\" width=\"800\" height=\"419\" class=\"alignnone size-large wp-image-236507\" src=\"https:\/\/www.visitbratislava.com\/wp-content\/uploads\/2023\/04\/UM-23-spring-food-park-800x419.jpg\" alt=\"\" srcset=\"https:\/\/www.visitbratislava.com\/wp-content\/uploads\/2023\/04\/UM-23-spring-food-park-800x419.jpg 800w, https:\/\/www.visitbratislava.com\/wp-content\/uploads\/2023\/04\/UM-23-spring-food-park-400x209.jpg 400w, https:\/\/www.visitbratislava.com\/wp-content\/uploads\/2023\/04\/UM-23-spring-food-park-768x402.jpg 768w, https:\/\/www.visitbratislava.com\/wp-content\/uploads\/2023\/04\/UM-23-spring-food-park-1536x804.jpg 1536w, https:\/\/www.visitbratislava.com\/wp-content\/uploads\/2023\/04\/UM-23-spring-food-park-200x105.jpg 200w, https:\/\/www.visitbratislava.com\/wp-content\/uploads\/2023\/04\/UM-23-spring-food-park.jpg 2048w\" sizes=\"(max-width: 800px) 100vw, 800px\" \/><\/div>\n<div><\/div>\n<div><strong>Oplat\u00ed sa pr\u00eds\u0165 aj kv\u00f4li architekt\u00fare<\/strong><\/div>\n<p>Jurkovi\u010dova Tepl\u00e1re\u0148 je funkcionalistick\u00e1 budova, ktor\u00e1 bola p\u00f4vodne navrhnut\u00e1 architektom a zakladate\u013eom modernej architekt\u00fary na Slovensku \u2013 Du\u0161anom Jurkovi\u010dom. Budova bola vybudovan\u00e1 vo vtedaj\u0161ej industri\u00e1lnej \u010dasti Bratislavy v are\u00e1li rafin\u00e9rie miner\u00e1lnych olejov Apollo.<\/p>\n<p>V interi\u00e9ri s\u00fa\u010dasnej rekon\u0161trukcie architekti vyu\u017eili vo\u013en\u00fd priestor tak, \u017ee do\u0148 bezkontaktne vlo\u017eili nov\u00fa kon\u0161trukciu, v\u010faka ktorej vznikli nov\u00e9 plochy a podla\u017eia. Dalo by sa poveda\u0165, \u017ee podobne ako v pr\u00edpade obr\u00e1tenej pyram\u00eddy Slovensk\u00e9ho rozhlasu, ide o princ\u00edp budovy v budove.<\/p>\n<p><strong>MIESTO KONANIA:<br \/>\n<\/strong>Jurkovi\u010dov\u00e1 Tepl\u00e1re\u0148 \u2013 SKY PARK by Zaha Hadid<br \/>\nBottova 1, 811 09 Bratislava \u2013 Star\u00e9 Mesto<\/p>\n<p><strong>D\u00c1TUM KONANIA:<br \/>\n<\/strong>12. \u2013 14. 05. 2023<\/p>\n<p><strong>OTV\u00c1RACIE HODINY*:<\/strong><br \/>\nPiatok | 12. 05. 2023 | 16:00 \u2013 20:00<br \/>\nSobota | 13. 05. 2023 | 11:00 \u2013 20:00<br \/>\nNede\u013ea | 14. 05. 2023 | 11:00 \u2013 18:00<br \/>\n<em>*zmena otv\u00e1rac\u00edch hod\u00edn vyhraden\u00e1<\/em><\/p>\n","protected":false},"excerpt":{"rendered":"<p>Urban Market je jedine\u010dn\u00fdm, kult\u00farno\u2013spoloc\u030censk\u00fdm podujat\u00edm, ktor\u00e9 v sebe sp\u00e1ja \u017eiv\u00fd dizajnov\u00fd trh s\u00fac\u030casnej umeleckej a kreat\u00edvnej tvorby, prezent\u00e1ciu lok\u00e1lnej autorskej profesion\u00e1lnej m\u00f3dy, dizajnu a umenia, ako aj pestr\u00fd sprievodn\u00fd program, kreat\u00edvne aktivity a tvoriv\u00fdch l\u030cud\u00ed z r\u00f4znych odvetv\u00ed umenia v jednom c\u030case na jednom mieste.<\/p>\n","protected":false},"featured_media":235715,"template":"","acf":[],"event_date":{"start_date":1683849600,"end_date":1684022400},"_links":{"self":[{"href":"https:\/\/www.visitbratislava.com\/sk\/wp-json\/wp\/v2\/event\/235779"}],"collection":[{"href":"https:\/\/www.visitbratislava.com\/sk\/wp-json\/wp\/v2\/event"}],"about":[{"href":"https:\/\/www.visitbratislava.com\/sk\/wp-json\/wp\/v2\/types\/event"}],"version-history":[{"count":7,"href":"https:\/\/www.visitbratislava.com\/sk\/wp-json\/wp\/v2\/event\/235779\/revisions"}],"predecessor-version":[{"id":241022,"href":"https:\/\/www.visitbratislava.com\/sk\/wp-json\/wp\/v2\/event\/235779\/revisions\/241022"}],"wp:featuredmedia":[{"embeddable":true,"href":"https:\/\/www.visitbratislava.com\/sk\/wp-json\/wp\/v2\/media\/235715"}],"wp:attachment":[{"href":"https:\/\/www.visitbratislava.com\/sk\/wp-json\/wp\/v2\/media?parent=235779"}],"curies":[{"name":"wp","href":"https:\/\/api.w.org\/{rel}","templated":true}]}}

<p>Jarný Urban Market bude o príbehoch. Stretávame sa pravidelne, no možno sa až tak nepoznáme. Vidíme známy dizajn, za ním známu usmiatu tvár – <a href="https://urbanmarket.sk/aktualni-predajcovia/" target="_blank" rel="noopener">no poznáme ich príbeh</a>?</p>
<p>Celý svet okolo nás je zložený z príbehov. Rozprávali sa od nepamäti – slúžia ako prostriedky prenosu vedomostí a tradícií, tvoria základ poznania ľudstva. My chceme počuť tie vaše, a preto jarný Urban Market bude o:</p>
<p>* príbehoch dizajnu, jeho autorov a autoriek,<br />
* príbehoch, ktoré viedli k tvorbe,<br />
* príbehoch o náhodách a nehodách,<br />
* príbehoch, ktoré inšpirovali a motivovali, a môžu ďalej inšpirovať a motivovať… alebo len pobaviť!</p>
<p><img loading="lazy" class="alignnone wp-image-235721 size-full" src="https://www.visitbratislava.com/wp-content/uploads/2023/04/118456859_2948627798582157_7242072668696323368_o.jpg" alt="" width="655" height="437" srcset="https://www.visitbratislava.com/wp-content/uploads/2023/04/118456859_2948627798582157_7242072668696323368_o.jpg 655w, https://www.visitbratislava.com/wp-content/uploads/2023/04/118456859_2948627798582157_7242072668696323368_o-400x267.jpg 400w, https://www.visitbratislava.com/wp-content/uploads/2023/04/118456859_2948627798582157_7242072668696323368_o-200x133.jpg 200w" sizes="(max-width: 655px) 100vw, 655px" /></p>
<div class="x11i5rnm xat24cr x1mh8g0r x1vvkbs xdj266r"><strong>Na jarnom Urban Markete určite nezostanete hladní! </strong></div>
<div class="x11i5rnm xat24cr x1mh8g0r x1vvkbs xtlvy1s">Kým vo vnútri Jurkovičovej Teplárne objavíte a nakúpite lokálny autorský dizajn, v okolitom zelenom areáli SKY PARKu sa môžete tešiť na foodtrucky s ponukou pouličných jedál z celého sveta. Exotické aj lokálne – z ponuky si vyberie naozaj každý.</div>
<div><img loading="lazy" width="800" height="419" class="alignnone size-large wp-image-236507" src="https://www.visitbratislava.com/wp-content/uploads/2023/04/UM-23-spring-food-park-800x419.jpg" alt="" srcset="https://www.visitbratislava.com/wp-content/uploads/2023/04/UM-23-spring-food-park-800x419.jpg 800w, https://www.visitbratislava.com/wp-content/uploads/2023/04/UM-23-spring-food-park-400x209.jpg 400w, https://www.visitbratislava.com/wp-content/uploads/2023/04/UM-23-spring-food-park-768x402.jpg 768w, https://www.visitbratislava.com/wp-content/uploads/2023/04/UM-23-spring-food-park-1536x804.jpg 1536w, https://www.visitbratislava.com/wp-content/uploads/2023/04/UM-23-spring-food-park-200x105.jpg 200w, https://www.visitbratislava.com/wp-content/uploads/2023/04/UM-23-spring-food-park.jpg 2048w" sizes="(max-width: 800px) 100vw, 800px" /></div>
<div></div>
<div><strong>Oplatí sa prísť aj kvôli architektúre</strong></div>
<p>Jurkovičova Tepláreň je funkcionalistická budova, ktorá bola pôvodne navrhnutá architektom a zakladateľom modernej architektúry na Slovensku – Dušanom Jurkovičom. Budova bola vybudovaná vo vtedajšej industriálnej časti Bratislavy v areáli rafinérie minerálnych olejov Apollo.</p>
<p>V interiéri súčasnej rekonštrukcie architekti využili voľný priestor tak, že doň bezkontaktne vložili novú konštrukciu, vďaka ktorej vznikli nové plochy a podlažia. Dalo by sa povedať, že podobne ako v prípade obrátenej pyramídy Slovenského rozhlasu, ide o princíp budovy v budove.</p>
<p><strong>MIESTO KONANIA:<br />
</strong>Jurkovičová Tepláreň – SKY PARK by Zaha Hadid<br />
Bottova 1, 811 09 Bratislava – Staré Mesto</p>
<p><strong>DÁTUM KONANIA:<br />
</strong>12. – 14. 05. 2023</p>
<p><strong>OTVÁRACIE HODINY*:</strong><br />
Piatok | 12. 05. 2023 | 16:00 – 20:00<br />
Sobota | 13. 05. 2023 | 11:00 – 20:00<br />
Nedeľa | 14. 05. 2023 | 11:00 – 18:00<br />
<em>*zmena otváracích hodín vyhradená</em></p>

<p>Urban Market je jedinečným, kultúrno–spoločenským podujatím, ktoré v sebe spája živý dizajnový trh súčasnej umeleckej a kreatívnej tvorby, prezentáciu lokálnej autorskej profesionálnej módy, dizajnu a umenia, ako aj pestrý sprievodný program, kreatívne aktivity a tvorivých ľudí z rôznych odvetví umenia v jednom čase na jednom mieste.</p>
