{"id":237814,"date":"2023-04-20T11:41:02","date_gmt":"2023-04-20T09:41:02","guid":{"rendered":"https:\/\/www.visitbratislava.com\/?post_type=event&#038;p=237814"},"modified":"2023-04-20T11:48:19","modified_gmt":"2023-04-20T09:48:19","slug":"jiri-kroha-od-moderny-po-socialisticky-realizmus","status":"publish","type":"event","link":"https:\/\/www.visitbratislava.com\/sk\/podujatia\/jiri-kroha-od-moderny-po-socialisticky-realizmus\/","title":{"rendered":"Ji\u0159\u00ed Kroha &#8211; Od moderny po socialistick\u00fd realizmus"},"content":{"rendered":"<p><strong>Mnohostrann\u00e1 osobnos\u0165 architekta, maliara, soch\u00e1ra, sc\u00e9nografa, spisovate\u013ea a\u00a0pedag\u00f3ga<\/strong> Ji\u0159\u00edho Krohu, \u010dlena medzivojnovej avantgardy je v hist\u00f3rii v\u00fdtvarn\u00e9ho umenia jedine\u010dn\u00e1. Vo svojom umeleckom prejave <strong>vy\u0161iel z expresionizmu, pre\u0161iel \u00a0kubistick\u00fdm i\u00a0kon\u0161truktivistick\u00fdm obdob\u00edm, cez purizmus a funkcionalizmus<\/strong> a\u00a0vzh\u013eadom k\u00a0jeho siln\u00e9mu soci\u00e1lnemu c\u00edteniu a \u013eavicovej orient\u00e1cii tvoril po roku 1948 v\u00a0duchu <strong>socialistick\u00e9ho realizmu<\/strong>.<\/p>\n<p><img loading=\"lazy\" width=\"2560\" height=\"1802\" class=\"alignnone size-full wp-image-237803\" src=\"https:\/\/www.visitbratislava.com\/wp-content\/uploads\/2023\/04\/20230418_164037-scaled.jpg\" alt=\"\" srcset=\"https:\/\/www.visitbratislava.com\/wp-content\/uploads\/2023\/04\/20230418_164037-scaled.jpg 2560w, https:\/\/www.visitbratislava.com\/wp-content\/uploads\/2023\/04\/20230418_164037-400x282.jpg 400w, https:\/\/www.visitbratislava.com\/wp-content\/uploads\/2023\/04\/20230418_164037-800x563.jpg 800w, https:\/\/www.visitbratislava.com\/wp-content\/uploads\/2023\/04\/20230418_164037-768x540.jpg 768w, https:\/\/www.visitbratislava.com\/wp-content\/uploads\/2023\/04\/20230418_164037-1536x1081.jpg 1536w, https:\/\/www.visitbratislava.com\/wp-content\/uploads\/2023\/04\/20230418_164037-2048x1441.jpg 2048w, https:\/\/www.visitbratislava.com\/wp-content\/uploads\/2023\/04\/20230418_164037-200x141.jpg 200w\" sizes=\"(max-width: 2560px) 100vw, 2560px\" \/><\/p>\n<h3>Sociologick\u00e9 fragmenty v kol\u00e1\u017each<\/h3>\n<p><strong>Vrcholn\u00fdm dielom Ji\u0159\u00edho Krohu v oblasti sociol\u00f3gie je s\u00fabor obrazov\u00fdch kol\u00e1\u017e\u00ed tzv. Sociologick\u00fd fragment b\u00fdvania<\/strong> (1930 \u2013 1933), kde <strong>na z\u00e1klade v\u00fdskumu jednotliv\u00fdch soci\u00e1lnych tried definoval soci\u00e1lny \u0161tandard b\u00fdvania v nieko\u013ek\u00fdch oblastiach napr.: hygiena, vo\u013en\u00fd \u010das, odievanie, zdravie, ako aj sp\u00e1nok, rodina \u010di sexualita.<\/strong> Krohov\u00a0 monument\u00e1lny cyklus kol\u00e1\u017e\u00ed Sociologick\u00fd fragment b\u00fdvania odr\u00e1\u017ea v \u0161tatistick\u00fdch \u00fadajoch a obrazoch soci\u00e1lne pomery medzivojnov\u00e9ho obdobia v \u010ceskoslovensku.<\/p>\n<p><img loading=\"lazy\" width=\"2560\" height=\"1750\" class=\"alignnone size-full wp-image-237809\" src=\"https:\/\/www.visitbratislava.com\/wp-content\/uploads\/2023\/04\/20230418_164317-scaled.jpg\" alt=\"\" srcset=\"https:\/\/www.visitbratislava.com\/wp-content\/uploads\/2023\/04\/20230418_164317-scaled.jpg 2560w, https:\/\/www.visitbratislava.com\/wp-content\/uploads\/2023\/04\/20230418_164317-400x273.jpg 400w, https:\/\/www.visitbratislava.com\/wp-content\/uploads\/2023\/04\/20230418_164317-800x547.jpg 800w, https:\/\/www.visitbratislava.com\/wp-content\/uploads\/2023\/04\/20230418_164317-768x525.jpg 768w, https:\/\/www.visitbratislava.com\/wp-content\/uploads\/2023\/04\/20230418_164317-1536x1050.jpg 1536w, https:\/\/www.visitbratislava.com\/wp-content\/uploads\/2023\/04\/20230418_164317-2048x1400.jpg 2048w, https:\/\/www.visitbratislava.com\/wp-content\/uploads\/2023\/04\/20230418_164317-200x137.jpg 200w\" sizes=\"(max-width: 2560px) 100vw, 2560px\" \/><\/p>\n","protected":false},"excerpt":{"rendered":"<p>V\u00fdstava predstavuje zlo\u017eit\u00fa osobnos\u0165 a umeleck\u00fd v\u00fdvoj pozoruhodn\u00e9ho architekta a v\u00fdtvarn\u00e9ho umelca 20. storo\u010dia v \u010ceskoslovensku<\/p>\n","protected":false},"featured_media":237797,"template":"","acf":[],"event_date":{"start_date":1681862400,"end_date":1694304000},"_links":{"self":[{"href":"https:\/\/www.visitbratislava.com\/sk\/wp-json\/wp\/v2\/event\/237814"}],"collection":[{"href":"https:\/\/www.visitbratislava.com\/sk\/wp-json\/wp\/v2\/event"}],"about":[{"href":"https:\/\/www.visitbratislava.com\/sk\/wp-json\/wp\/v2\/types\/event"}],"version-history":[{"count":6,"href":"https:\/\/www.visitbratislava.com\/sk\/wp-json\/wp\/v2\/event\/237814\/revisions"}],"predecessor-version":[{"id":237817,"href":"https:\/\/www.visitbratislava.com\/sk\/wp-json\/wp\/v2\/event\/237814\/revisions\/237817"}],"wp:featuredmedia":[{"embeddable":true,"href":"https:\/\/www.visitbratislava.com\/sk\/wp-json\/wp\/v2\/media\/237797"}],"wp:attachment":[{"href":"https:\/\/www.visitbratislava.com\/sk\/wp-json\/wp\/v2\/media?parent=237814"}],"curies":[{"name":"wp","href":"https:\/\/api.w.org\/{rel}","templated":true}]}}

Jiří Kroha &#8211; Od moderny po socialistický realizmus

<p><strong>Mnohostranná osobnosť architekta, maliara, sochára, scénografa, spisovateľa a pedagóga</strong> Jiřího Krohu, člena medzivojnovej avantgardy je v histórii výtvarného umenia jedinečná. Vo svojom umeleckom prejave <strong>vyšiel z expresionizmu, prešiel  kubistickým i konštruktivistickým obdobím, cez purizmus a funkcionalizmus</strong> a vzhľadom k jeho silnému sociálnemu cíteniu a ľavicovej orientácii tvoril po roku 1948 v duchu <strong>socialistického realizmu</strong>.</p>
<p><img loading="lazy" width="2560" height="1802" class="alignnone size-full wp-image-237803" src="https://www.visitbratislava.com/wp-content/uploads/2023/04/20230418_164037-scaled.jpg" alt="" srcset="https://www.visitbratislava.com/wp-content/uploads/2023/04/20230418_164037-scaled.jpg 2560w, https://www.visitbratislava.com/wp-content/uploads/2023/04/20230418_164037-400x282.jpg 400w, https://www.visitbratislava.com/wp-content/uploads/2023/04/20230418_164037-800x563.jpg 800w, https://www.visitbratislava.com/wp-content/uploads/2023/04/20230418_164037-768x540.jpg 768w, https://www.visitbratislava.com/wp-content/uploads/2023/04/20230418_164037-1536x1081.jpg 1536w, https://www.visitbratislava.com/wp-content/uploads/2023/04/20230418_164037-2048x1441.jpg 2048w, https://www.visitbratislava.com/wp-content/uploads/2023/04/20230418_164037-200x141.jpg 200w" sizes="(max-width: 2560px) 100vw, 2560px" /></p>
<h3>Sociologické fragmenty v kolážach</h3>
<p><strong>Vrcholným dielom Jiřího Krohu v oblasti sociológie je súbor obrazových koláží tzv. Sociologický fragment bývania</strong> (1930 – 1933), kde <strong>na základe výskumu jednotlivých sociálnych tried definoval sociálny štandard bývania v niekoľkých oblastiach napr.: hygiena, voľný čas, odievanie, zdravie, ako aj spánok, rodina či sexualita.</strong> Krohov  monumentálny cyklus koláží Sociologický fragment bývania odráža v štatistických údajoch a obrazoch sociálne pomery medzivojnového obdobia v Československu.</p>
<p><img loading="lazy" width="2560" height="1750" class="alignnone size-full wp-image-237809" src="https://www.visitbratislava.com/wp-content/uploads/2023/04/20230418_164317-scaled.jpg" alt="" srcset="https://www.visitbratislava.com/wp-content/uploads/2023/04/20230418_164317-scaled.jpg 2560w, https://www.visitbratislava.com/wp-content/uploads/2023/04/20230418_164317-400x273.jpg 400w, https://www.visitbratislava.com/wp-content/uploads/2023/04/20230418_164317-800x547.jpg 800w, https://www.visitbratislava.com/wp-content/uploads/2023/04/20230418_164317-768x525.jpg 768w, https://www.visitbratislava.com/wp-content/uploads/2023/04/20230418_164317-1536x1050.jpg 1536w, https://www.visitbratislava.com/wp-content/uploads/2023/04/20230418_164317-2048x1400.jpg 2048w, https://www.visitbratislava.com/wp-content/uploads/2023/04/20230418_164317-200x137.jpg 200w" sizes="(max-width: 2560px) 100vw, 2560px" /></p>

<p>Výstava predstavuje zložitú osobnosť a umelecký vývoj pozoruhodného architekta a výtvarného umelca 20. storočia v Československu</p>
