{"id":24021,"date":"2016-10-01T11:56:30","date_gmt":"2016-10-01T09:56:30","guid":{"rendered":"https:\/\/www.visitbratislava.com\/sk\/?post_type=event&#038;p=24021"},"modified":"2026-09-01T13:59:32","modified_gmt":"2026-09-01T11:59:32","slug":"bratislava-v-pohybe","status":"publish","type":"event","link":"https:\/\/www.visitbratislava.com\/sk\/podujatia\/bratislava-v-pohybe\/","title":{"rendered":"Bratislava v pohybe"},"content":{"rendered":"<p>Jubilejn\u00fd 30. ro\u010dn\u00edk medzin\u00e1rodn\u00e9ho festivalu s\u00fa\u010dasn\u00e9ho tanca <strong>Bratislava v pohybe<\/strong> prinesie do hlavn\u00e9ho mesta v\u00fdnimo\u010dn\u00e9 predstavenia renomovan\u00fdch choreografov a tane\u010dn\u00fdch s\u00faborov z celej Eur\u00f3py. Festival u\u017e tri desa\u0165ro\u010dia predstavuje to najzauj\u00edmavej\u0161ie zo sveta s\u00fa\u010dasn\u00e9ho tanca a patr\u00ed medzi najv\u00fdznamnej\u0161ie kult\u00farne podujatia svojho druhu na Slovensku.<\/p>\n<div>\n<p>Od <strong>14. do 26. okt\u00f3bra 2026<\/strong> o\u017eij\u00fa viacer\u00e9 bratislavsk\u00e9 kult\u00farne priestory predstaveniami z Franc\u00fazska, \u0160panielska, Litvy a Slovenska. Div\u00e1ci sa m\u00f4\u017eu te\u0161i\u0165 na origin\u00e1lne choreografie, siln\u00e9 umeleck\u00e9 v\u00fdpovede a jedine\u010dn\u00e9 spojenie pohybu, hudby a s\u00fa\u010dasn\u00e9ho divadla.<\/p>\n<p>Festivalov\u00e9 predstavenia sa uskuto\u010dnia v priestoroch <strong>Divadla Ar\u00e9na, A4, Novej Cvernovky a Slovensk\u00e9ho n\u00e1rodn\u00e9ho divadla<\/strong>. Program pon\u00fakne medzin\u00e1rodne oce\u0148ovan\u00fdch umelcov aj zauj\u00edmav\u00e9 projekty dom\u00e1cej tane\u010dnej sc\u00e9ny.<\/p>\n<h3>To najzauj\u00edmavej\u0161ie z programu<\/h3>\n<ul>\n<li>Rebecca Journo \/ La Pieuvre (Franc\u00fazsko): <em>Portrait<\/em><\/li>\n<li>Salim Mze Hamadi Moissi (\u0160panielsko\/Franc\u00fazsko): <em>L&#8217;EXPAT<\/em><\/li>\n<li>Oulouy (\u0160panielsko\/Franc\u00fazsko): <em>BLACK<\/em><\/li>\n<li>Agniete Lisickinaite &amp; Igor Shugaleev (Litva): <em>CLAP &amp; SLAP<\/em><\/li>\n<li>Inka Roman\u00ed (\u0160panielsko): <em>VOLVAMOS AL BAILE<\/em><\/li>\n<li>Peter \u0160avel &amp; kolekt\u00edv (Slovensko): <em>WHAT THE FOLK<\/em><\/li>\n<li>Le\u00efla Ka (Franc\u00fazsko): <em>MALDONNE<\/em><\/li>\n<\/ul>\n<p>Bratislava v pohybe je ide\u00e1lnou pr\u00edle\u017eitos\u0165ou objavi\u0165 s\u00fa\u010dasn\u00fd tanec v celej jeho rozmanitosti a za\u017ei\u0165 Bratislavu ako mesto otvoren\u00e9 medzin\u00e1rodn\u00e9mu umeniu a nov\u00fdm kult\u00farnym impulzom.<\/p>\n<p><a href=\"https:\/\/www.bratislavavpohybe.sk\/\" target=\"_blank\" rel=\"noopener\"><strong>Viac inform\u00e1ci\u00ed a kompletn\u00fd program.<\/strong><\/a><\/p>\n<p><img loading=\"lazy\" width=\"820\" height=\"461\" class=\"alignnone size-full wp-image-460476\" src=\"https:\/\/www.visitbratislava.com\/wp-content\/uploads\/2016\/10\/42155533-80ca-469f-89b9-4edc907ebe4a.jpg\" alt=\"\" srcset=\"https:\/\/www.visitbratislava.com\/wp-content\/uploads\/2016\/10\/42155533-80ca-469f-89b9-4edc907ebe4a.jpg 820w, https:\/\/www.visitbratislava.com\/wp-content\/uploads\/2016\/10\/42155533-80ca-469f-89b9-4edc907ebe4a-400x225.jpg 400w, https:\/\/www.visitbratislava.com\/wp-content\/uploads\/2016\/10\/42155533-80ca-469f-89b9-4edc907ebe4a-800x450.jpg 800w, https:\/\/www.visitbratislava.com\/wp-content\/uploads\/2016\/10\/42155533-80ca-469f-89b9-4edc907ebe4a-768x432.jpg 768w, https:\/\/www.visitbratislava.com\/wp-content\/uploads\/2016\/10\/42155533-80ca-469f-89b9-4edc907ebe4a-200x112.jpg 200w\" sizes=\"(max-width: 820px) 100vw, 820px\" \/><\/p>\n<\/div>\n","protected":false},"excerpt":{"rendered":"<p>Jubilejn\u00fd 30. ro\u010dn\u00edk festivalu Bratislava v pohybe prinesie od 14. do 26. okt\u00f3bra 2026 \u0161pi\u010dkov\u00e9 predstavenia s\u00fa\u010dasn\u00e9ho tanca z Eur\u00f3py aj Slovenska.<\/p>\n","protected":false},"featured_media":294804,"template":"","acf":[],"event_date":{"start_date":1791936000,"end_date":1792972800},"_links":{"self":[{"href":"https:\/\/www.visitbratislava.com\/sk\/wp-json\/wp\/v2\/event\/24021"}],"collection":[{"href":"https:\/\/www.visitbratislava.com\/sk\/wp-json\/wp\/v2\/event"}],"about":[{"href":"https:\/\/www.visitbratislava.com\/sk\/wp-json\/wp\/v2\/types\/event"}],"version-history":[{"count":45,"href":"https:\/\/www.visitbratislava.com\/sk\/wp-json\/wp\/v2\/event\/24021\/revisions"}],"predecessor-version":[{"id":460483,"href":"https:\/\/www.visitbratislava.com\/sk\/wp-json\/wp\/v2\/event\/24021\/revisions\/460483"}],"wp:featuredmedia":[{"embeddable":true,"href":"https:\/\/www.visitbratislava.com\/sk\/wp-json\/wp\/v2\/media\/294804"}],"wp:attachment":[{"href":"https:\/\/www.visitbratislava.com\/sk\/wp-json\/wp\/v2\/media?parent=24021"}],"curies":[{"name":"wp","href":"https:\/\/api.w.org\/{rel}","templated":true}]}}

<p>Jubilejný 30. ročník medzinárodného festivalu súčasného tanca <strong>Bratislava v pohybe</strong> prinesie do hlavného mesta výnimočné predstavenia renomovaných choreografov a tanečných súborov z celej Európy. Festival už tri desaťročia predstavuje to najzaujímavejšie zo sveta súčasného tanca a patrí medzi najvýznamnejšie kultúrne podujatia svojho druhu na Slovensku.</p>
<div>
<p>Od <strong>14. do 26. októbra 2026</strong> ožijú viaceré bratislavské kultúrne priestory predstaveniami z Francúzska, Španielska, Litvy a Slovenska. Diváci sa môžu tešiť na originálne choreografie, silné umelecké výpovede a jedinečné spojenie pohybu, hudby a súčasného divadla.</p>
<p>Festivalové predstavenia sa uskutočnia v priestoroch <strong>Divadla Aréna, A4, Novej Cvernovky a Slovenského národného divadla</strong>. Program ponúkne medzinárodne oceňovaných umelcov aj zaujímavé projekty domácej tanečnej scény.</p>
<h3>To najzaujímavejšie z programu</h3>
<ul>
<li>Rebecca Journo / La Pieuvre (Francúzsko): <em>Portrait</em></li>
<li>Salim Mze Hamadi Moissi (Španielsko/Francúzsko): <em>L&#8217;EXPAT</em></li>
<li>Oulouy (Španielsko/Francúzsko): <em>BLACK</em></li>
<li>Agniete Lisickinaite &amp; Igor Shugaleev (Litva): <em>CLAP &amp; SLAP</em></li>
<li>Inka Romaní (Španielsko): <em>VOLVAMOS AL BAILE</em></li>
<li>Peter Šavel &amp; kolektív (Slovensko): <em>WHAT THE FOLK</em></li>
<li>Leïla Ka (Francúzsko): <em>MALDONNE</em></li>
</ul>
<p>Bratislava v pohybe je ideálnou príležitosťou objaviť súčasný tanec v celej jeho rozmanitosti a zažiť Bratislavu ako mesto otvorené medzinárodnému umeniu a novým kultúrnym impulzom.</p>
<p><a href="https://www.bratislavavpohybe.sk/" target="_blank" rel="noopener"><strong>Viac informácií a kompletný program.</strong></a></p>
<p><img loading="lazy" width="820" height="461" class="alignnone size-full wp-image-460476" src="https://www.visitbratislava.com/wp-content/uploads/2016/10/42155533-80ca-469f-89b9-4edc907ebe4a.jpg" alt="" srcset="https://www.visitbratislava.com/wp-content/uploads/2016/10/42155533-80ca-469f-89b9-4edc907ebe4a.jpg 820w, https://www.visitbratislava.com/wp-content/uploads/2016/10/42155533-80ca-469f-89b9-4edc907ebe4a-400x225.jpg 400w, https://www.visitbratislava.com/wp-content/uploads/2016/10/42155533-80ca-469f-89b9-4edc907ebe4a-800x450.jpg 800w, https://www.visitbratislava.com/wp-content/uploads/2016/10/42155533-80ca-469f-89b9-4edc907ebe4a-768x432.jpg 768w, https://www.visitbratislava.com/wp-content/uploads/2016/10/42155533-80ca-469f-89b9-4edc907ebe4a-200x112.jpg 200w" sizes="(max-width: 820px) 100vw, 820px" /></p>
</div>

<p>Jubilejný 30. ročník festivalu Bratislava v pohybe prinesie od 14. do 26. októbra 2026 špičkové predstavenia súčasného tanca z Európy aj Slovenska.</p>
