{"id":244341,"date":"2023-05-26T15:19:08","date_gmt":"2023-05-26T13:19:08","guid":{"rendered":"https:\/\/www.visitbratislava.com\/?post_type=event&#038;p=244341"},"modified":"2024-08-30T09:07:34","modified_gmt":"2024-08-30T07:07:34","slug":"hortus-artis","status":"publish","type":"event","link":"https:\/\/www.visitbratislava.com\/sk\/podujatia\/hortus-artis\/","title":{"rendered":"Hortus Artis"},"content":{"rendered":"<p>Letn\u00fd <strong>open air koncertn\u00fd cyklus komornej hudby<\/strong> na najstar\u0161ej ulici v Bratislave pripom\u00edna a rozv\u00edja trad\u00edciu pestovania hudby v podmanivom prostred\u00ed historickej \u010dasti hlavn\u00e9ho mesta.<\/p>\n<p><strong>Cyklus deviatich koncertov<\/strong>, v ktor\u00fdch odznie vy\u0161e <strong>50 skladieb a \u00fa\u010dinkuje v nich vy\u0161e 30 vynikaj\u00facich interpretov<\/strong> spr\u00edjemn\u00ed n\u00e1v\u0161tevn\u00edkom dev\u00e4\u0165<strong> letn\u00fdch nede\u013en\u00fdch podve\u010derov<\/strong>.<\/p>\n<p>Pozrite si \u00fapln\u00fd program v preh\u013eadnej bro\u017e\u00fare:<a href=\"https:\/\/www.visitbratislava.com\/wp-content\/uploads\/2023\/05\/Hortus-Artis-2024-Leaflet.pdf\"> Hortus Artis 2024 Leaflet.<\/a><\/p>\n<p><img loading=\"lazy\" width=\"1500\" height=\"1000\" class=\"alignnone size-full wp-image-244356\" src=\"https:\/\/www.visitbratislava.com\/wp-content\/uploads\/2023\/05\/Albrechtov-dom-z-ich-webu-1.jpg\" alt=\"\" srcset=\"https:\/\/www.visitbratislava.com\/wp-content\/uploads\/2023\/05\/Albrechtov-dom-z-ich-webu-1.jpg 1500w, https:\/\/www.visitbratislava.com\/wp-content\/uploads\/2023\/05\/Albrechtov-dom-z-ich-webu-1-400x267.jpg 400w, https:\/\/www.visitbratislava.com\/wp-content\/uploads\/2023\/05\/Albrechtov-dom-z-ich-webu-1-800x533.jpg 800w, https:\/\/www.visitbratislava.com\/wp-content\/uploads\/2023\/05\/Albrechtov-dom-z-ich-webu-1-768x512.jpg 768w, https:\/\/www.visitbratislava.com\/wp-content\/uploads\/2023\/05\/Albrechtov-dom-z-ich-webu-1-200x133.jpg 200w\" sizes=\"(max-width: 1500px) 100vw, 1500px\" \/> <em><span style=\"font-size: 8pt;\">Foto: Dom Albrechtovcov<\/span><\/em><\/p>\n<p><a href=\"https:\/\/www.ticketportal.sk\/nevent\/HORTUS-ARTIS-2024\" target=\"_blank\" rel=\"noopener\"><strong>L\u00edstky<\/strong><\/a><\/p>\n<p><a href=\"https:\/\/www.albrechtforum.com\/event\/letny-festival-hortus-artis-2024-cachua-serranita\">1. j\u00fala 2024 \/ pondelok\u00a0 CACHUA SERRANITA \u2013 Collegium Marianum (CZ)<\/a><\/p>\n<p><a href=\"https:\/\/www.albrechtforum.com\/event\/letny-festival-hortus-artis-2024-polsky\">7. j\u00fala 2024 \/ nede\u013ea\u00a0 POLSKY \u2013 Messages Quartet (PL)<\/a><\/p>\n<p><a href=\"https:\/\/www.albrechtforum.com\/event\/letny-festival-hortus-artis-2024-znovu-objavene\">14. j\u00fala \/ nede\u013ea\u00a0 ZNOVU OBJAVEN\u00c9 \u2013 Dainiel Rumler, Martin Ruman, Jozef Lupt\u00e1k (SK)<\/a><\/p>\n<p><a href=\"https:\/\/www.albrechtforum.com\/event\/letny-festival-hortus-artis-2024-the-story\">21. j\u00fala \/ nede\u013ea\u00a0 THE STORY \u2013 Pressburg Saxof\u00f3n Quartet (SK)<\/a><\/p>\n<p><a href=\"https:\/\/www.albrechtforum.com\/event\/letny-festival-hortus-artis-2024-k-pramenom\">28. j\u00fala \/ nede\u013ea\u00a0 K PRAME\u0147OM \u2013 Mucha Quartet (SK)<\/a><\/p>\n<p><a href=\"https:\/\/www.albrechtforum.com\/event\/letny-festival-hortus-artis-2024-alla-czeca\">4. augusta \/ nede\u013ea\u00a0 ALLA CZECA \u2013 Kukal Quartet (CZ)<\/a><\/p>\n<p><a href=\"https:\/\/www.albrechtforum.com\/event\/letny-festival-hortus-artis-2024-misterios-del-amor\">18. augusta \/ nede\u013ea\u00a0 MISTERIOS DEL AMOR \u2013 Plaisirs de Musiques (CZ)<\/a><\/p>\n<p><a href=\"https:\/\/www.albrechtforum.com\/event\/letny-festival-hortus-artis-2024-musica-globus\">25. augusta \/ nede\u013ea\u00a0 MUSICA GLOBUS \u2013 Solemente naturali (SK, CZ)<\/a><\/p>\n<p><a href=\"https:\/\/www.albrechtforum.com\/event\/letny-festival-hortus-artis-2024-carodejna-laska\">1. septembra \/ nede\u013ea\u00a0 \u010cARODEJN\u00c1 L\u00c1SKA \u2013 Eva \u0160u\u0161kov\u00e1 a Bratislavsk\u00e9 gitarov\u00e9 kvarteto (SK, GR)<\/a><\/p>\n<p><a href=\"https:\/\/www.albrechtforum.com\/event\/letny-festival-hortus-artis-2024-styria-hudci\">8. septembra \/ nede\u013ea\u00a0 \u0160TYRIA HUDCI \u2013 Simona Hulejov\u00e1 a Spectrum Quartett (SK)<\/a><\/p>\n<p><img loading=\"lazy\" width=\"1365\" height=\"2048\" class=\"alignnone size-full wp-image-244371\" src=\"https:\/\/www.visitbratislava.com\/wp-content\/uploads\/2023\/05\/hortus-artis-albrecht.jpg\" alt=\"\" srcset=\"https:\/\/www.visitbratislava.com\/wp-content\/uploads\/2023\/05\/hortus-artis-albrecht.jpg 1365w, https:\/\/www.visitbratislava.com\/wp-content\/uploads\/2023\/05\/hortus-artis-albrecht-267x400.jpg 267w, https:\/\/www.visitbratislava.com\/wp-content\/uploads\/2023\/05\/hortus-artis-albrecht-533x800.jpg 533w, https:\/\/www.visitbratislava.com\/wp-content\/uploads\/2023\/05\/hortus-artis-albrecht-768x1152.jpg 768w, https:\/\/www.visitbratislava.com\/wp-content\/uploads\/2023\/05\/hortus-artis-albrecht-1024x1536.jpg 1024w, https:\/\/www.visitbratislava.com\/wp-content\/uploads\/2023\/05\/hortus-artis-albrecht-133x200.jpg 133w\" sizes=\"(max-width: 1365px) 100vw, 1365px\" \/><\/p>\n","protected":false},"excerpt":{"rendered":"<p>Cyklus komorn\u00fdch koncertov v \u010darovnej z\u00e1hrade Domu Albrechtovcov<\/p>\n","protected":false},"featured_media":244377,"template":"","acf":[],"event_date":{"start_date":1719792000,"end_date":1725753600},"_links":{"self":[{"href":"https:\/\/www.visitbratislava.com\/sk\/wp-json\/wp\/v2\/event\/244341"}],"collection":[{"href":"https:\/\/www.visitbratislava.com\/sk\/wp-json\/wp\/v2\/event"}],"about":[{"href":"https:\/\/www.visitbratislava.com\/sk\/wp-json\/wp\/v2\/types\/event"}],"version-history":[{"count":18,"href":"https:\/\/www.visitbratislava.com\/sk\/wp-json\/wp\/v2\/event\/244341\/revisions"}],"predecessor-version":[{"id":308150,"href":"https:\/\/www.visitbratislava.com\/sk\/wp-json\/wp\/v2\/event\/244341\/revisions\/308150"}],"wp:featuredmedia":[{"embeddable":true,"href":"https:\/\/www.visitbratislava.com\/sk\/wp-json\/wp\/v2\/media\/244377"}],"wp:attachment":[{"href":"https:\/\/www.visitbratislava.com\/sk\/wp-json\/wp\/v2\/media?parent=244341"}],"curies":[{"name":"wp","href":"https:\/\/api.w.org\/{rel}","templated":true}]}}

<p>Letný <strong>open air koncertný cyklus komornej hudby</strong> na najstaršej ulici v Bratislave pripomína a rozvíja tradíciu pestovania hudby v podmanivom prostredí historickej časti hlavného mesta.</p>
<p><strong>Cyklus deviatich koncertov</strong>, v ktorých odznie vyše <strong>50 skladieb a účinkuje v nich vyše 30 vynikajúcich interpretov</strong> spríjemní návštevníkom deväť<strong> letných nedeľných podvečerov</strong>.</p>
<p>Pozrite si úplný program v prehľadnej brožúre:<a href="https://www.visitbratislava.com/wp-content/uploads/2023/05/Hortus-Artis-2024-Leaflet.pdf"> Hortus Artis 2024 Leaflet.</a></p>
<p><img loading="lazy" width="1500" height="1000" class="alignnone size-full wp-image-244356" src="https://www.visitbratislava.com/wp-content/uploads/2023/05/Albrechtov-dom-z-ich-webu-1.jpg" alt="" srcset="https://www.visitbratislava.com/wp-content/uploads/2023/05/Albrechtov-dom-z-ich-webu-1.jpg 1500w, https://www.visitbratislava.com/wp-content/uploads/2023/05/Albrechtov-dom-z-ich-webu-1-400x267.jpg 400w, https://www.visitbratislava.com/wp-content/uploads/2023/05/Albrechtov-dom-z-ich-webu-1-800x533.jpg 800w, https://www.visitbratislava.com/wp-content/uploads/2023/05/Albrechtov-dom-z-ich-webu-1-768x512.jpg 768w, https://www.visitbratislava.com/wp-content/uploads/2023/05/Albrechtov-dom-z-ich-webu-1-200x133.jpg 200w" sizes="(max-width: 1500px) 100vw, 1500px" /> <em><span style="font-size: 8pt;">Foto: Dom Albrechtovcov</span></em></p>
<p><a href="https://www.ticketportal.sk/nevent/HORTUS-ARTIS-2024" target="_blank" rel="noopener"><strong>Lístky</strong></a></p>
<p><a href="https://www.albrechtforum.com/event/letny-festival-hortus-artis-2024-cachua-serranita">1. júla 2024 / pondelok  CACHUA SERRANITA – Collegium Marianum (CZ)</a></p>
<p><a href="https://www.albrechtforum.com/event/letny-festival-hortus-artis-2024-polsky">7. júla 2024 / nedeľa  POLSKY – Messages Quartet (PL)</a></p>
<p><a href="https://www.albrechtforum.com/event/letny-festival-hortus-artis-2024-znovu-objavene">14. júla / nedeľa  ZNOVU OBJAVENÉ – Dainiel Rumler, Martin Ruman, Jozef Lupták (SK)</a></p>
<p><a href="https://www.albrechtforum.com/event/letny-festival-hortus-artis-2024-the-story">21. júla / nedeľa  THE STORY – Pressburg Saxofón Quartet (SK)</a></p>
<p><a href="https://www.albrechtforum.com/event/letny-festival-hortus-artis-2024-k-pramenom">28. júla / nedeľa  K PRAMEŇOM – Mucha Quartet (SK)</a></p>
<p><a href="https://www.albrechtforum.com/event/letny-festival-hortus-artis-2024-alla-czeca">4. augusta / nedeľa  ALLA CZECA – Kukal Quartet (CZ)</a></p>
<p><a href="https://www.albrechtforum.com/event/letny-festival-hortus-artis-2024-misterios-del-amor">18. augusta / nedeľa  MISTERIOS DEL AMOR – Plaisirs de Musiques (CZ)</a></p>
<p><a href="https://www.albrechtforum.com/event/letny-festival-hortus-artis-2024-musica-globus">25. augusta / nedeľa  MUSICA GLOBUS – Solemente naturali (SK, CZ)</a></p>
<p><a href="https://www.albrechtforum.com/event/letny-festival-hortus-artis-2024-carodejna-laska">1. septembra / nedeľa  ČARODEJNÁ LÁSKA – Eva Šušková a Bratislavské gitarové kvarteto (SK, GR)</a></p>
<p><a href="https://www.albrechtforum.com/event/letny-festival-hortus-artis-2024-styria-hudci">8. septembra / nedeľa  ŠTYRIA HUDCI – Simona Hulejová a Spectrum Quartett (SK)</a></p>
<p><img loading="lazy" width="1365" height="2048" class="alignnone size-full wp-image-244371" src="https://www.visitbratislava.com/wp-content/uploads/2023/05/hortus-artis-albrecht.jpg" alt="" srcset="https://www.visitbratislava.com/wp-content/uploads/2023/05/hortus-artis-albrecht.jpg 1365w, https://www.visitbratislava.com/wp-content/uploads/2023/05/hortus-artis-albrecht-267x400.jpg 267w, https://www.visitbratislava.com/wp-content/uploads/2023/05/hortus-artis-albrecht-533x800.jpg 533w, https://www.visitbratislava.com/wp-content/uploads/2023/05/hortus-artis-albrecht-768x1152.jpg 768w, https://www.visitbratislava.com/wp-content/uploads/2023/05/hortus-artis-albrecht-1024x1536.jpg 1024w, https://www.visitbratislava.com/wp-content/uploads/2023/05/hortus-artis-albrecht-133x200.jpg 133w" sizes="(max-width: 1365px) 100vw, 1365px" /></p>

<p>Cyklus komorných koncertov v čarovnej záhrade Domu Albrechtovcov</p>
