{"id":247111,"date":"2023-06-19T16:34:41","date_gmt":"2023-06-19T14:34:41","guid":{"rendered":"https:\/\/www.visitbratislava.com\/?post_type=event&#038;p=247111"},"modified":"2025-05-30T14:11:26","modified_gmt":"2025-05-30T12:11:26","slug":"cyrilometodske-dobove-slavnosti-v-devine","status":"publish","type":"event","link":"https:\/\/www.visitbratislava.com\/sk\/podujatia\/cyrilometodske-dobove-slavnosti-v-devine\/","title":{"rendered":"Cyrilometodsk\u00e9 dobov\u00e9 sl\u00e1vnosti v Dev\u00edne"},"content":{"rendered":"<p>Eur\u00f3pska kult\u00farna cesta sv\u00e4t\u00fdch Cyrila a Metoda sp\u00e1ja miesta historicky spojen\u00e9 so \u017eivotom a poslan\u00edm byzantsk\u00fdch u\u010dencov a ich nasledovn\u00edkov, kde m\u00f4\u017eeme aj dnes objavova\u0165 v\u00fdznamn\u00e9 stopy ich d\u00e1vneho p\u00f4sobenia. Rada Eur\u00f3py zaradila v roku 2021 Cyrilo-metodsk\u00fa cestu prech\u00e1dzaj\u00facu aj cez bratislavsk\u00fd regi\u00f3n medzi certifikovan\u00e9 eur\u00f3pske kult\u00farne cesty. Vychutnajte si \u010fal\u0161\u00ed ro\u010dn\u00edk sl\u00e1vnost\u00ed pripom\u00ednaj\u00faci si toto sl\u00e1vne obdobie dej\u00edn:<\/p>\n<p><img loading=\"lazy\" width=\"1080\" height=\"1350\" class=\"alignnone size-full wp-image-339206\" src=\"https:\/\/www.visitbratislava.com\/wp-content\/uploads\/2023\/06\/DoboveSlavnosti_IGpost_2-1.jpg\" alt=\"\" srcset=\"https:\/\/www.visitbratislava.com\/wp-content\/uploads\/2023\/06\/DoboveSlavnosti_IGpost_2-1.jpg 1080w, https:\/\/www.visitbratislava.com\/wp-content\/uploads\/2023\/06\/DoboveSlavnosti_IGpost_2-1-320x400.jpg 320w, https:\/\/www.visitbratislava.com\/wp-content\/uploads\/2023\/06\/DoboveSlavnosti_IGpost_2-1-640x800.jpg 640w, https:\/\/www.visitbratislava.com\/wp-content\/uploads\/2023\/06\/DoboveSlavnosti_IGpost_2-1-768x960.jpg 768w, https:\/\/www.visitbratislava.com\/wp-content\/uploads\/2023\/06\/DoboveSlavnosti_IGpost_2-1-160x200.jpg 160w\" sizes=\"(max-width: 1080px) 100vw, 1080px\" \/> <img loading=\"lazy\" width=\"1080\" height=\"1350\" class=\"alignnone size-full wp-image-339200\" src=\"https:\/\/www.visitbratislava.com\/wp-content\/uploads\/2023\/06\/DoboveSlavnosti_IGpost_3-1.jpg\" alt=\"\" srcset=\"https:\/\/www.visitbratislava.com\/wp-content\/uploads\/2023\/06\/DoboveSlavnosti_IGpost_3-1.jpg 1080w, https:\/\/www.visitbratislava.com\/wp-content\/uploads\/2023\/06\/DoboveSlavnosti_IGpost_3-1-320x400.jpg 320w, https:\/\/www.visitbratislava.com\/wp-content\/uploads\/2023\/06\/DoboveSlavnosti_IGpost_3-1-640x800.jpg 640w, https:\/\/www.visitbratislava.com\/wp-content\/uploads\/2023\/06\/DoboveSlavnosti_IGpost_3-1-768x960.jpg 768w, https:\/\/www.visitbratislava.com\/wp-content\/uploads\/2023\/06\/DoboveSlavnosti_IGpost_3-1-160x200.jpg 160w\" sizes=\"(max-width: 1080px) 100vw, 1080px\" \/> <img loading=\"lazy\" width=\"1080\" height=\"1350\" class=\"alignnone size-full wp-image-339194\" src=\"https:\/\/www.visitbratislava.com\/wp-content\/uploads\/2023\/06\/DoboveSlavnosti_IGpost_4.jpg\" alt=\"\" srcset=\"https:\/\/www.visitbratislava.com\/wp-content\/uploads\/2023\/06\/DoboveSlavnosti_IGpost_4.jpg 1080w, https:\/\/www.visitbratislava.com\/wp-content\/uploads\/2023\/06\/DoboveSlavnosti_IGpost_4-320x400.jpg 320w, https:\/\/www.visitbratislava.com\/wp-content\/uploads\/2023\/06\/DoboveSlavnosti_IGpost_4-640x800.jpg 640w, https:\/\/www.visitbratislava.com\/wp-content\/uploads\/2023\/06\/DoboveSlavnosti_IGpost_4-768x960.jpg 768w, https:\/\/www.visitbratislava.com\/wp-content\/uploads\/2023\/06\/DoboveSlavnosti_IGpost_4-160x200.jpg 160w\" sizes=\"(max-width: 1080px) 100vw, 1080px\" \/><\/p>\n<p>Jedn\u00fdm zo sl\u00e1vnych miest doby p\u00f4sobenia vierozvestcov je aj Dev\u00edn a jeho okolie. Archeologick\u00e9 n\u00e1lezy z d\u00f4b Slovanov s\u00fa s\u00edce najvidite\u013enej\u0161ie v are\u00e1li hradu, ale dve slovansk\u00e9 hradisk\u00e1 boli objaven\u00e9 aj na svahoch ne\u010falekej Dev\u00ednskej Kobyly. Nepochybne toto miesto patrilo medzi hlavn\u00e9 kult\u00farno-politick\u00e9 centr\u00e1 slovanskej r\u00ed\u0161e. Sidlil tu aj vtedaj\u0161\u00ed panovn\u00edk knie\u017ea Rastislav, ktor\u00fd Kon\u0161tant\u00edna a Metoda na Ve\u013ek\u00fa Moravu pozval. Pr\u00edtomnos\u0165 kostol\u00edka z t\u00fdch \u010dias vypoved\u00e1 o mo\u017enosti, \u017ee v \u0148om mohol sl\u00fa\u017ei\u0165 om\u0161e aj samotn\u00fd sv. Metod alebo jeho u\u010den\u00edci.<iframe src=\"https:\/\/player.vimeo.com\/video\/847014950?h=766a06ae9e&amp;title=0&amp;portrait=0\" width=\"1180\" height=\"540\" frameborder=\"0\" allowfullscreen=\"allowfullscreen\"><\/iframe><\/p>\n<p>&nbsp;<\/p>\n","protected":false},"excerpt":{"rendered":"<p>Cyrilometodsk\u00e9 dobov\u00e9 sl\u00e1vnosti na Dev\u00edne si pripomen\u00fa sl\u00e1vnu hist\u00f3riu a kult\u00farny odkaz prostredn\u00edctvom z\u00e1bavn\u00fdch a zauj\u00edmav\u00fdch dobov\u00fdch uk\u00e1\u017eok a predstaven\u00ed.<\/p>\n","protected":false},"featured_media":339215,"template":"","acf":[],"event_date":{"start_date":1750464000,"end_date":1750464000},"_links":{"self":[{"href":"https:\/\/www.visitbratislava.com\/sk\/wp-json\/wp\/v2\/event\/247111"}],"collection":[{"href":"https:\/\/www.visitbratislava.com\/sk\/wp-json\/wp\/v2\/event"}],"about":[{"href":"https:\/\/www.visitbratislava.com\/sk\/wp-json\/wp\/v2\/types\/event"}],"version-history":[{"count":14,"href":"https:\/\/www.visitbratislava.com\/sk\/wp-json\/wp\/v2\/event\/247111\/revisions"}],"predecessor-version":[{"id":339214,"href":"https:\/\/www.visitbratislava.com\/sk\/wp-json\/wp\/v2\/event\/247111\/revisions\/339214"}],"wp:featuredmedia":[{"embeddable":true,"href":"https:\/\/www.visitbratislava.com\/sk\/wp-json\/wp\/v2\/media\/339215"}],"wp:attachment":[{"href":"https:\/\/www.visitbratislava.com\/sk\/wp-json\/wp\/v2\/media?parent=247111"}],"curies":[{"name":"wp","href":"https:\/\/api.w.org\/{rel}","templated":true}]}}

Cyrilometodské dobové slávnosti v Devíne

<p>Európska kultúrna cesta svätých Cyrila a Metoda spája miesta historicky spojené so životom a poslaním byzantských učencov a ich nasledovníkov, kde môžeme aj dnes objavovať významné stopy ich dávneho pôsobenia. Rada Európy zaradila v roku 2021 Cyrilo-metodskú cestu prechádzajúcu aj cez bratislavský región medzi certifikované európske kultúrne cesty. Vychutnajte si ďalší ročník slávností pripomínajúci si toto slávne obdobie dejín:</p>
<p><img loading="lazy" width="1080" height="1350" class="alignnone size-full wp-image-339206" src="https://www.visitbratislava.com/wp-content/uploads/2023/06/DoboveSlavnosti_IGpost_2-1.jpg" alt="" srcset="https://www.visitbratislava.com/wp-content/uploads/2023/06/DoboveSlavnosti_IGpost_2-1.jpg 1080w, https://www.visitbratislava.com/wp-content/uploads/2023/06/DoboveSlavnosti_IGpost_2-1-320x400.jpg 320w, https://www.visitbratislava.com/wp-content/uploads/2023/06/DoboveSlavnosti_IGpost_2-1-640x800.jpg 640w, https://www.visitbratislava.com/wp-content/uploads/2023/06/DoboveSlavnosti_IGpost_2-1-768x960.jpg 768w, https://www.visitbratislava.com/wp-content/uploads/2023/06/DoboveSlavnosti_IGpost_2-1-160x200.jpg 160w" sizes="(max-width: 1080px) 100vw, 1080px" /> <img loading="lazy" width="1080" height="1350" class="alignnone size-full wp-image-339200" src="https://www.visitbratislava.com/wp-content/uploads/2023/06/DoboveSlavnosti_IGpost_3-1.jpg" alt="" srcset="https://www.visitbratislava.com/wp-content/uploads/2023/06/DoboveSlavnosti_IGpost_3-1.jpg 1080w, https://www.visitbratislava.com/wp-content/uploads/2023/06/DoboveSlavnosti_IGpost_3-1-320x400.jpg 320w, https://www.visitbratislava.com/wp-content/uploads/2023/06/DoboveSlavnosti_IGpost_3-1-640x800.jpg 640w, https://www.visitbratislava.com/wp-content/uploads/2023/06/DoboveSlavnosti_IGpost_3-1-768x960.jpg 768w, https://www.visitbratislava.com/wp-content/uploads/2023/06/DoboveSlavnosti_IGpost_3-1-160x200.jpg 160w" sizes="(max-width: 1080px) 100vw, 1080px" /> <img loading="lazy" width="1080" height="1350" class="alignnone size-full wp-image-339194" src="https://www.visitbratislava.com/wp-content/uploads/2023/06/DoboveSlavnosti_IGpost_4.jpg" alt="" srcset="https://www.visitbratislava.com/wp-content/uploads/2023/06/DoboveSlavnosti_IGpost_4.jpg 1080w, https://www.visitbratislava.com/wp-content/uploads/2023/06/DoboveSlavnosti_IGpost_4-320x400.jpg 320w, https://www.visitbratislava.com/wp-content/uploads/2023/06/DoboveSlavnosti_IGpost_4-640x800.jpg 640w, https://www.visitbratislava.com/wp-content/uploads/2023/06/DoboveSlavnosti_IGpost_4-768x960.jpg 768w, https://www.visitbratislava.com/wp-content/uploads/2023/06/DoboveSlavnosti_IGpost_4-160x200.jpg 160w" sizes="(max-width: 1080px) 100vw, 1080px" /></p>
<p>Jedným zo slávnych miest doby pôsobenia vierozvestcov je aj Devín a jeho okolie. Archeologické nálezy z dôb Slovanov sú síce najviditeľnejšie v areáli hradu, ale dve slovanské hradiská boli objavené aj na svahoch neďalekej Devínskej Kobyly. Nepochybne toto miesto patrilo medzi hlavné kultúrno-politické centrá slovanskej ríše. Sidlil tu aj vtedajší panovník knieža Rastislav, ktorý Konštantína a Metoda na Veľkú Moravu pozval. Prítomnosť kostolíka z tých čias vypovedá o možnosti, že v ňom mohol slúžiť omše aj samotný sv. Metod alebo jeho učeníci.<iframe src="https://player.vimeo.com/video/847014950?h=766a06ae9e&amp;title=0&amp;portrait=0" width="1180" height="540" frameborder="0" allowfullscreen="allowfullscreen"></iframe></p>
<p>&nbsp;</p>

<p>Cyrilometodské dobové slávnosti na Devíne si pripomenú slávnu históriu a kultúrny odkaz prostredníctvom zábavných a zaujímavých dobových ukážok a predstavení.</p>
