{"id":277126,"date":"2024-01-23T16:45:20","date_gmt":"2024-01-23T15:45:20","guid":{"rendered":"https:\/\/www.visitbratislava.com\/?post_type=event&#038;p=277126"},"modified":"2024-01-26T10:19:14","modified_gmt":"2024-01-26T09:19:14","slug":"vylet-lodou-do-viedne-pre-zamilovanych","status":"publish","type":"event","link":"https:\/\/www.visitbratislava.com\/sk\/podujatia\/vylet-lodou-do-viedne-pre-zamilovanych\/","title":{"rendered":"V\u00fdlet lo\u010fou pre zamilovan\u00fdch"},"content":{"rendered":"<p>Budete sa spolo\u010dne plavi\u0165 najr\u00fdchlej\u0161ou a najluxusnej\u0161ou lo\u010fou svojho druhu na Dunaji. S vo\u0148avou k\u00e1vou alebo i chutn\u00fdmi ra\u0148ajkami na palube sa rozl\u00fa\u010dite s Bratislavou, vzhliadnete zr\u00facaninu hradu Dev\u00edn, poplav\u00edte sa idylick\u00fdm rak\u00faskym n\u00e1rodn\u00fdm parkom Donau-Auen, a\u017e po Viede\u0148, kde lo\u010f op\u00fa\u0161\u0165a hlavn\u00fd tok Dunaja a vpl\u00e1va do Dunajsk\u00e9ho kan\u00e1la.<\/p>\n<p>Pristanete priamo v centre Viedne, len 5 min\u00fat pe\u0161i od D\u00f3mu sv. \u0160tefana. Po romantick\u00fdch potulk\u00e1ch mestom Viede\u0148 sa so z\u00e1padom slnka vr\u00e1tite do ve\u010dernej Bratislavy a vychutn\u00e1te si jej dominanty z paluby lode.<\/p>\n<p><img loading=\"lazy\" width=\"1920\" height=\"1280\" class=\"alignnone size-full wp-image-277117\" src=\"https:\/\/www.visitbratislava.com\/wp-content\/uploads\/2024\/01\/WEB-banner-idealny-velentinsky-darcek-1920.jpg\" alt=\"\" srcset=\"https:\/\/www.visitbratislava.com\/wp-content\/uploads\/2024\/01\/WEB-banner-idealny-velentinsky-darcek-1920.jpg 1920w, https:\/\/www.visitbratislava.com\/wp-content\/uploads\/2024\/01\/WEB-banner-idealny-velentinsky-darcek-1920-400x267.jpg 400w, https:\/\/www.visitbratislava.com\/wp-content\/uploads\/2024\/01\/WEB-banner-idealny-velentinsky-darcek-1920-800x533.jpg 800w, https:\/\/www.visitbratislava.com\/wp-content\/uploads\/2024\/01\/WEB-banner-idealny-velentinsky-darcek-1920-768x512.jpg 768w, https:\/\/www.visitbratislava.com\/wp-content\/uploads\/2024\/01\/WEB-banner-idealny-velentinsky-darcek-1920-1536x1024.jpg 1536w, https:\/\/www.visitbratislava.com\/wp-content\/uploads\/2024\/01\/WEB-banner-idealny-velentinsky-darcek-1920-200x133.jpg 200w\" sizes=\"(max-width: 1920px) 100vw, 1920px\" \/><\/p>\n<p><a href=\"https:\/\/www.floratour.sk\/sk\/ponuka\/darujte-zazitok\/\">Sta\u010d\u00ed vyplni\u0165 formul\u00e1r<\/a> a v\u0161etky potrebn\u00e9 inform\u00e1cie V\u00e1m pristan\u00fa do schr\u00e1nky.<\/p>\n<p>Cena plavby je od 34 eur \/osoba\/smer, v hlavnej sez\u00f3ne prem\u00e1va lo\u010f Twin City Liner 3x denne<\/p>\n<p>Na Va\u0161u z\u00e1\u017eitkov\u00fa plavbu do Viedne m\u00f4\u017eete nast\u00fapi\u0165 u\u017e od 22.03.2024<\/p>\n<p>Najob\u013e\u00fabenej\u0161ie \u010dasy odchodu lode<br \/>\nBratislava \u2013 Viede\u0148 10:30 (pr\u00edchod Viede\u0148 12:00)<br \/>\nViede\u0148 \u2013 Bratislava 16:30 (pr\u00edchod Bratislava 17:45)<br \/>\nKontaktujte n\u00e1s na 0903 505 505 alebo emailom na twincityliner@floratour.sk<\/p>\n","protected":false},"excerpt":{"rendered":"<p>Prekvapte svoju polovi\u010dku na Valent\u00edna dar\u010dekov\u00fdm poukazom na romantick\u00fa plavbu.<\/p>\n","protected":false},"featured_media":277117,"template":"","acf":[],"event_date":{"start_date":1707868800,"end_date":1707868800},"_links":{"self":[{"href":"https:\/\/www.visitbratislava.com\/sk\/wp-json\/wp\/v2\/event\/277126"}],"collection":[{"href":"https:\/\/www.visitbratislava.com\/sk\/wp-json\/wp\/v2\/event"}],"about":[{"href":"https:\/\/www.visitbratislava.com\/sk\/wp-json\/wp\/v2\/types\/event"}],"version-history":[{"count":17,"href":"https:\/\/www.visitbratislava.com\/sk\/wp-json\/wp\/v2\/event\/277126\/revisions"}],"predecessor-version":[{"id":277493,"href":"https:\/\/www.visitbratislava.com\/sk\/wp-json\/wp\/v2\/event\/277126\/revisions\/277493"}],"wp:featuredmedia":[{"embeddable":true,"href":"https:\/\/www.visitbratislava.com\/sk\/wp-json\/wp\/v2\/media\/277117"}],"wp:attachment":[{"href":"https:\/\/www.visitbratislava.com\/sk\/wp-json\/wp\/v2\/media?parent=277126"}],"curies":[{"name":"wp","href":"https:\/\/api.w.org\/{rel}","templated":true}]}}

Výlet loďou pre zamilovaných

<p>Budete sa spoločne plaviť najrýchlejšou a najluxusnejšou loďou svojho druhu na Dunaji. S voňavou kávou alebo i chutnými raňajkami na palube sa rozlúčite s Bratislavou, vzhliadnete zrúcaninu hradu Devín, poplavíte sa idylickým rakúskym národným parkom Donau-Auen, až po Viedeň, kde loď opúšťa hlavný tok Dunaja a vpláva do Dunajského kanála.</p>
<p>Pristanete priamo v centre Viedne, len 5 minút peši od Dómu sv. Štefana. Po romantických potulkách mestom Viedeň sa so západom slnka vrátite do večernej Bratislavy a vychutnáte si jej dominanty z paluby lode.</p>
<p><img loading="lazy" width="1920" height="1280" class="alignnone size-full wp-image-277117" src="https://www.visitbratislava.com/wp-content/uploads/2024/01/WEB-banner-idealny-velentinsky-darcek-1920.jpg" alt="" srcset="https://www.visitbratislava.com/wp-content/uploads/2024/01/WEB-banner-idealny-velentinsky-darcek-1920.jpg 1920w, https://www.visitbratislava.com/wp-content/uploads/2024/01/WEB-banner-idealny-velentinsky-darcek-1920-400x267.jpg 400w, https://www.visitbratislava.com/wp-content/uploads/2024/01/WEB-banner-idealny-velentinsky-darcek-1920-800x533.jpg 800w, https://www.visitbratislava.com/wp-content/uploads/2024/01/WEB-banner-idealny-velentinsky-darcek-1920-768x512.jpg 768w, https://www.visitbratislava.com/wp-content/uploads/2024/01/WEB-banner-idealny-velentinsky-darcek-1920-1536x1024.jpg 1536w, https://www.visitbratislava.com/wp-content/uploads/2024/01/WEB-banner-idealny-velentinsky-darcek-1920-200x133.jpg 200w" sizes="(max-width: 1920px) 100vw, 1920px" /></p>
<p><a href="https://www.floratour.sk/sk/ponuka/darujte-zazitok/">Stačí vyplniť formulár</a> a všetky potrebné informácie Vám pristanú do schránky.</p>
<p>Cena plavby je od 34 eur /osoba/smer, v hlavnej sezóne premáva loď Twin City Liner 3x denne</p>
<p>Na Vašu zážitkovú plavbu do Viedne môžete nastúpiť už od 22.03.2024</p>
<p>Najobľúbenejšie časy odchodu lode<br />
Bratislava – Viedeň 10:30 (príchod Viedeň 12:00)<br />
Viedeň – Bratislava 16:30 (príchod Bratislava 17:45)<br />
Kontaktujte nás na 0903 505 505 alebo emailom na twincityliner@floratour.sk</p>

<p>Prekvapte svoju polovičku na Valentína darčekovým poukazom na romantickú plavbu.</p>
