{"id":287572,"date":"2024-03-25T15:34:14","date_gmt":"2024-03-25T14:34:14","guid":{"rendered":"https:\/\/www.visitbratislava.com\/?post_type=event&#038;p=287572"},"modified":"2024-03-25T15:40:32","modified_gmt":"2024-03-25T14:40:32","slug":"velkonocny-brunch-s-naj-vyhladom-na-bratislavu","status":"publish","type":"event","link":"https:\/\/www.visitbratislava.com\/sk\/podujatia\/velkonocny-brunch-s-naj-vyhladom-na-bratislavu\/","title":{"rendered":"Ve\u013ekono\u010dn\u00fd brunch s naj v\u00fdh\u013eadom na Bratislavu"},"content":{"rendered":"<h3>Neskor\u00e9 ra\u0148ajky<\/h3>\n<ul>\n<li>Ope\u010den\u00e1 slaninka, mini klob\u00e1sky, volsk\u00e9 oko<\/li>\n<li>Vari\u00e1cie kvalitn\u00fdch syrov a \u00faden\u00edn, ovocie, zelenina<\/li>\n<li>Maslov\u00fd croissant s d\u017eemom a nutelou<\/li>\n<\/ul>\n<h3>Predjedl\u00e1<\/h3>\n<ul>\n<li>Jarn\u00e9 n\u00e1tierky \u2013 tvarohov\u00e1, bryndzov\u00e1 a vaj\u00ed\u010dkov\u00e1, \u010derstv\u00fd kv\u00e1skov\u00fd chlieb<\/li>\n<li>Hrudka \u201eSyrek\u201c a tradi\u010dn\u00e1 ve\u013ekono\u010dn\u00e1 syrov\u00e1 rol\u00e1da so \u0161unkou a vaj\u00ed\u010dkom<\/li>\n<li>Vaj\u00ed\u010dko plnen\u00e9 \u017e\u013atkovou penou<\/li>\n<\/ul>\n<h3>Polievky<\/h3>\n<ul>\n<li>Siln\u00fd, dom\u00e1ci koh\u00fat\u00ed v\u00fdvar s rezancami a zeleninou<\/li>\n<li>Biela ve\u013ekono\u010dn\u00e1 polievka<\/li>\n<\/ul>\n<h3>Hlavn\u00e9 jedl\u00e1<\/h3>\n<ul>\n<li>Ve\u013ekono\u010dn\u00e1 pe\u010den\u00e1 \u0161unka na mede, dom\u00e1ci majon\u00e9zov\u00fd \u0161al\u00e1t<\/li>\n<li>Pe\u010den\u00e9 jah\u0148a s rozmar\u00ednom a cesnakom, pu\u010den\u00e9 zemiaky s restovanou cibu\u013ekou<\/li>\n<li>Pe\u010den\u00e1 kuracia rol\u00e1da s mand\u013eovo \u2013 \u0161pen\u00e1tovou plnkou, kukuri\u010dn\u00e1 bylinkov\u00e1 polenta<\/li>\n<li>Chrumkav\u00e9 mini rezn\u00edky z kuracieho a brav\u010dov\u00e9ho m\u00e4sa, zemiakov\u00fd \u0161al\u00e1t s \u010derstvou pa\u017e\u00edtkou<\/li>\n<li>Brokolicov\u00e9 fa\u0161\u00edrky so zeleninov\u00fdm bulgurom s \u010derstv\u00fdmi bylinkami<\/li>\n<li>Ve\u013ekono\u010dn\u00e1 \u201ebaba\u201c s hubami a medved\u00edm cesnakom<\/li>\n<li>\u0160pen\u00e1tov\u00e9 krupoto s grilovan\u00fdm tofu syrom<\/li>\n<\/ul>\n<h3>Detsk\u00e9 menu<\/h3>\n<ul>\n<li>Kurac\u00ed pl\u00e1tok na pr\u00edrodno, zemiakov\u00e1 ka\u0161a, komp\u00f3t<\/li>\n<\/ul>\n<h3>\u0160al\u00e1ty<\/h3>\n<ul>\n<li>\u0160o\u0161ovicov\u00fd \u0161al\u00e1t so \u0161pen\u00e1tom, jarnou cibu\u013ekou a su\u0161en\u00fdmi paradajkami<\/li>\n<li>Rukolov\u00fd \u0161al\u00e1t s cviklou, pe\u010den\u00fdm bat\u00e1tom a ov\u010d\u00edm syrom<\/li>\n<\/ul>\n<h3>Dezerty<\/h3>\n<ul>\n<li>Ve\u013ekono\u010dn\u00e9 \u0161i\u0161ky s d\u017eemom a bielkovou penou<\/li>\n<li>Tradi\u010dn\u00fd ve\u013ekono\u010dn\u00fd mazanec<\/li>\n<\/ul>\n<h3 style=\"text-align: left;\"><span style=\"font-size: 15pt;\"><strong><span style=\"font-size: 12pt;\"><a class=\"cta-button\" href=\"https:\/\/hradna.com\/novinky\/nedelny-brunch-v-restauracii-hradna\/\" target=\"_blank\" rel=\"noopener noreferrer\">Rezervova\u0165 miesto<\/a><\/span><\/strong><\/span><\/h3>\n<p><img loading=\"lazy\" class=\"alignnone wp-image-287590 size-full\" src=\"https:\/\/www.visitbratislava.com\/wp-content\/uploads\/2024\/03\/Hradna-poloha.jpg\" alt=\"\" width=\"1980\" height=\"1080\" srcset=\"https:\/\/www.visitbratislava.com\/wp-content\/uploads\/2024\/03\/Hradna-poloha.jpg 1980w, https:\/\/www.visitbratislava.com\/wp-content\/uploads\/2024\/03\/Hradna-poloha-400x218.jpg 400w, https:\/\/www.visitbratislava.com\/wp-content\/uploads\/2024\/03\/Hradna-poloha-800x436.jpg 800w, https:\/\/www.visitbratislava.com\/wp-content\/uploads\/2024\/03\/Hradna-poloha-768x419.jpg 768w, https:\/\/www.visitbratislava.com\/wp-content\/uploads\/2024\/03\/Hradna-poloha-1536x838.jpg 1536w, https:\/\/www.visitbratislava.com\/wp-content\/uploads\/2024\/03\/Hradna-poloha-200x109.jpg 200w\" sizes=\"(max-width: 1980px) 100vw, 1980px\" \/><\/p>\n","protected":false},"excerpt":{"rendered":"<p>Ve\u013ekono\u010dn\u00e9 dobroty k\u00fasok od Bratislavsk\u00e9ho hradu s v\u00fdh\u013eadom, kde budete ma\u0165 centrum mesta ako na dlani<\/p>\n","protected":false},"featured_media":287584,"template":"","acf":[],"event_date":{"start_date":1711843200,"end_date":1711843200},"_links":{"self":[{"href":"https:\/\/www.visitbratislava.com\/sk\/wp-json\/wp\/v2\/event\/287572"}],"collection":[{"href":"https:\/\/www.visitbratislava.com\/sk\/wp-json\/wp\/v2\/event"}],"about":[{"href":"https:\/\/www.visitbratislava.com\/sk\/wp-json\/wp\/v2\/types\/event"}],"version-history":[{"count":8,"href":"https:\/\/www.visitbratislava.com\/sk\/wp-json\/wp\/v2\/event\/287572\/revisions"}],"predecessor-version":[{"id":287599,"href":"https:\/\/www.visitbratislava.com\/sk\/wp-json\/wp\/v2\/event\/287572\/revisions\/287599"}],"wp:featuredmedia":[{"embeddable":true,"href":"https:\/\/www.visitbratislava.com\/sk\/wp-json\/wp\/v2\/media\/287584"}],"wp:attachment":[{"href":"https:\/\/www.visitbratislava.com\/sk\/wp-json\/wp\/v2\/media?parent=287572"}],"curies":[{"name":"wp","href":"https:\/\/api.w.org\/{rel}","templated":true}]}}

Veľkonočný brunch s naj výhľadom na Bratislavu

<h3>Neskoré raňajky</h3>
<ul>
<li>Opečená slaninka, mini klobásky, volské oko</li>
<li>Variácie kvalitných syrov a údenín, ovocie, zelenina</li>
<li>Maslový croissant s džemom a nutelou</li>
</ul>
<h3>Predjedlá</h3>
<ul>
<li>Jarné nátierky – tvarohová, bryndzová a vajíčková, čerstvý kváskový chlieb</li>
<li>Hrudka „Syrek“ a tradičná veľkonočná syrová roláda so šunkou a vajíčkom</li>
<li>Vajíčko plnené žĺtkovou penou</li>
</ul>
<h3>Polievky</h3>
<ul>
<li>Silný, domáci kohútí vývar s rezancami a zeleninou</li>
<li>Biela veľkonočná polievka</li>
</ul>
<h3>Hlavné jedlá</h3>
<ul>
<li>Veľkonočná pečená šunka na mede, domáci majonézový šalát</li>
<li>Pečené jahňa s rozmarínom a cesnakom, pučené zemiaky s restovanou cibuľkou</li>
<li>Pečená kuracia roláda s mandľovo – špenátovou plnkou, kukuričná bylinková polenta</li>
<li>Chrumkavé mini rezníky z kuracieho a bravčového mäsa, zemiakový šalát s čerstvou pažítkou</li>
<li>Brokolicové fašírky so zeleninovým bulgurom s čerstvými bylinkami</li>
<li>Veľkonočná „baba“ s hubami a medvedím cesnakom</li>
<li>Špenátové krupoto s grilovaným tofu syrom</li>
</ul>
<h3>Detské menu</h3>
<ul>
<li>Kurací plátok na prírodno, zemiaková kaša, kompót</li>
</ul>
<h3>Šaláty</h3>
<ul>
<li>Šošovicový šalát so špenátom, jarnou cibuľkou a sušenými paradajkami</li>
<li>Rukolový šalát s cviklou, pečeným batátom a ovčím syrom</li>
</ul>
<h3>Dezerty</h3>
<ul>
<li>Veľkonočné šišky s džemom a bielkovou penou</li>
<li>Tradičný veľkonočný mazanec</li>
</ul>
<h3 style="text-align: left;"><span style="font-size: 15pt;"><strong><span style="font-size: 12pt;"><a class="cta-button" href="https://hradna.com/novinky/nedelny-brunch-v-restauracii-hradna/" target="_blank" rel="noopener noreferrer">Rezervovať miesto</a></span></strong></span></h3>
<p><img loading="lazy" class="alignnone wp-image-287590 size-full" src="https://www.visitbratislava.com/wp-content/uploads/2024/03/Hradna-poloha.jpg" alt="" width="1980" height="1080" srcset="https://www.visitbratislava.com/wp-content/uploads/2024/03/Hradna-poloha.jpg 1980w, https://www.visitbratislava.com/wp-content/uploads/2024/03/Hradna-poloha-400x218.jpg 400w, https://www.visitbratislava.com/wp-content/uploads/2024/03/Hradna-poloha-800x436.jpg 800w, https://www.visitbratislava.com/wp-content/uploads/2024/03/Hradna-poloha-768x419.jpg 768w, https://www.visitbratislava.com/wp-content/uploads/2024/03/Hradna-poloha-1536x838.jpg 1536w, https://www.visitbratislava.com/wp-content/uploads/2024/03/Hradna-poloha-200x109.jpg 200w" sizes="(max-width: 1980px) 100vw, 1980px" /></p>

<p>Veľkonočné dobroty kúsok od Bratislavského hradu s výhľadom, kde budete mať centrum mesta ako na dlani</p>
