{"id":288497,"date":"2024-04-04T11:26:58","date_gmt":"2024-04-04T09:26:58","guid":{"rendered":"https:\/\/www.visitbratislava.com\/events\/co-skryva-nase-nevedomie-2\/"},"modified":"2024-05-29T11:25:54","modified_gmt":"2024-05-29T09:25:54","slug":"co-skryva-nase-nevedomie-2","status":"publish","type":"event","link":"https:\/\/www.visitbratislava.com\/sk\/podujatia\/co-skryva-nase-nevedomie-2\/","title":{"rendered":"\u010co skr\u00fdva na\u0161e nevedomie"},"content":{"rendered":"<p><strong>Predn\u00e1\u0161ka Martina Bab\u00edka \u010co skr\u00fdva na\u0161e nevedomie odhal\u00ed, \u010di tam preb\u00fdvaj\u00fa  fant\u00e1zie, traumy i my\u0161lienky, ktor\u00e9 vytesnilo vedomie.<\/strong><\/p>\n<p>\u201e\u010co sa skr\u00fdva na mystickom \u00fazem\u00ed nevedomia? Ako ovplyv\u0148uje na\u0161e spr\u00e1vanie, rozhodovanie, reakcie? Ako m\u00f4\u017eeme prenikn\u00fa\u0165 do tohto labyrintu a ako tam prenikaj\u00fa samotn\u00e9 obsahy na\u0161ej mysle? M\u00f4\u017ee niekto zneu\u017ei\u0165 na\u0161e nevedomie? Kedy sa nevedomie ozve nahlas, \u017ee si to m\u00f4\u017eeme v\u0161imn\u00fa\u0165? A m\u00f4\u017eeme ovplyvni\u0165 procesy, ku ktor\u00fdm sa nevieme dosta\u0165 vedom\u00fdm sp\u00f4sobom?\u201c<\/p>\n<p>Martin Bab\u00edk bude p\u00fatavo rozpr\u00e1va\u0165 o tom:<\/p>\n<ul>\n<li>\u010do je nevedomie a ako funguje<\/li>\n<li>ako vpl\u00fdva na rozhodnutia<\/li>\n<li>ako funguj\u00fa nevedom\u00e9 obrann\u00e9 mechanizmy<\/li>\n<li>ak\u00fd v\u00fdznam maj\u00fa nevedom\u00e9 t\u00fa\u017eby a sny<\/li>\n<li>ak\u00e9 s\u00fa techniky pr\u00e1ce s nevedom\u00edm<\/li>\n<li>ak\u00fd je vplyv nevedomia na vz\u0165ahy \u010di pracovn\u00fd \u017eivot<\/li>\n<\/ul>\n<p>Mgr. Martin Bab\u00edk pracuje ako psychoterapeut so \u0161pecializ\u00e1ciou na psychoanal\u00fdzu a psychoanalytick\u00fa psychoterapiu. V roku 2015 sa stal \u010dlenom Medzin\u00e1rodnej psychoanalytickej spolo\u010dnosti, je \u010dlenom \u010ceskej psychoanalytickej spolo\u010dnosti a zakladaj\u00faci \u010dlen Slovenskej spolo\u010dnosti pre psychoanalytick\u00fa psychoterapiu.<\/p>\n","protected":false},"excerpt":{"rendered":"<p>Predn\u00e1\u0161ka Martina Bab\u00edka \u010co skr\u00fdva na\u0161e nevedomie odhal\u00ed, \u010di tam preb\u00fdvaj\u00fa fant\u00e1zie, traumy i my\u0161lienky, ktor\u00e9 vytesnilo vedomie. \u201e\u010co sa skr\u00fdva na mystickom \u00fazem\u00ed nevedomia? Ako ovplyv\u0148uje na\u0161e spr\u00e1vanie, rozhodovanie, reakcie? Ako m\u00f4\u017eeme prenikn\u00fa\u0165 do tohto labyrintu a ako tam prenikaj\u00fa samotn\u00e9 obsahy na\u0161ej mysle? M\u00f4\u017ee niekto zneu\u017ei\u0165 na\u0161e nevedomie? Kedy sa nevedomie ozve nahlas, [&hellip;]<\/p>\n","protected":false},"featured_media":0,"template":"","acf":[],"event_date":{"start_date":1716940800,"end_date":1716940800},"_links":{"self":[{"href":"https:\/\/www.visitbratislava.com\/sk\/wp-json\/wp\/v2\/event\/288497"}],"collection":[{"href":"https:\/\/www.visitbratislava.com\/sk\/wp-json\/wp\/v2\/event"}],"about":[{"href":"https:\/\/www.visitbratislava.com\/sk\/wp-json\/wp\/v2\/types\/event"}],"version-history":[{"count":1,"href":"https:\/\/www.visitbratislava.com\/sk\/wp-json\/wp\/v2\/event\/288497\/revisions"}],"predecessor-version":[{"id":288680,"href":"https:\/\/www.visitbratislava.com\/sk\/wp-json\/wp\/v2\/event\/288497\/revisions\/288680"}],"wp:attachment":[{"href":"https:\/\/www.visitbratislava.com\/sk\/wp-json\/wp\/v2\/media?parent=288497"}],"curies":[{"name":"wp","href":"https:\/\/api.w.org\/{rel}","templated":true}]}}

Čo skrýva naše nevedomie

<p><strong>Prednáška Martina Babíka Čo skrýva naše nevedomie odhalí, či tam prebývajú  fantázie, traumy i myšlienky, ktoré vytesnilo vedomie.</strong></p>
<p>„Čo sa skrýva na mystickom území nevedomia? Ako ovplyvňuje naše správanie, rozhodovanie, reakcie? Ako môžeme preniknúť do tohto labyrintu a ako tam prenikajú samotné obsahy našej mysle? Môže niekto zneužiť naše nevedomie? Kedy sa nevedomie ozve nahlas, že si to môžeme všimnúť? A môžeme ovplyvniť procesy, ku ktorým sa nevieme dostať vedomým spôsobom?“</p>
<p>Martin Babík bude pútavo rozprávať o tom:</p>
<ul>
<li>čo je nevedomie a ako funguje</li>
<li>ako vplýva na rozhodnutia</li>
<li>ako fungujú nevedomé obranné mechanizmy</li>
<li>aký význam majú nevedomé túžby a sny</li>
<li>aké sú techniky práce s nevedomím</li>
<li>aký je vplyv nevedomia na vzťahy či pracovný život</li>
</ul>
<p>Mgr. Martin Babík pracuje ako psychoterapeut so špecializáciou na psychoanalýzu a psychoanalytickú psychoterapiu. V roku 2015 sa stal členom Medzinárodnej psychoanalytickej spoločnosti, je členom Českej psychoanalytickej spoločnosti a zakladajúci člen Slovenskej spoločnosti pre psychoanalytickú psychoterapiu.</p>

<p>Prednáška Martina Babíka Čo skrýva naše nevedomie odhalí, či tam prebývajú fantázie, traumy i myšlienky, ktoré vytesnilo vedomie. „Čo sa skrýva na mystickom území nevedomia? Ako ovplyvňuje naše správanie, rozhodovanie, reakcie? Ako môžeme preniknúť do tohto labyrintu a ako tam prenikajú samotné obsahy našej mysle? Môže niekto zneužiť naše nevedomie? Kedy sa nevedomie ozve nahlas, [&hellip;]</p>
