{"id":290924,"date":"2024-04-18T15:55:30","date_gmt":"2024-04-18T13:55:30","guid":{"rendered":"https:\/\/www.visitbratislava.com\/?post_type=event&#038;p=290924"},"modified":"2024-04-18T16:59:46","modified_gmt":"2024-04-18T14:59:46","slug":"sochy-vojtecha-farkasa-v-atriu-narodnej-banky","status":"publish","type":"event","link":"https:\/\/www.visitbratislava.com\/sk\/podujatia\/sochy-vojtecha-farkasa-v-atriu-narodnej-banky\/","title":{"rendered":"Sochy Vojtecha Farka\u0161a v \u00e1triu n\u00e1rodnej banky"},"content":{"rendered":"<p>\u00c1trium N\u00e1rodnej banky Slovenska nie je verejnosti be\u017ene pr\u00edstupn\u00e9. Je to len druh\u00fdkr\u00e1t, \u010do bude spr\u00edstupnen\u00e9 za \u00fa\u010delom v\u00fdstavy, nevynechajte t\u00fato mo\u017enos\u0165 a pr\u00ed\u010fte si pozrie\u0165 sochy a ma\u013eby v\u00fdznamn\u00e9ho akademick\u00e9ho umelaca.<\/p>\n<p>Akademick\u00fd soch\u00e1r Vojtech Farka\u0161 sa venuje tvorbe vo\u013enej plastiky. Pri kreovan\u00ed diel vystupuje zo svojej my\u0161lienkovej podoby do trojdimenzion\u00e1lneho priestoru. Vo svojej\u00a0tvorbe ve\u013emi r\u00e1d vyu\u017e\u00edva materi\u00e1lov\u00fd a\u00a0v\u00fdrazov\u00fd kontrast bronzu a\u00a0kame\u0148a, ale aj dreva, epoxidu a\u00a0in\u00fdch materi\u00e1lov.<\/p>\n<p>Soch\u00e1rska tvorba Vojtecha Farka\u0161a v \u00e1triu N\u00e1rodnej banky Slovenska vyvol\u00e1va v pozorovate\u013eovi predstavy o s\u00fa\u010dasnom svete evokuj\u00face nekone\u010dn\u00e9 dia\u013eky, tajomn\u00e9 zvery i \u010daro \u017eenskej fig\u00fary. S\u00fa\u010das\u0165ou v\u00fdstavy soch\u00e1rskych diel s\u00fa plastick\u00e9 obrazy, ktor\u00e9 s\u00fa zauj\u00edmav\u00fdmi kol\u00e1\u017eami zostaven\u00fdmi z po\u010d\u00edta\u010dov\u00fdch procesorov a r\u00f4znych in\u00fdch komponentov. Vo svojej najnov\u0161ej tvorbe autor otv\u00e1ra aktu\u00e1lnu t\u00e9mu vplyvu modern\u00fdch technol\u00f3gi\u00ed na jednotlivca.<\/p>\n<p><strong>Otv\u00e1racie hodiny:<\/strong> piatok 13:00 &#8211; 18:00, sobora 10:00 &#8211; 15:00.<\/p>\n<p><img loading=\"lazy\" class=\"alignnone wp-image-290936 size-full\" src=\"https:\/\/www.visitbratislava.com\/wp-content\/uploads\/2024\/04\/Farkas_9.jpg\" alt=\"\" width=\"1536\" height=\"2048\" srcset=\"https:\/\/www.visitbratislava.com\/wp-content\/uploads\/2024\/04\/Farkas_9.jpg 1536w, https:\/\/www.visitbratislava.com\/wp-content\/uploads\/2024\/04\/Farkas_9-300x400.jpg 300w, https:\/\/www.visitbratislava.com\/wp-content\/uploads\/2024\/04\/Farkas_9-600x800.jpg 600w, https:\/\/www.visitbratislava.com\/wp-content\/uploads\/2024\/04\/Farkas_9-768x1024.jpg 768w, https:\/\/www.visitbratislava.com\/wp-content\/uploads\/2024\/04\/Farkas_9-1152x1536.jpg 1152w, https:\/\/www.visitbratislava.com\/wp-content\/uploads\/2024\/04\/Farkas_9-150x200.jpg 150w\" sizes=\"(max-width: 1536px) 100vw, 1536px\" \/><\/p>\n","protected":false},"excerpt":{"rendered":"<p>Nav\u0161t\u00edvte v\u00fdstavu v netradi\u010dnom priestore v r\u00e1mci V\u00edkendu otvoren\u00fdch budov<\/p>\n","protected":false},"featured_media":290922,"template":"","acf":[],"event_date":{"start_date":1713484800,"end_date":1713571200},"_links":{"self":[{"href":"https:\/\/www.visitbratislava.com\/sk\/wp-json\/wp\/v2\/event\/290924"}],"collection":[{"href":"https:\/\/www.visitbratislava.com\/sk\/wp-json\/wp\/v2\/event"}],"about":[{"href":"https:\/\/www.visitbratislava.com\/sk\/wp-json\/wp\/v2\/types\/event"}],"version-history":[{"count":4,"href":"https:\/\/www.visitbratislava.com\/sk\/wp-json\/wp\/v2\/event\/290924\/revisions"}],"predecessor-version":[{"id":290946,"href":"https:\/\/www.visitbratislava.com\/sk\/wp-json\/wp\/v2\/event\/290924\/revisions\/290946"}],"wp:featuredmedia":[{"embeddable":true,"href":"https:\/\/www.visitbratislava.com\/sk\/wp-json\/wp\/v2\/media\/290922"}],"wp:attachment":[{"href":"https:\/\/www.visitbratislava.com\/sk\/wp-json\/wp\/v2\/media?parent=290924"}],"curies":[{"name":"wp","href":"https:\/\/api.w.org\/{rel}","templated":true}]}}

Sochy Vojtecha Farkaša v átriu národnej banky

<p>Átrium Národnej banky Slovenska nie je verejnosti bežne prístupné. Je to len druhýkrát, čo bude sprístupnené za účelom výstavy, nevynechajte túto možnosť a príďte si pozrieť sochy a maľby významného akademického umelaca.</p>
<p>Akademický sochár Vojtech Farkaš sa venuje tvorbe voľnej plastiky. Pri kreovaní diel vystupuje zo svojej myšlienkovej podoby do trojdimenzionálneho priestoru. Vo svojej tvorbe veľmi rád využíva materiálový a výrazový kontrast bronzu a kameňa, ale aj dreva, epoxidu a iných materiálov.</p>
<p>Sochárska tvorba Vojtecha Farkaša v átriu Národnej banky Slovenska vyvoláva v pozorovateľovi predstavy o súčasnom svete evokujúce nekonečné diaľky, tajomné zvery i čaro ženskej figúry. Súčasťou výstavy sochárskych diel sú plastické obrazy, ktoré sú zaujímavými kolážami zostavenými z počítačových procesorov a rôznych iných komponentov. Vo svojej najnovšej tvorbe autor otvára aktuálnu tému vplyvu moderných technológií na jednotlivca.</p>
<p><strong>Otváracie hodiny:</strong> piatok 13:00 &#8211; 18:00, sobora 10:00 &#8211; 15:00.</p>
<p><img loading="lazy" class="alignnone wp-image-290936 size-full" src="https://www.visitbratislava.com/wp-content/uploads/2024/04/Farkas_9.jpg" alt="" width="1536" height="2048" srcset="https://www.visitbratislava.com/wp-content/uploads/2024/04/Farkas_9.jpg 1536w, https://www.visitbratislava.com/wp-content/uploads/2024/04/Farkas_9-300x400.jpg 300w, https://www.visitbratislava.com/wp-content/uploads/2024/04/Farkas_9-600x800.jpg 600w, https://www.visitbratislava.com/wp-content/uploads/2024/04/Farkas_9-768x1024.jpg 768w, https://www.visitbratislava.com/wp-content/uploads/2024/04/Farkas_9-1152x1536.jpg 1152w, https://www.visitbratislava.com/wp-content/uploads/2024/04/Farkas_9-150x200.jpg 150w" sizes="(max-width: 1536px) 100vw, 1536px" /></p>

<p>Navštívte výstavu v netradičnom priestore v rámci Víkendu otvorených budov</p>
