{"id":291566,"date":"2024-04-23T16:33:29","date_gmt":"2024-04-23T14:33:29","guid":{"rendered":"https:\/\/www.visitbratislava.com\/?post_type=event&#038;p=291566"},"modified":"2024-04-23T16:40:23","modified_gmt":"2024-04-23T14:40:23","slug":"osobnosti-a-fenomeny","status":"publish","type":"event","link":"https:\/\/www.visitbratislava.com\/sk\/podujatia\/osobnosti-a-fenomeny\/","title":{"rendered":"Osobnosti a fenom\u00e9ny"},"content":{"rendered":"<p>V Gal\u00e9rii Nedbalka s\u00fa vystaven\u00e9 aj diela v\u00fdznamn\u00fdch osobnost\u00ed v\u00fdtvarnej sc\u00e9ny s\u00fa\u010dasn\u00e9ho umenia od druhej polovice 20. storo\u010dia a\u017e dodnes. Toto obdobie je charakteristick\u00e9 r\u00f4znorod\u00fdmi umeleck\u00fdmi prejavmi. Hoci tomu ne\u017ei\u010dila doba, v ktorej dominoval socialistick\u00fd realizmus, d\u00f4raz sa presunul na individu\u00e1lnu tvorivos\u0165. Tie najv\u00fdznamnej\u0161ie osobnosti dok\u00e1zali aj v tomto zlo\u017eitom obdob\u00ed v sebe n\u00e1js\u0165 odvahu, zvoli\u0165 si vlastn\u00fa cestu a dr\u017ea\u0165 sa svojho presved\u010denia. Niektor\u00ed sa pri tom prid\u0155\u017eali tradi\u010dnej\u0161\u00edch sp\u00f4sobov tvorby, in\u00ed ustavi\u010dne experimentovali a h\u013eadali nov\u00e9 met\u00f3dy umeleck\u00e9ho vyjadrenia.<\/p>\n<h3>Autori vystaven\u00fdch diel:<\/h3>\n<div class=\"grid-container\">\n<div class=\"section-title\" data-sr-id=\"32\">\n<p class=\"headline\"><a style=\"font-size: 16px;\" title=\"Arnold Peter Weisz-Kub\u00edn\u010dan\" href=\"https:\/\/www.nedbalka.sk\/autori\/arnold-peter-weisz-kubincan\/\">Arnold Peter Weisz-Kub\u00edn\u010dan\u00a0 \u00a0 <\/a><a style=\"font-size: 16px;\" title=\"Anton \u010cutek\" href=\"https:\/\/www.nedbalka.sk\/autori\/anton-cutek\/\">Anton \u010cutek \u00a0 \u00a0<\/a><a style=\"font-size: 16px;\" title=\"Jozef Jankovi\u010d\" href=\"https:\/\/www.nedbalka.sk\/autori\/jozef-jankovic\/\">Jozef Jankovi\u010d \u00a0 \u00a0 <\/a><a style=\"font-size: 16px;\" title=\"Rudolf Uher\" href=\"https:\/\/www.nedbalka.sk\/autori\/rudolf-uher\/\">Rudolf Uher \u00a0 \u00a0 <\/a><a style=\"font-size: 16px;\" title=\"Alex Mlyn\u00e1r\u010dik\" href=\"https:\/\/www.nedbalka.sk\/autori\/alex-mlynarcik\/\">Alex Mlyn\u00e1r\u010dik\u00a0 \u00a0<\/a><a style=\"font-size: 16px;\" title=\"Juraj Rus\u0148\u00e1k\" href=\"https:\/\/www.nedbalka.sk\/autori\/juraj-rusnak\/\">Juraj Rus\u0148\u00e1k \u00a0 \u00a0 <\/a><a style=\"font-size: 16px;\" title=\"J\u00falius Koller\" href=\"https:\/\/www.nedbalka.sk\/autori\/julius-koller\/\">J\u00falius Koller \u00a0 \u00a0<\/a><a style=\"font-size: 16px;\" title=\"Ernest Zmet\u00e1k\" href=\"https:\/\/www.nedbalka.sk\/autori\/ernest-zmetak\/\">Ernest Zmet\u00e1k \u00a0 \u00a0 <\/a><a style=\"font-size: 16px;\" title=\"Viera \u017dilin\u010danov\u00e1\" href=\"https:\/\/www.nedbalka.sk\/autori\/viera-zilincanova\/\">Viera \u017dilin\u010danov\u00e1 \u00a0 \u00a0 <\/a><a style=\"font-size: 16px;\" title=\"J\u00e1n \u017delibsk\u00fd\" href=\"https:\/\/www.nedbalka.sk\/autori\/jan-zelibsky\/\">J\u00e1n \u017delibsk\u00fd \u00a0 \u00a0 <\/a><a style=\"font-size: 16px;\" title=\"Imrich Weiner-Kr\u00e1\u013e\" href=\"https:\/\/www.nedbalka.sk\/autori\/imrich-weiner-kral\/\">Imrich Weiner-Kr\u00e1\u013e<\/a><\/p>\n<\/div>\n<\/div>\n<div class=\"section-footer text-center\"><\/div>\n","protected":false},"excerpt":{"rendered":"<p>S\u00fa\u010dasn\u00e9 umenie ch\u00e1peme v \u0161ir\u0161om kontexte od druhej polovice 20. storo\u010dia dodnes. Prezrite si diela v\u00fdznamn\u00fdch osobnost\u00ed v\u00fdtvarnej sc\u00e9ny, ktor\u00e9 rozhoduj\u00facim sp\u00f4sobom ur\u010dovali charakter umeleck\u00e9ho diania na Slovensku.<\/p>\n","protected":false},"featured_media":291569,"template":"","acf":[],"event_date":{"start_date":1459468800,"end_date":2153692800},"_links":{"self":[{"href":"https:\/\/www.visitbratislava.com\/sk\/wp-json\/wp\/v2\/event\/291566"}],"collection":[{"href":"https:\/\/www.visitbratislava.com\/sk\/wp-json\/wp\/v2\/event"}],"about":[{"href":"https:\/\/www.visitbratislava.com\/sk\/wp-json\/wp\/v2\/types\/event"}],"version-history":[{"count":6,"href":"https:\/\/www.visitbratislava.com\/sk\/wp-json\/wp\/v2\/event\/291566\/revisions"}],"predecessor-version":[{"id":291580,"href":"https:\/\/www.visitbratislava.com\/sk\/wp-json\/wp\/v2\/event\/291566\/revisions\/291580"}],"wp:featuredmedia":[{"embeddable":true,"href":"https:\/\/www.visitbratislava.com\/sk\/wp-json\/wp\/v2\/media\/291569"}],"wp:attachment":[{"href":"https:\/\/www.visitbratislava.com\/sk\/wp-json\/wp\/v2\/media?parent=291566"}],"curies":[{"name":"wp","href":"https:\/\/api.w.org\/{rel}","templated":true}]}}

Osobnosti a fenomény

<p>V Galérii Nedbalka sú vystavené aj diela významných osobností výtvarnej scény súčasného umenia od druhej polovice 20. storočia až dodnes. Toto obdobie je charakteristické rôznorodými umeleckými prejavmi. Hoci tomu nežičila doba, v ktorej dominoval socialistický realizmus, dôraz sa presunul na individuálnu tvorivosť. Tie najvýznamnejšie osobnosti dokázali aj v tomto zložitom období v sebe nájsť odvahu, zvoliť si vlastnú cestu a držať sa svojho presvedčenia. Niektorí sa pri tom pridŕžali tradičnejších spôsobov tvorby, iní ustavične experimentovali a hľadali nové metódy umeleckého vyjadrenia.</p>
<h3>Autori vystavených diel:</h3>
<div class="grid-container">
<div class="section-title" data-sr-id="32">
<p class="headline"><a style="font-size: 16px;" title="Arnold Peter Weisz-Kubínčan" href="https://www.nedbalka.sk/autori/arnold-peter-weisz-kubincan/">Arnold Peter Weisz-Kubínčan    </a><a style="font-size: 16px;" title="Anton Čutek" href="https://www.nedbalka.sk/autori/anton-cutek/">Anton Čutek    </a><a style="font-size: 16px;" title="Jozef Jankovič" href="https://www.nedbalka.sk/autori/jozef-jankovic/">Jozef Jankovič     </a><a style="font-size: 16px;" title="Rudolf Uher" href="https://www.nedbalka.sk/autori/rudolf-uher/">Rudolf Uher     </a><a style="font-size: 16px;" title="Alex Mlynárčik" href="https://www.nedbalka.sk/autori/alex-mlynarcik/">Alex Mlynárčik   </a><a style="font-size: 16px;" title="Juraj Rusňák" href="https://www.nedbalka.sk/autori/juraj-rusnak/">Juraj Rusňák     </a><a style="font-size: 16px;" title="Július Koller" href="https://www.nedbalka.sk/autori/julius-koller/">Július Koller    </a><a style="font-size: 16px;" title="Ernest Zmeták" href="https://www.nedbalka.sk/autori/ernest-zmetak/">Ernest Zmeták     </a><a style="font-size: 16px;" title="Viera Žilinčanová" href="https://www.nedbalka.sk/autori/viera-zilincanova/">Viera Žilinčanová     </a><a style="font-size: 16px;" title="Ján Želibský" href="https://www.nedbalka.sk/autori/jan-zelibsky/">Ján Želibský     </a><a style="font-size: 16px;" title="Imrich Weiner-Kráľ" href="https://www.nedbalka.sk/autori/imrich-weiner-kral/">Imrich Weiner-Kráľ</a></p>
</div>
</div>
<div class="section-footer text-center"></div>

<p>Súčasné umenie chápeme v širšom kontexte od druhej polovice 20. storočia dodnes. Prezrite si diela významných osobností výtvarnej scény, ktoré rozhodujúcim spôsobom určovali charakter umeleckého diania na Slovensku.</p>
