{"id":297791,"date":"2024-06-04T11:26:44","date_gmt":"2024-06-04T09:26:44","guid":{"rendered":"https:\/\/www.visitbratislava.com\/events\/ozveny-ji-hlavy-fascinace-exprmtnl-cz-qa-2\/"},"modified":"2024-06-24T11:25:45","modified_gmt":"2024-06-24T09:25:45","slug":"ozveny-ji-hlavy-fascinace-exprmtnl-cz-qa-2","status":"publish","type":"event","link":"https:\/\/www.visitbratislava.com\/sk\/podujatia\/ozveny-ji-hlavy-fascinace-exprmtnl-cz-qa-2\/","title":{"rendered":"Ozveny Ji.hlavy: Fascinace.exprmtnl.cz + Q&amp;A"},"content":{"rendered":"<p><strong>V programe Ozvien Ji.hlavy nebude ani tento rok ch\u00fdba\u0165 p\u00e1smo v\u00ed\u0165azn\u00fdch experiment\u00e1lnych filmov zo sekci\u00ed Fascinace a Fascinace:Exper. Te\u0161i\u0165 sa mo\u017eno okrem samotn\u00fdch filmov na diskusiu s autormi\/kami po premietnut\u00ed kolekcie. \u201eFascinace s\u00fa ve\u013ekou tov\u00e1r\u0148ou experiment\u00e1lnej kinematografie, ktor\u00e1 zbavuje film zalo\u017een\u00fd na realite v\u0161etk\u00e9ho, \u010do ho za\u0165a\u017euje, a t\u00fdm podstatne prehlbuje mo\u017enosti fimov\u00e9ho vn\u00edmania.\u201c<\/strong><\/p>\n<p>Festival Ozveny Ji.hlavy sa otv\u00e1ra v\u00fdnimo\u010dn\u00fdm dokumentom o revol\u00faci\u00e1ch v Ir\u00e1ne a Rumunsku. Podujatie prin\u00e1\u0161a v\u00ed\u0165azn\u00e9 filmy a div\u00e1cke hajlajty z 27. ro\u010dn\u00edka najv\u00e4\u010d\u0161ieho stredoeur\u00f3pskeho a v\u00fdchodoeur\u00f3pskeho festivalu dokument\u00e1rnych filmov. Program letn\u00fdch filmov\u00fdch pondelkov za\u010dne od 17. j\u00fana v magickom Parku de Palma Novej Cvernovky. Ako minul\u00e9 roky bude open air a v spojen\u00ed so sprievodn\u00fdm programom.<\/p>\n<p><strong>Program:<\/strong><\/p>\n<p><strong>Z\u00e1kon \u010dasu<\/strong> \/ Ad\u00e9la Babanov\u00e1 \/ \u010cesko 2023 \/ 30 min. \u2013 Videoumelky\u0148a Ad\u00e9la Babanov\u00e1 (1980) \u010dasto \u010derp\u00e1 zo skuto\u010dn\u00fdch udalost\u00ed, ktor\u00e9 pomocou snov\u00fdch, fikt\u00edvnych a mystifika\u010dn\u00fdch pr\u00edbehov splieta do siete reinterpret\u00e1ci\u00ed. Niektor\u00e9 jej diela, ako napr\u00edklad M\u00e1m tam telo (2013), s\u00fa prezentovan\u00e9 ako multimedi\u00e1lne in\u0161tal\u00e1cie a filmy. \u010casto spolupracuje so svoj\u00edm bratom Djianom Babanom. Ji.hlava MFDF uviedla jej telev\u00edzny dokument Nept\u00fan (2018) o medi\u00e1lnom podvode zinscenovanom \u010deskoslovenskou \u0160t\u00e1tnou bezpe\u010dnos\u0165ou a mockument\u00e1rny film N\u00e1vrat do Adriaportu (2013).<\/p>\n<p><strong>Perplexity<\/strong> \/ Franz Milec \/ \u010cesko, Taliansko 2023 \/ 4 min. \u2013 Priestory opusten\u00fdch kancel\u00e1ri\u00ed a pri\u013eahl\u00fdch chodieb vid\u00edme o\u010dami toho, kto je v nich doma &#8211; robotick\u00e9ho vys\u00e1va\u010da.<\/p>\n<p><strong>Mas Eternamente N\u00e3o<\/strong> \/ Kl\u00e1ra Trskov\u00e1, Ane\u017eka Horov\u00e1 \/ \u010cesk\u00e1 republika, Portugalsko, Sv\u00e4t\u00fd Tom\u00e1\u0161 2023 \/ 4 min. \u2013 Kombin\u00e1ciu arch\u00edvnych z\u00e1berov z africk\u00e9ho ostrova Sv\u00e4t\u00fd Tom\u00e1\u0161, b\u00fdvalej portugalskej kol\u00f3nie s otrok\u00e1rskym syst\u00e9mom, a s\u00fa\u010dasn\u00fdch z\u00e1berov rozpad\u00e1vaj\u00facich sa lisabonsk\u00fdch sklen\u00edkov, dop\u013a\u0148aj\u00fa naliehav\u00e9, dojemn\u00e9 ver\u0161e sv\u00e4tomatejsk\u00fdch b\u00e1snikov.<\/p>\n<p><strong>Beyond Anachronism: Eons of the Binary<\/strong> \/ Claude Johann \u010cierny \/ \u010cesk\u00e1 republika, Slovensko 2023 \/ 3 min. \u2013Ve\u010dn\u00e1 ot\u00e1zka digit\u00e1lneho veku: ako zbavi\u0165 anal\u00f3gov\u00fd film st\u00f4p nostalgie? Odpove\u010fou je tu r\u00fdchly pr\u00fad ostr\u00fdch fotografi\u00ed a rozmazan\u00fdch alebo naru\u0161en\u00fdch z\u00e1berov pra\u017esk\u00fdch dopravn\u00fdch prostriedkov.<\/p>\n<p><strong>Commodity Catalogue<\/strong> \/ Zbyn\u011bk Baladr\u00e1n, \u010cesk\u00e1 republika 2023 \/ 14 min. \u2013 Film je druhou \u010das\u0165ou tril\u00f3gie o reprezent\u00e1cii, umen\u00ed a politike. V predch\u00e1dzaj\u00facom filme sa autor zaoberal spolo\u010denskou \u00falohou umenia. V tejto eseji n\u00e1s nab\u00e1da, aby sme sa na obrazy pozerali ako na tovar.<\/p>\n<p><strong>Maternice a mozgy (Hm..fantasy)<\/strong> \/ Lucie Rosenfeldov\u00e1 \/ \u010cesk\u00e1 republika 2022 \/ 9 min. \u2013 \u010co tvor\u00ed pam\u00e4\u0165 tela? Ako vn\u00edmame jej hranice? Ako sa telo popasuje so svojimi predstavami? Autorka nach\u00e1dza odpovede v sk\u00fasenosti stretnutia s vlastnou telesnos\u0165ou v gynekologickej ordin\u00e1cii.<\/p>\n<p><strong>Plasma<\/strong> \/ Ale\u0161 Z\u016fbek \/ \u010cesk\u00e1 republika 2023 \/ 19 min. \u2013 Rozsiahla a nepr\u00edstupn\u00e1 pust\u00e1 krajina ukr\u00fdva priemyseln\u00e9 budovy a nezn\u00e1me technol\u00f3gie. Pr\u00fad panoramatick\u00fdch z\u00e1berov a vizu\u00e1lneho sk\u00famania v\u00fdbojov a pohybov majest\u00e1tnych strojov sprev\u00e1dza hypnotizuj\u00faci zvukov\u00fd dizajn.<\/p>\n","protected":false},"excerpt":{"rendered":"<p>V programe Ozvien Ji.hlavy nebude ani tento rok ch\u00fdba\u0165 p\u00e1smo v\u00ed\u0165azn\u00fdch experiment\u00e1lnych filmov zo sekci\u00ed Fascinace a Fascinace:Exper. Te\u0161i\u0165 sa mo\u017eno okrem samotn\u00fdch filmov na diskusiu s autormi\/kami po premietnut\u00ed kolekcie. \u201eFascinace s\u00fa ve\u013ekou tov\u00e1r\u0148ou experiment\u00e1lnej kinematografie, ktor\u00e1 zbavuje film zalo\u017een\u00fd na realite v\u0161etk\u00e9ho, \u010do ho za\u0165a\u017euje, a t\u00fdm podstatne prehlbuje mo\u017enosti fimov\u00e9ho vn\u00edmania.\u201c Festival [&hellip;]<\/p>\n","protected":false},"featured_media":0,"template":"","acf":[],"event_date":{"start_date":1719187200,"end_date":1719187200},"_links":{"self":[{"href":"https:\/\/www.visitbratislava.com\/sk\/wp-json\/wp\/v2\/event\/297791"}],"collection":[{"href":"https:\/\/www.visitbratislava.com\/sk\/wp-json\/wp\/v2\/event"}],"about":[{"href":"https:\/\/www.visitbratislava.com\/sk\/wp-json\/wp\/v2\/types\/event"}],"version-history":[{"count":1,"href":"https:\/\/www.visitbratislava.com\/sk\/wp-json\/wp\/v2\/event\/297791\/revisions"}],"predecessor-version":[{"id":297992,"href":"https:\/\/www.visitbratislava.com\/sk\/wp-json\/wp\/v2\/event\/297791\/revisions\/297992"}],"wp:attachment":[{"href":"https:\/\/www.visitbratislava.com\/sk\/wp-json\/wp\/v2\/media?parent=297791"}],"curies":[{"name":"wp","href":"https:\/\/api.w.org\/{rel}","templated":true}]}}

<p><strong>V programe Ozvien Ji.hlavy nebude ani tento rok chýbať pásmo víťazných experimentálnych filmov zo sekcií Fascinace a Fascinace:Exper. Tešiť sa možno okrem samotných filmov na diskusiu s autormi/kami po premietnutí kolekcie. „Fascinace sú veľkou továrňou experimentálnej kinematografie, ktorá zbavuje film založený na realite všetkého, čo ho zaťažuje, a tým podstatne prehlbuje možnosti fimového vnímania.“</strong></p>
<p>Festival Ozveny Ji.hlavy sa otvára výnimočným dokumentom o revolúciách v Iráne a Rumunsku. Podujatie prináša víťazné filmy a divácke hajlajty z 27. ročníka najväčšieho stredoeurópskeho a východoeurópskeho festivalu dokumentárnych filmov. Program letných filmových pondelkov začne od 17. júna v magickom Parku de Palma Novej Cvernovky. Ako minulé roky bude open air a v spojení so sprievodným programom.</p>
<p><strong>Program:</strong></p>
<p><strong>Zákon času</strong> / Adéla Babanová / Česko 2023 / 30 min. – Videoumelkyňa Adéla Babanová (1980) často čerpá zo skutočných udalostí, ktoré pomocou snových, fiktívnych a mystifikačných príbehov splieta do siete reinterpretácií. Niektoré jej diela, ako napríklad Mám tam telo (2013), sú prezentované ako multimediálne inštalácie a filmy. Často spolupracuje so svojím bratom Djianom Babanom. Ji.hlava MFDF uviedla jej televízny dokument Neptún (2018) o mediálnom podvode zinscenovanom československou Štátnou bezpečnosťou a mockumentárny film Návrat do Adriaportu (2013).</p>
<p><strong>Perplexity</strong> / Franz Milec / Česko, Taliansko 2023 / 4 min. – Priestory opustených kancelárií a priľahlých chodieb vidíme očami toho, kto je v nich doma &#8211; robotického vysávača.</p>
<p><strong>Mas Eternamente Não</strong> / Klára Trsková, Anežka Horová / Česká republika, Portugalsko, Svätý Tomáš 2023 / 4 min. – Kombináciu archívnych záberov z afrického ostrova Svätý Tomáš, bývalej portugalskej kolónie s otrokárskym systémom, a súčasných záberov rozpadávajúcich sa lisabonských skleníkov, dopĺňajú naliehavé, dojemné verše svätomatejských básnikov.</p>
<p><strong>Beyond Anachronism: Eons of the Binary</strong> / Claude Johann Čierny / Česká republika, Slovensko 2023 / 3 min. –Večná otázka digitálneho veku: ako zbaviť analógový film stôp nostalgie? Odpoveďou je tu rýchly prúd ostrých fotografií a rozmazaných alebo narušených záberov pražských dopravných prostriedkov.</p>
<p><strong>Commodity Catalogue</strong> / Zbyněk Baladrán, Česká republika 2023 / 14 min. – Film je druhou časťou trilógie o reprezentácii, umení a politike. V predchádzajúcom filme sa autor zaoberal spoločenskou úlohou umenia. V tejto eseji nás nabáda, aby sme sa na obrazy pozerali ako na tovar.</p>
<p><strong>Maternice a mozgy (Hm..fantasy)</strong> / Lucie Rosenfeldová / Česká republika 2022 / 9 min. – Čo tvorí pamäť tela? Ako vnímame jej hranice? Ako sa telo popasuje so svojimi predstavami? Autorka nachádza odpovede v skúsenosti stretnutia s vlastnou telesnosťou v gynekologickej ordinácii.</p>
<p><strong>Plasma</strong> / Aleš Zůbek / Česká republika 2023 / 19 min. – Rozsiahla a neprístupná pustá krajina ukrýva priemyselné budovy a neznáme technológie. Prúd panoramatických záberov a vizuálneho skúmania výbojov a pohybov majestátnych strojov sprevádza hypnotizujúci zvukový dizajn.</p>

<p>V programe Ozvien Ji.hlavy nebude ani tento rok chýbať pásmo víťazných experimentálnych filmov zo sekcií Fascinace a Fascinace:Exper. Tešiť sa možno okrem samotných filmov na diskusiu s autormi/kami po premietnutí kolekcie. „Fascinace sú veľkou továrňou experimentálnej kinematografie, ktorá zbavuje film založený na realite všetkého, čo ho zaťažuje, a tým podstatne prehlbuje možnosti fimového vnímania.“ Festival [&hellip;]</p>
