{"id":306853,"date":"2024-08-15T22:51:53","date_gmt":"2024-08-15T20:51:53","guid":{"rendered":"https:\/\/www.visitbratislava.com\/?post_type=event&#038;p=306853"},"modified":"2024-08-15T22:59:07","modified_gmt":"2024-08-15T20:59:07","slug":"open-air-bratislavske-jazzove-dni","status":"publish","type":"event","link":"https:\/\/www.visitbratislava.com\/sk\/podujatia\/open-air-bratislavske-jazzove-dni\/","title":{"rendered":"Open-air Bratislavsk\u00e9 Jazzov\u00e9 Dni"},"content":{"rendered":"<p><strong>Hostite\u013eom tradi\u010dn\u00e9ho septembrov\u00e9ho warm-upu Bratislavsk\u00fdch Jazzov\u00fdch Dn\u00ed Slovensk\u00e1 sporite\u013e\u0148a je Peter Lipa: ikona slovensk\u00e9ho jazzu neskor\u00fd letn\u00fd ve\u010der svojim koncertom aj uzatv\u00e1ra<\/strong>. Peter Lipa op\u00e4\u0165 pozval dvoch talentovan\u00fdch host\u00ed s jedine\u010dn\u00fdm poh\u013eadom na hudbu:<\/p>\n<p><strong>L\u00e9on Phal je k\u013e\u00fa\u010dov\u00fdm umelcom novej franc\u00fazskej jazzovej vlny<\/strong>. Na jeho s\u00fa\u010dasnej hudbe je azda najz\u00e1sadnej\u0161\u00edm a najpozoruhodnej\u0161\u00edm faktom to, \u017ee pri tvorbe nepou\u017e\u00edva \u017eiadne stroje ani elektroniku. Napriek tomu, \u017ee jeho hudba m\u00e1 feeling aktu\u00e1lneho klubov\u00e9ho zvuku, je vytvoren\u00e1 v\u00fdlu\u010dne s pou\u017eit\u00edm tradi\u010dn\u00fdch jazzov\u00fdch n\u00e1strojov.<\/p>\n<p>Franc\u00fazsko-\u0161vaj\u010diarsky hr\u00e1\u010d na saxof\u00f3n s poves\u0165ou, ktor\u00e1 u\u017e presahuje hranice Eur\u00f3py, si dl\u00e1\u017edi cestu spolu so svoj\u00edm vern\u00fdm kvintetom v zlo\u017een\u00ed: Arthur Alard (bicie), R\u00e9mi Bouyssi\u00e8re (kontrabas), Gauthier Toux (kl\u00e1vesy) a Zacharie Ksykowski&#8217;s (tr\u00fabka).<\/p>\n<p><em>Na jeho ostatnom albume \u201cStress Killer\u201d je vodcom a majstrom cerem\u00f3ni\u00ed saxof\u00f3n, ktor\u00fd sp\u00e1ja jazzov\u00e9 k\u00f3dy s poklonami techno priekopn\u00edkom z Detroitu, deep housu z Chicaga a \u010derp\u00e1 z Leonovej predch\u00e1dzaj\u00facej spolupr\u00e1ce s Laurentom Garnierom. L\u00e9on sa pozer\u00e1 aj do sp\u00e4tn\u00e9ho zrkadla, smerom k majstrom, ktor\u00ed sk\u00famali saxof\u00f3n ako nikto in\u00fd: jeho interpret\u00e1cia skladby Naima od Johna Coltrana obsahuje hlbok\u00e9 t\u00f3ny rhodes, ne\u017e sa objav\u00ed nezamenite\u013en\u00e1 mel\u00f3dia saxof\u00f3nu a tr\u00fabky.<\/em><\/p>\n<p><strong>Nikol B\u00f3kov\u00e1 je klaviristka a skladate\u013eka, dr\u017eite\u013eka ocenen\u00ed And\u011bl a Jantar<\/strong>, v\u00ed\u0165azka ankety \u010cesk\u00e9ho rozhlasu Jazz \u201e\u010cesk\u00e1 jazzov\u00e1 skl\u00edze\u0148\u201c. Nikol B\u00f3kov\u00e1 je jednou z najtalentovanej\u0161\u00edch autoriek na s\u00fa\u010dasnej jazzovej sc\u00e9ne, z\u00e1rove\u0148 ale aj vychytenou interpretkou vo svete klasickej hudby.<\/p>\n<p>\u010clenmi jej jazzov\u00e9ho kvarteta s\u00fa David Dor\u016f\u017eka (elektrick\u00e1 gitara), Martin Koci\u00e1n (kontrabas) a Micha\u0142 Wiergo\u0144 (bicie).<\/p>\n<p><em>Nikol B\u00f3kov\u00e1 vo svojej tvorbe \u010derp\u00e1 zo svojho p\u00f4vodn\u00e9ho klasick\u00e9ho hudobn\u00e9ho vzdelania a origin\u00e1lne v nej prep\u00e1ja prvky jazzu, klasickej hudby, ale aj popu a minimalizmu. Za svoju skladbu \u201cPrometheus\u201d z rovnomenn\u00e9ho albumu z\u00edskala ocenenie OSA v kateg\u00f3rii \u201eNajlep\u0161ia jazzov\u00e1 skladba roka\u201c. Na konte m\u00e1 u\u017e \u0161es\u0165 albumov, aktu\u00e1lny \u201cExpedition\u201d vy\u0161iel minuly rok.<\/em><\/p>\n<p><a href=\"https:\/\/www.ticketportal.sk\/event\/Open-air-Bratislavske-Jazzove-Dni\">Vstupn\u00e9 od 21\u20ac do 29\u20ac<\/a><\/p>\n<p><img loading=\"lazy\" width=\"600\" height=\"600\" class=\"alignnone size-full wp-image-306854\" src=\"https:\/\/www.visitbratislava.com\/wp-content\/uploads\/2024\/08\/orig_Open_air_Bratislavske_Jazzove_Dni_202473081122.jpg\" alt=\"\" srcset=\"https:\/\/www.visitbratislava.com\/wp-content\/uploads\/2024\/08\/orig_Open_air_Bratislavske_Jazzove_Dni_202473081122.jpg 600w, https:\/\/www.visitbratislava.com\/wp-content\/uploads\/2024\/08\/orig_Open_air_Bratislavske_Jazzove_Dni_202473081122-400x400.jpg 400w, https:\/\/www.visitbratislava.com\/wp-content\/uploads\/2024\/08\/orig_Open_air_Bratislavske_Jazzove_Dni_202473081122-150x150.jpg 150w, https:\/\/www.visitbratislava.com\/wp-content\/uploads\/2024\/08\/orig_Open_air_Bratislavske_Jazzove_Dni_202473081122-200x200.jpg 200w, https:\/\/www.visitbratislava.com\/wp-content\/uploads\/2024\/08\/orig_Open_air_Bratislavske_Jazzove_Dni_202473081122-184x184.jpg 184w, https:\/\/www.visitbratislava.com\/wp-content\/uploads\/2024\/08\/orig_Open_air_Bratislavske_Jazzove_Dni_202473081122-384x384.jpg 384w\" sizes=\"(max-width: 600px) 100vw, 600px\" \/><\/p>\n","protected":false},"excerpt":{"rendered":"<p>Otvarac\u00ed koncert Jazz\u00e1kov 8. septembra bude na Letnej sc\u00e9ne Divadla S\u013dUK, vyst\u00fapia Peter Lipa, Leon Phal, a Nikol B\u00f3kov\u00e1.<\/p>\n","protected":false},"featured_media":306868,"template":"","acf":[],"event_date":{"start_date":1725753600,"end_date":1725753600},"_links":{"self":[{"href":"https:\/\/www.visitbratislava.com\/sk\/wp-json\/wp\/v2\/event\/306853"}],"collection":[{"href":"https:\/\/www.visitbratislava.com\/sk\/wp-json\/wp\/v2\/event"}],"about":[{"href":"https:\/\/www.visitbratislava.com\/sk\/wp-json\/wp\/v2\/types\/event"}],"version-history":[{"count":2,"href":"https:\/\/www.visitbratislava.com\/sk\/wp-json\/wp\/v2\/event\/306853\/revisions"}],"predecessor-version":[{"id":306867,"href":"https:\/\/www.visitbratislava.com\/sk\/wp-json\/wp\/v2\/event\/306853\/revisions\/306867"}],"wp:featuredmedia":[{"embeddable":true,"href":"https:\/\/www.visitbratislava.com\/sk\/wp-json\/wp\/v2\/media\/306868"}],"wp:attachment":[{"href":"https:\/\/www.visitbratislava.com\/sk\/wp-json\/wp\/v2\/media?parent=306853"}],"curies":[{"name":"wp","href":"https:\/\/api.w.org\/{rel}","templated":true}]}}

Open-air Bratislavské Jazzové Dni

<p><strong>Hostiteľom tradičného septembrového warm-upu Bratislavských Jazzových Dní Slovenská sporiteľňa je Peter Lipa: ikona slovenského jazzu neskorý letný večer svojim koncertom aj uzatvára</strong>. Peter Lipa opäť pozval dvoch talentovaných hostí s jedinečným pohľadom na hudbu:</p>
<p><strong>Léon Phal je kľúčovým umelcom novej francúzskej jazzovej vlny</strong>. Na jeho súčasnej hudbe je azda najzásadnejším a najpozoruhodnejším faktom to, že pri tvorbe nepoužíva žiadne stroje ani elektroniku. Napriek tomu, že jeho hudba má feeling aktuálneho klubového zvuku, je vytvorená výlučne s použitím tradičných jazzových nástrojov.</p>
<p>Francúzsko-švajčiarsky hráč na saxofón s povesťou, ktorá už presahuje hranice Európy, si dláždi cestu spolu so svojím verným kvintetom v zložení: Arthur Alard (bicie), Rémi Bouyssière (kontrabas), Gauthier Toux (klávesy) a Zacharie Ksykowski&#8217;s (trúbka).</p>
<p><em>Na jeho ostatnom albume “Stress Killer” je vodcom a majstrom ceremónií saxofón, ktorý spája jazzové kódy s poklonami techno priekopníkom z Detroitu, deep housu z Chicaga a čerpá z Leonovej predchádzajúcej spolupráce s Laurentom Garnierom. Léon sa pozerá aj do spätného zrkadla, smerom k majstrom, ktorí skúmali saxofón ako nikto iný: jeho interpretácia skladby Naima od Johna Coltrana obsahuje hlboké tóny rhodes, než sa objaví nezameniteľná melódia saxofónu a trúbky.</em></p>
<p><strong>Nikol Bóková je klaviristka a skladateľka, držiteľka ocenení Anděl a Jantar</strong>, víťazka ankety Českého rozhlasu Jazz „Česká jazzová sklízeň“. Nikol Bóková je jednou z najtalentovanejších autoriek na súčasnej jazzovej scéne, zároveň ale aj vychytenou interpretkou vo svete klasickej hudby.</p>
<p>Členmi jej jazzového kvarteta sú David Dorůžka (elektrická gitara), Martin Kocián (kontrabas) a Michał Wiergoń (bicie).</p>
<p><em>Nikol Bóková vo svojej tvorbe čerpá zo svojho pôvodného klasického hudobného vzdelania a originálne v nej prepája prvky jazzu, klasickej hudby, ale aj popu a minimalizmu. Za svoju skladbu “Prometheus” z rovnomenného albumu získala ocenenie OSA v kategórii „Najlepšia jazzová skladba roka“. Na konte má už šesť albumov, aktuálny “Expedition” vyšiel minuly rok.</em></p>
<p><a href="https://www.ticketportal.sk/event/Open-air-Bratislavske-Jazzove-Dni">Vstupné od 21€ do 29€</a></p>
<p><img loading="lazy" width="600" height="600" class="alignnone size-full wp-image-306854" src="https://www.visitbratislava.com/wp-content/uploads/2024/08/orig_Open_air_Bratislavske_Jazzove_Dni_202473081122.jpg" alt="" srcset="https://www.visitbratislava.com/wp-content/uploads/2024/08/orig_Open_air_Bratislavske_Jazzove_Dni_202473081122.jpg 600w, https://www.visitbratislava.com/wp-content/uploads/2024/08/orig_Open_air_Bratislavske_Jazzove_Dni_202473081122-400x400.jpg 400w, https://www.visitbratislava.com/wp-content/uploads/2024/08/orig_Open_air_Bratislavske_Jazzove_Dni_202473081122-150x150.jpg 150w, https://www.visitbratislava.com/wp-content/uploads/2024/08/orig_Open_air_Bratislavske_Jazzove_Dni_202473081122-200x200.jpg 200w, https://www.visitbratislava.com/wp-content/uploads/2024/08/orig_Open_air_Bratislavske_Jazzove_Dni_202473081122-184x184.jpg 184w, https://www.visitbratislava.com/wp-content/uploads/2024/08/orig_Open_air_Bratislavske_Jazzove_Dni_202473081122-384x384.jpg 384w" sizes="(max-width: 600px) 100vw, 600px" /></p>

<p>Otvarací koncert Jazzákov 8. septembra bude na Letnej scéne Divadla SĽUK, vystúpia Peter Lipa, Leon Phal, a Nikol Bóková.</p>
