{"id":309226,"date":"2024-09-08T15:48:40","date_gmt":"2024-09-08T13:48:40","guid":{"rendered":"https:\/\/www.visitbratislava.com\/?post_type=event&#038;p=309226"},"modified":"2024-10-23T12:58:55","modified_gmt":"2024-10-23T10:58:55","slug":"hermann-nitsch-pocta-farieb","status":"publish","type":"event","link":"https:\/\/www.visitbratislava.com\/sk\/podujatia\/hermann-nitsch-pocta-farieb\/","title":{"rendered":"Hermann Nitsch &#8211; Pocta farieb"},"content":{"rendered":"<p>Umelec sa stal priekopn\u00edkom mestskej avantgardnej sc\u00e9ny v \u0161es\u0165desiatych a sedemdesiatych rokoch, jeho radik\u00e1lne a kontroverzn\u00e9 predstavenia boli s\u00fa\u010das\u0165ou Viedensk\u00e9ho akcionizmu. <strong>Svoje sl\u00e1vne divadlo <em>Das Orgien Mysterien Theater<\/em> vytvoril v p\u00e4\u0165desiatych rokoch. <\/strong><\/p>\n<p>Vrcholom tohto \u00fasilia bolo rozsiahle zmyslov\u00e9 predstavenie 6-Tage-Spiel (\u0160es\u0165d\u0148ov\u00e1 hra), realizovan\u00e9 v dev\u00e4\u0165desiatych rokoch, koncepcia tohto \u0161es\u0165d\u0148ov\u00e9ho festivalu sa zdokona\u013euje dodnes.<\/p>\n<p><strong>V za\u010diatkoch svojej maliarskej praxe Nitsch vytv\u00e1ral ak\u010dn\u00e9 ma\u013eby nan\u00e1\u0161an\u00edm farby na pl\u00e1tna<\/strong>. Okrem toho vytvoril aj grafiky sk\u00famaj\u00face zlo\u017eenie \u013eudsk\u00e9ho tela, ktor\u00e9 op\u00edsal ako \u201earchitekt\u00fara O. M. divadla\u201c. V priebehu dev\u00e4\u0165desiatych rokov za\u010dal Nitsch prid\u00e1va\u0165 do procesu tla\u010de farby a krvav\u00e9 \u0161kvrny, nadv\u00e4zoval nimi dial\u00f3g so svojimi dielami na pl\u00e1tne.<\/p>\n<p>O obrovskej aktivite a aktu\u00e1lnosti jeho osoby sved\u010d\u00ed monografick\u00e9 dielo Hermann Nitsch \u2013 <em>Das Gesamtkunstwerk des Orgien Mysterien Theaters<\/em>, v rozsahu takmer 1 000 str\u00e1n.<\/p>\n<p><strong>V poslednom obdob\u00ed sa Nitsch vo svojej ma\u013ebe \u010doraz viac venoval t\u00e9me zm\u0155tvychvstania<\/strong> a na Wagnerovom festivale 2021 v Bayreuthe sa mu podarilo zrealizova\u0165 maliarsku akciu. Jeho diela s\u00fa vystaven\u00e9 v dvoch monografick\u00fdch m\u00faze\u00e1ch v Mistelbachu a Neapole, ako aj v jeho nad\u00e1cii Nitsch Foundation vo Viedni a v prest\u00ed\u017enych medzin\u00e1rodn\u00fdch m\u00faze\u00e1ch a gal\u00e9ri\u00e1ch. Hermann Nitsch zomrel 18. apr\u00edla 2022.<\/p>\n<div class=\"grid-container\"><div class=\"grid-container__item\"><div class=\"block\"><a href=\"https:\/\/www.visitbratislava.com\/wp-content\/uploads\/2024\/09\/NITSCH_expozicia-2024_DSC0312-800x533.jpg\" data-fancybox=\"gallery\" data-caption=\"\"><div class=\"background\"><img src=\"https:\/\/www.visitbratislava.com\/wp-content\/uploads\/2024\/09\/NITSCH_expozicia-2024_DSC0312-800x533.jpg\" alt=\"foto\"\/><\/div><div class=\"overlay filter-blue\"><div class=\"content\"><span class=\"zoom-button\"><\/span><\/div><\/div><\/a><\/div><\/div><div class=\"grid-container__item\"><div class=\"block\"><a href=\"https:\/\/www.visitbratislava.com\/wp-content\/uploads\/2024\/09\/NITSCH_expozicia-2024_DSC0365-800x533.jpg\" data-fancybox=\"gallery\" data-caption=\"\"><div class=\"background\" style=\"background-image: url(https:\/\/www.visitbratislava.com\/wp-content\/uploads\/2024\/09\/NITSCH_expozicia-2024_DSC0365-800x533.jpg)\"><\/div><div class=\"overlay filter-green\"><div class=\"content\"><span class=\"zoom-button\"><\/span><\/div><\/div><\/a><\/div><\/div><div class=\"grid-container__item\"><div class=\"block\" ><a href=\"https:\/\/www.visitbratislava.com\/wp-content\/uploads\/2024\/09\/NITSCH_expozicia-2024_DSC0387-800x533.jpg\" data-fancybox=\"gallery\" data-caption=\"\"><div class=\"background\" style=\"background-image: url(https:\/\/www.visitbratislava.com\/wp-content\/uploads\/2024\/09\/NITSCH_expozicia-2024_DSC0387-800x533.jpg)\"><\/div><div class=\"overlay filter-orange\"><div class=\"content\"><span class=\"zoom-button\"><\/span><\/div><\/div><\/a><\/div><\/div><div class=\"grid-container__item\"><div class=\"block\"><a href=\"https:\/\/www.visitbratislava.com\/wp-content\/uploads\/2024\/09\/NITSCH_expozicia-2024_DSC0362-800x533.jpg\" data-fancybox=\"gallery\" data-caption=\"\"><div class=\"background\" style=\"background-image: url(https:\/\/www.visitbratislava.com\/wp-content\/uploads\/2024\/09\/NITSCH_expozicia-2024_DSC0362-800x533.jpg)\"><\/div><div class=\"overlay filter-purple\"><div class=\"content\"><span class=\"zoom-button\"><\/span><\/div><\/div><\/a><\/div><\/div><div class=\"grid-container__item more\"><\/div><\/div>\n<p><strong>Hermann Nitsch<\/strong> (1938 \u2013 2022)<\/p>\n<p>1957 Rozvinul my\u0161lienku divadla Das Orgien Mysterien Theater, \u0161es\u0165d\u0148ov\u00e9ho festivalu, ktor\u00e9ho koncepcia vych\u00e1dza z hlavnej filozofie umelca a ktor\u00e1 sa rozv\u00edja dodnes. O. m. divadlo je nov\u00e1 forma celkov\u00e9ho umeleck\u00e9ho diela (Gesamtkunstwerk), kde sa inscenuje realita a v\u0161etk\u00fdch p\u00e4\u0165 zmyslov \u00fa\u010dastn\u00edkov je zapojen\u00fdch.<br \/>\n1962 Prv\u00e1 \u201eakcia\u201c vo Viedni.<br \/>\n1972 umelec sa z\u00fa\u010dast\u0148uje na Documenta 5, v\u00a0Kassele, kur\u00e1torom je Harald Szeemann;<br \/>\nprv\u00e1 12-hodinov\u00e1 akcia (40. akcia) v\u00a0umeleckom centre Mercer v\u00a0New Yorku.<\/p>\n<p>Nespo\u010detn\u00e9 mno\u017estvo v\u00fdstav v\u00a0prest\u00ed\u017enych in\u0161tit\u00faci\u00e1ch po celom svete od \u0161es\u0165desiatych rokov 20. storo\u010dia a\u017e dodnes.<\/p>\n<p>&nbsp;<\/p>\n","protected":false},"excerpt":{"rendered":"<p>Hermann Nitsch bol zn\u00e1my ako interdisciplin\u00e1rny umelec, tvoril performancie, ma\u013eoval, skladal hudbu a jeho tvorba zah\u0155\u0148a mnoho in\u00fdch aktiv\u00edt. \u0160tudoval v p\u00e4\u0165desiatych rokoch 20. storo\u010dia na viedenskej grafickej \u0161kole Graphische Lehr-und Versuchsanstalt. Kur\u00e1tori: Sammlung Werner Trenker a Nitsch Foundation.<\/p>\n","protected":false},"featured_media":314749,"template":"","acf":[],"event_date":{"start_date":1725926400,"end_date":1732406400},"_links":{"self":[{"href":"https:\/\/www.visitbratislava.com\/sk\/wp-json\/wp\/v2\/event\/309226"}],"collection":[{"href":"https:\/\/www.visitbratislava.com\/sk\/wp-json\/wp\/v2\/event"}],"about":[{"href":"https:\/\/www.visitbratislava.com\/sk\/wp-json\/wp\/v2\/types\/event"}],"version-history":[{"count":3,"href":"https:\/\/www.visitbratislava.com\/sk\/wp-json\/wp\/v2\/event\/309226\/revisions"}],"predecessor-version":[{"id":314779,"href":"https:\/\/www.visitbratislava.com\/sk\/wp-json\/wp\/v2\/event\/309226\/revisions\/314779"}],"wp:featuredmedia":[{"embeddable":true,"href":"https:\/\/www.visitbratislava.com\/sk\/wp-json\/wp\/v2\/media\/314749"}],"wp:attachment":[{"href":"https:\/\/www.visitbratislava.com\/sk\/wp-json\/wp\/v2\/media?parent=309226"}],"curies":[{"name":"wp","href":"https:\/\/api.w.org\/{rel}","templated":true}]}}

<p>Umelec sa stal priekopníkom mestskej avantgardnej scény v šesťdesiatych a sedemdesiatych rokoch, jeho radikálne a kontroverzné predstavenia boli súčasťou Viedenského akcionizmu. <strong>Svoje slávne divadlo <em>Das Orgien Mysterien Theater</em> vytvoril v päťdesiatych rokoch. </strong></p>
<p>Vrcholom tohto úsilia bolo rozsiahle zmyslové predstavenie 6-Tage-Spiel (Šesťdňová hra), realizované v deväťdesiatych rokoch, koncepcia tohto šesťdňového festivalu sa zdokonaľuje dodnes.</p>
<p><strong>V začiatkoch svojej maliarskej praxe Nitsch vytváral akčné maľby nanášaním farby na plátna</strong>. Okrem toho vytvoril aj grafiky skúmajúce zloženie ľudského tela, ktoré opísal ako „architektúra O. M. divadla“. V priebehu deväťdesiatych rokov začal Nitsch pridávať do procesu tlače farby a krvavé škvrny, nadväzoval nimi dialóg so svojimi dielami na plátne.</p>
<p>O obrovskej aktivite a aktuálnosti jeho osoby svedčí monografické dielo Hermann Nitsch – <em>Das Gesamtkunstwerk des Orgien Mysterien Theaters</em>, v rozsahu takmer 1 000 strán.</p>
<p><strong>V poslednom období sa Nitsch vo svojej maľbe čoraz viac venoval téme zmŕtvychvstania</strong> a na Wagnerovom festivale 2021 v Bayreuthe sa mu podarilo zrealizovať maliarsku akciu. Jeho diela sú vystavené v dvoch monografických múzeách v Mistelbachu a Neapole, ako aj v jeho nadácii Nitsch Foundation vo Viedni a v prestížnych medzinárodných múzeách a galériách. Hermann Nitsch zomrel 18. apríla 2022.</p>
<div class="grid-container"><div class="grid-container__item"><div class="block"><a href="https://www.visitbratislava.com/wp-content/uploads/2024/09/NITSCH_expozicia-2024_DSC0312-800x533.jpg" data-fancybox="gallery" data-caption=""><div class="background"><img src="https://www.visitbratislava.com/wp-content/uploads/2024/09/NITSCH_expozicia-2024_DSC0312-800x533.jpg" alt="foto"/></div><div class="overlay filter-blue"><div class="content"><span class="zoom-button"></span></div></div></a></div></div><div class="grid-container__item"><div class="block"><a href="https://www.visitbratislava.com/wp-content/uploads/2024/09/NITSCH_expozicia-2024_DSC0365-800x533.jpg" data-fancybox="gallery" data-caption=""><div class="background" style="background-image: url(https://www.visitbratislava.com/wp-content/uploads/2024/09/NITSCH_expozicia-2024_DSC0365-800x533.jpg)"></div><div class="overlay filter-green"><div class="content"><span class="zoom-button"></span></div></div></a></div></div><div class="grid-container__item"><div class="block" ><a href="https://www.visitbratislava.com/wp-content/uploads/2024/09/NITSCH_expozicia-2024_DSC0387-800x533.jpg" data-fancybox="gallery" data-caption=""><div class="background" style="background-image: url(https://www.visitbratislava.com/wp-content/uploads/2024/09/NITSCH_expozicia-2024_DSC0387-800x533.jpg)"></div><div class="overlay filter-orange"><div class="content"><span class="zoom-button"></span></div></div></a></div></div><div class="grid-container__item"><div class="block"><a href="https://www.visitbratislava.com/wp-content/uploads/2024/09/NITSCH_expozicia-2024_DSC0362-800x533.jpg" data-fancybox="gallery" data-caption=""><div class="background" style="background-image: url(https://www.visitbratislava.com/wp-content/uploads/2024/09/NITSCH_expozicia-2024_DSC0362-800x533.jpg)"></div><div class="overlay filter-purple"><div class="content"><span class="zoom-button"></span></div></div></a></div></div><div class="grid-container__item more"></div></div>
<p><strong>Hermann Nitsch</strong> (1938 – 2022)</p>
<p>1957 Rozvinul myšlienku divadla Das Orgien Mysterien Theater, šesťdňového festivalu, ktorého koncepcia vychádza z hlavnej filozofie umelca a ktorá sa rozvíja dodnes. O. m. divadlo je nová forma celkového umeleckého diela (Gesamtkunstwerk), kde sa inscenuje realita a všetkých päť zmyslov účastníkov je zapojených.<br />
1962 Prvá „akcia“ vo Viedni.<br />
1972 umelec sa zúčastňuje na Documenta 5, v Kassele, kurátorom je Harald Szeemann;<br />
prvá 12-hodinová akcia (40. akcia) v umeleckom centre Mercer v New Yorku.</p>
<p>Nespočetné množstvo výstav v prestížnych inštitúciách po celom svete od šesťdesiatych rokov 20. storočia až dodnes.</p>
<p>&nbsp;</p>

<p>Hermann Nitsch bol známy ako interdisciplinárny umelec, tvoril performancie, maľoval, skladal hudbu a jeho tvorba zahŕňa mnoho iných aktivít. Študoval v päťdesiatych rokoch 20. storočia na viedenskej grafickej škole Graphische Lehr-und Versuchsanstalt. Kurátori: Sammlung Werner Trenker a Nitsch Foundation.</p>
