{"id":317759,"date":"2024-11-14T13:30:42","date_gmt":"2024-11-14T12:30:42","guid":{"rendered":"https:\/\/www.visitbratislava.com\/?post_type=event&#038;p=317759"},"modified":"2024-11-14T13:37:56","modified_gmt":"2024-11-14T12:37:56","slug":"ne-sputani-89","status":"publish","type":"event","link":"https:\/\/www.visitbratislava.com\/sk\/podujatia\/ne-sputani-89\/","title":{"rendered":"Ne\/sp\u00fatan\u00ed 89"},"content":{"rendered":"<p>V\u00fdstava pon\u00faka poh\u013ead na vplyv totalitn\u00e9ho re\u017eimu na mlad\u00fa gener\u00e1ciu, ktor\u00e1 sa akt\u00edvne zap\u00e1jala do nez\u00e1visl\u00fdch aktiv\u00edt. Taktie\u017e aj na samotn\u00fd priebeh \u0161tudentsk\u00e9ho hnutia, ktor\u00e9 viedlo k p\u00e1du komunistick\u00e9ho re\u017eimu. Okrem artefaktov a dobov\u00fdch fotografi\u00ed bud\u00fa s\u00fa\u010das\u0165ou v\u00fdstavy aj audiovizu\u00e1lne materi\u00e1ly, ktor\u00e9 pribl\u00ed\u017eia osobn\u00e9 svedectv\u00e1 t\u00fdch, ktor\u00ed sa podie\u013eali na zmen\u00e1ch v roku 1989.<\/p>\n<p>Slovensk\u00e9 n\u00e1rodn\u00e9 m\u00fazeum \u2013 Historick\u00e9 m\u00fazeum, v spolupr\u00e1ci s \u00dastavom pam\u00e4ti n\u00e1roda, pripravilo v\u00fdstavu, ktor\u00e1 n\u00e1s zavedie do obdobia 80. rokov a reflektuje jednu z najv\u00fdznamnej\u0161\u00edch udalost\u00ed na\u0161ej hist\u00f3rie \u2013 Ne\u017en\u00fa revol\u00faciu. V\u00fdstavu n\u00e1jdete v priestoroch Bratislavsk\u00e9ho Hradu. Z\u00e1kladn\u00e9 vstupn\u00e9 <strong>14\u20ac <\/strong>zah\u0155\u0148a vstup do\u00a0Historick\u00e9ho M\u00fazea a Klenotnice.<\/p>\n<p>Viac inform\u00e1ci\u00ed n\u00e1jdete <a href=\"https:\/\/www.snm.sk\/muzea-snm\/historicke-muzeum\/historicke-muzeum\/navstivte\/aktualne-vystavy?clanok=ne-sputani-89#menu\" target=\"_blank\" rel=\"noopener\"><strong>TU<\/strong><\/a>.<\/p>\n<div class=\"grid-container\"><div class=\"grid-container__item\"><div class=\"block\"><a href=\"https:\/\/www.visitbratislava.com\/wp-content\/uploads\/2024\/11\/revolucia.jpg\" data-fancybox=\"gallery\" data-caption=\"\"><div class=\"background\"><img src=\"https:\/\/www.visitbratislava.com\/wp-content\/uploads\/2024\/11\/revolucia.jpg\" alt=\"foto\"\/><\/div><div class=\"overlay filter-blue\"><div class=\"content\"><span class=\"zoom-button\"><\/span><\/div><\/div><\/a><\/div><\/div><div class=\"grid-container__item\"><div class=\"block\"><a href=\"https:\/\/www.visitbratislava.com\/wp-content\/uploads\/2024\/11\/revolucia1.jpg\" data-fancybox=\"gallery\" data-caption=\"\"><div class=\"background\" style=\"background-image: url(https:\/\/www.visitbratislava.com\/wp-content\/uploads\/2024\/11\/revolucia1.jpg)\"><\/div><div class=\"overlay filter-green\"><div class=\"content\"><span class=\"zoom-button\"><\/span><\/div><\/div><\/a><\/div><\/div><div class=\"grid-container__item\"><div class=\"block\" ><a href=\"https:\/\/www.visitbratislava.com\/wp-content\/uploads\/2024\/11\/revolucia2.jpg\" data-fancybox=\"gallery\" data-caption=\"\"><div class=\"background\" style=\"background-image: url(https:\/\/www.visitbratislava.com\/wp-content\/uploads\/2024\/11\/revolucia2.jpg)\"><\/div><div class=\"overlay filter-orange\"><div class=\"content\"><span class=\"zoom-button\"><\/span><\/div><\/div><\/a><\/div><\/div><div class=\"grid-container__item\"><div class=\"block\"><a href=\"https:\/\/www.visitbratislava.com\/wp-content\/uploads\/2024\/11\/revolucia3.jpg\" data-fancybox=\"gallery\" data-caption=\"\"><div class=\"background\" style=\"background-image: url(https:\/\/www.visitbratislava.com\/wp-content\/uploads\/2024\/11\/revolucia3.jpg)\"><\/div><div class=\"overlay filter-purple\"><div class=\"content\"><span class=\"zoom-button\"><\/span><\/div><\/div><\/a><\/div><\/div><div class=\"grid-container__item more\"><\/div><\/div>\n<p><em><span style=\"font-size: 8pt;\">Zdroj: \u00daPN<\/span><\/em><\/p>\n","protected":false},"excerpt":{"rendered":"<p>Objavte fascinuj\u00face dokumenty, fotografie a osobn\u00e9 svedectv\u00e1, ktor\u00e9 v\u00e1s vtiahnu do obdobia 80. rokov, kedy sa Slov\u00e1ci a \u010cesi postavili proti totalitn\u00e9mu re\u017eimu.<\/p>\n","protected":false},"featured_media":317760,"template":"","acf":[],"event_date":{"start_date":1731628800,"end_date":1748649600},"_links":{"self":[{"href":"https:\/\/www.visitbratislava.com\/sk\/wp-json\/wp\/v2\/event\/317759"}],"collection":[{"href":"https:\/\/www.visitbratislava.com\/sk\/wp-json\/wp\/v2\/event"}],"about":[{"href":"https:\/\/www.visitbratislava.com\/sk\/wp-json\/wp\/v2\/types\/event"}],"version-history":[{"count":8,"href":"https:\/\/www.visitbratislava.com\/sk\/wp-json\/wp\/v2\/event\/317759\/revisions"}],"predecessor-version":[{"id":317798,"href":"https:\/\/www.visitbratislava.com\/sk\/wp-json\/wp\/v2\/event\/317759\/revisions\/317798"}],"wp:featuredmedia":[{"embeddable":true,"href":"https:\/\/www.visitbratislava.com\/sk\/wp-json\/wp\/v2\/media\/317760"}],"wp:attachment":[{"href":"https:\/\/www.visitbratislava.com\/sk\/wp-json\/wp\/v2\/media?parent=317759"}],"curies":[{"name":"wp","href":"https:\/\/api.w.org\/{rel}","templated":true}]}}

Ne/spútaní 89

<p>Výstava ponúka pohľad na vplyv totalitného režimu na mladú generáciu, ktorá sa aktívne zapájala do nezávislých aktivít. Taktiež aj na samotný priebeh študentského hnutia, ktoré viedlo k pádu komunistického režimu. Okrem artefaktov a dobových fotografií budú súčasťou výstavy aj audiovizuálne materiály, ktoré priblížia osobné svedectvá tých, ktorí sa podieľali na zmenách v roku 1989.</p>
<p>Slovenské národné múzeum – Historické múzeum, v spolupráci s Ústavom pamäti národa, pripravilo výstavu, ktorá nás zavedie do obdobia 80. rokov a reflektuje jednu z najvýznamnejších udalostí našej histórie – Nežnú revolúciu. Výstavu nájdete v priestoroch Bratislavského Hradu. Základné vstupné <strong>14€ </strong>zahŕňa vstup do Historického Múzea a Klenotnice.</p>
<p>Viac informácií nájdete <a href="https://www.snm.sk/muzea-snm/historicke-muzeum/historicke-muzeum/navstivte/aktualne-vystavy?clanok=ne-sputani-89#menu" target="_blank" rel="noopener"><strong>TU</strong></a>.</p>
<div class="grid-container"><div class="grid-container__item"><div class="block"><a href="https://www.visitbratislava.com/wp-content/uploads/2024/11/revolucia.jpg" data-fancybox="gallery" data-caption=""><div class="background"><img src="https://www.visitbratislava.com/wp-content/uploads/2024/11/revolucia.jpg" alt="foto"/></div><div class="overlay filter-blue"><div class="content"><span class="zoom-button"></span></div></div></a></div></div><div class="grid-container__item"><div class="block"><a href="https://www.visitbratislava.com/wp-content/uploads/2024/11/revolucia1.jpg" data-fancybox="gallery" data-caption=""><div class="background" style="background-image: url(https://www.visitbratislava.com/wp-content/uploads/2024/11/revolucia1.jpg)"></div><div class="overlay filter-green"><div class="content"><span class="zoom-button"></span></div></div></a></div></div><div class="grid-container__item"><div class="block" ><a href="https://www.visitbratislava.com/wp-content/uploads/2024/11/revolucia2.jpg" data-fancybox="gallery" data-caption=""><div class="background" style="background-image: url(https://www.visitbratislava.com/wp-content/uploads/2024/11/revolucia2.jpg)"></div><div class="overlay filter-orange"><div class="content"><span class="zoom-button"></span></div></div></a></div></div><div class="grid-container__item"><div class="block"><a href="https://www.visitbratislava.com/wp-content/uploads/2024/11/revolucia3.jpg" data-fancybox="gallery" data-caption=""><div class="background" style="background-image: url(https://www.visitbratislava.com/wp-content/uploads/2024/11/revolucia3.jpg)"></div><div class="overlay filter-purple"><div class="content"><span class="zoom-button"></span></div></div></a></div></div><div class="grid-container__item more"></div></div>
<p><em><span style="font-size: 8pt;">Zdroj: ÚPN</span></em></p>

<p>Objavte fascinujúce dokumenty, fotografie a osobné svedectvá, ktoré vás vtiahnu do obdobia 80. rokov, kedy sa Slováci a Česi postavili proti totalitnému režimu.</p>
