{"id":321303,"date":"2024-12-08T18:10:46","date_gmt":"2024-12-08T17:10:46","guid":{"rendered":"https:\/\/www.visitbratislava.com\/?post_type=event&#038;p=321303"},"modified":"2024-12-08T18:10:46","modified_gmt":"2024-12-08T17:10:46","slug":"plody-svaru-obraz-osmanskej-pritomnosti","status":"publish","type":"event","link":"https:\/\/www.visitbratislava.com\/sk\/podujatia\/plody-svaru-obraz-osmanskej-pritomnosti\/","title":{"rendered":"Plody sv\u00e1ru. Obraz osmanskej pr\u00edtomnosti"},"content":{"rendered":"<p><strong>V\u00fdstava je v\u00fdsledkom \u0161es\u0165ro\u010dn\u00e9ho vedeckov\u00fdskumn\u00e9ho projektu<\/strong>, na ktorom sa podie\u013ealo viac ako dvadsa\u0165 osobnost\u00ed z oblasti hist\u00f3rie, arch\u00edvnictva, hist\u00f3rie umenia, vojenskej hist\u00f3rie, liter\u00e1rnej hist\u00f3rie a archeol\u00f3gie z r\u00f4znych vedeck\u00fdch a zbierkotvorn\u00fdch in\u0161tit\u00faci\u00ed. Takto \u0161iroko koncipovan\u00fd v\u00fdstavno-edi\u010dn\u00fd v\u00fdstup k danej t\u00e9me je na Slovensku realizovan\u00fd po prv\u00fd raz.<\/p>\n<p><em>V\u00fdskum v slovensk\u00fdch a zahrani\u010dn\u00fdch m\u00fazejn\u00fdch a galerijn\u00fdch zbierkach priniesol mno\u017estvo zauj\u00edmav\u00e9ho materi\u00e1lu. Od v\u00fdtvarn\u00e9ho \u2013 kresby, grafiky, obrazy, keramika, textil a umeleck\u00e9 remeslo vr\u00e1tane pam\u00e4tn\u00fdch medail\u00ed a minc\u00ed \u2013 cez arch\u00edvne pramene, dobov\u00e9 tla\u010de a\u017e po milit\u00e1ri\u00e1 a dokumenty reflektuj\u00face fortifika\u010dn\u00fa a pevnostn\u00fa architekt\u00faru, vtedaj\u0161iu strat\u00e9giu a taktiku bojov i moderniz\u00e1ciu obrany na pomedz\u00ed habsburskej a Osmanskej r\u00ed\u0161e.<\/em><\/p>\n<p><strong>Kritick\u00e9 tematizovanie moci a sily v\u00ed\u0165azov a slabosti porazen\u00fdch, vytv\u00e1ranie obrazu osmansk\u00e9ho sveta, jeho pozn\u00e1vania i \u0161\u00edrenia strachu z neho, je len jednou z viacer\u00fdch l\u00edni\u00ed, ktor\u00e9 v\u00fdstava prin\u00e1\u0161a. D\u00f4le\u017eitou kapitolou projektu je aj historick\u00e1 pam\u00e4\u0165 a reflexia vr\u00e1tane vn\u00fatorn\u00e9ho dom\u00e1ceho konfliktu, ktor\u00e9 sa na na\u0161om \u00fazem\u00ed silne odzrkad\u013euj\u00fa nielen vo v\u00fdtvarnom umen\u00ed, ale aj v literat\u00fare.<\/strong><\/p>\n<div class=\"grid-container\"><div class=\"grid-container__item\"><div class=\"block\"><a href=\"https:\/\/www.visitbratislava.com\/wp-content\/uploads\/2024\/12\/jKsa7YUxoZ0XsQX5V8pCrUc18n5SmKfecphVqFlL___frontend_1688_1261-800x598.jpeg\" data-fancybox=\"gallery\" data-caption=\"\"><div class=\"background\"><img src=\"https:\/\/www.visitbratislava.com\/wp-content\/uploads\/2024\/12\/jKsa7YUxoZ0XsQX5V8pCrUc18n5SmKfecphVqFlL___frontend_1688_1261-800x598.jpeg\" alt=\"foto\"\/><\/div><div class=\"overlay filter-blue\"><div class=\"content\"><span class=\"zoom-button\"><\/span><\/div><\/div><\/a><\/div><\/div><div class=\"grid-container__item\"><div class=\"block\"><a href=\"https:\/\/www.visitbratislava.com\/wp-content\/uploads\/2024\/12\/nvsGJHrdwSC9unwaDlkQyXUpZW1EGhWoLCWYxES5___frontend_1688_1261-800x598.jpeg\" data-fancybox=\"gallery\" data-caption=\"\"><div class=\"background\" style=\"background-image: url(https:\/\/www.visitbratislava.com\/wp-content\/uploads\/2024\/12\/nvsGJHrdwSC9unwaDlkQyXUpZW1EGhWoLCWYxES5___frontend_1688_1261-800x598.jpeg)\"><\/div><div class=\"overlay filter-green\"><div class=\"content\"><span class=\"zoom-button\"><\/span><\/div><\/div><\/a><\/div><\/div><div class=\"grid-container__item\"><div class=\"block\" ><a href=\"https:\/\/www.visitbratislava.com\/wp-content\/uploads\/2024\/12\/RtkFMJezJpiThb84WXGSkffGKezPefpLbNvO0heW___frontend_1691_1263-800x598.jpeg\" data-fancybox=\"gallery\" data-caption=\"\"><div class=\"background\" style=\"background-image: url(https:\/\/www.visitbratislava.com\/wp-content\/uploads\/2024\/12\/RtkFMJezJpiThb84WXGSkffGKezPefpLbNvO0heW___frontend_1691_1263-800x598.jpeg)\"><\/div><div class=\"overlay filter-orange\"><div class=\"content\"><span class=\"zoom-button\"><\/span><\/div><\/div><\/a><\/div><\/div><div class=\"grid-container__item\"><div class=\"block\"><a href=\"https:\/\/www.visitbratislava.com\/wp-content\/uploads\/2024\/12\/WncWv17yLm93G58Y3dnJDeK0JlLuM1HKaY9WjlL7___frontend_1691_1260-800x596.jpeg\" data-fancybox=\"gallery\" data-caption=\"\"><div class=\"background\" style=\"background-image: url(https:\/\/www.visitbratislava.com\/wp-content\/uploads\/2024\/12\/WncWv17yLm93G58Y3dnJDeK0JlLuM1HKaY9WjlL7___frontend_1691_1260-800x596.jpeg)\"><\/div><div class=\"overlay filter-purple\"><div class=\"content\"><span class=\"zoom-button\"><\/span><\/div><\/div><\/a><\/div><\/div><div class=\"grid-container__item more\"><\/div><\/div>\n","protected":false},"excerpt":{"rendered":"<p>V\u00fdstava Slovenskej n\u00e1rodnej gal\u00e9rie na pr\u00edkladoch bohatej kult\u00farnej v\u00fdmeny predstavuje zauj\u00edmav\u00fd, no z\u00e1rove\u0148 dramatick\u00fd pr\u00edbeh uhorsko-osmansk\u00fdch vz\u0165ahov v 16. a 17. storo\u010d\u00ed. Pribli\u017euje obdobie osmanskej expanzie v Uhorsku a tie\u017e vz\u00e1jomn\u00e9 vplyvy \u2013 \u0161peci\u00e1lne presahy osmanskej hmotnej kult\u00fary do stredoeur\u00f3pskeho umenia.<\/p>\n","protected":false},"featured_media":321328,"template":"","acf":[],"event_date":{"start_date":1733443200,"end_date":1747526400},"_links":{"self":[{"href":"https:\/\/www.visitbratislava.com\/sk\/wp-json\/wp\/v2\/event\/321303"}],"collection":[{"href":"https:\/\/www.visitbratislava.com\/sk\/wp-json\/wp\/v2\/event"}],"about":[{"href":"https:\/\/www.visitbratislava.com\/sk\/wp-json\/wp\/v2\/types\/event"}],"version-history":[{"count":2,"href":"https:\/\/www.visitbratislava.com\/sk\/wp-json\/wp\/v2\/event\/321303\/revisions"}],"predecessor-version":[{"id":321335,"href":"https:\/\/www.visitbratislava.com\/sk\/wp-json\/wp\/v2\/event\/321303\/revisions\/321335"}],"wp:featuredmedia":[{"embeddable":true,"href":"https:\/\/www.visitbratislava.com\/sk\/wp-json\/wp\/v2\/media\/321328"}],"wp:attachment":[{"href":"https:\/\/www.visitbratislava.com\/sk\/wp-json\/wp\/v2\/media?parent=321303"}],"curies":[{"name":"wp","href":"https:\/\/api.w.org\/{rel}","templated":true}]}}

Plody sváru. Obraz osmanskej prítomnosti

<p><strong>Výstava je výsledkom šesťročného vedeckovýskumného projektu</strong>, na ktorom sa podieľalo viac ako dvadsať osobností z oblasti histórie, archívnictva, histórie umenia, vojenskej histórie, literárnej histórie a archeológie z rôznych vedeckých a zbierkotvorných inštitúcií. Takto široko koncipovaný výstavno-edičný výstup k danej téme je na Slovensku realizovaný po prvý raz.</p>
<p><em>Výskum v slovenských a zahraničných múzejných a galerijných zbierkach priniesol množstvo zaujímavého materiálu. Od výtvarného – kresby, grafiky, obrazy, keramika, textil a umelecké remeslo vrátane pamätných medailí a mincí – cez archívne pramene, dobové tlače až po militáriá a dokumenty reflektujúce fortifikačnú a pevnostnú architektúru, vtedajšiu stratégiu a taktiku bojov i modernizáciu obrany na pomedzí habsburskej a Osmanskej ríše.</em></p>
<p><strong>Kritické tematizovanie moci a sily víťazov a slabosti porazených, vytváranie obrazu osmanského sveta, jeho poznávania i šírenia strachu z neho, je len jednou z viacerých línií, ktoré výstava prináša. Dôležitou kapitolou projektu je aj historická pamäť a reflexia vrátane vnútorného domáceho konfliktu, ktoré sa na našom území silne odzrkadľujú nielen vo výtvarnom umení, ale aj v literatúre.</strong></p>
<div class="grid-container"><div class="grid-container__item"><div class="block"><a href="https://www.visitbratislava.com/wp-content/uploads/2024/12/jKsa7YUxoZ0XsQX5V8pCrUc18n5SmKfecphVqFlL___frontend_1688_1261-800x598.jpeg" data-fancybox="gallery" data-caption=""><div class="background"><img src="https://www.visitbratislava.com/wp-content/uploads/2024/12/jKsa7YUxoZ0XsQX5V8pCrUc18n5SmKfecphVqFlL___frontend_1688_1261-800x598.jpeg" alt="foto"/></div><div class="overlay filter-blue"><div class="content"><span class="zoom-button"></span></div></div></a></div></div><div class="grid-container__item"><div class="block"><a href="https://www.visitbratislava.com/wp-content/uploads/2024/12/nvsGJHrdwSC9unwaDlkQyXUpZW1EGhWoLCWYxES5___frontend_1688_1261-800x598.jpeg" data-fancybox="gallery" data-caption=""><div class="background" style="background-image: url(https://www.visitbratislava.com/wp-content/uploads/2024/12/nvsGJHrdwSC9unwaDlkQyXUpZW1EGhWoLCWYxES5___frontend_1688_1261-800x598.jpeg)"></div><div class="overlay filter-green"><div class="content"><span class="zoom-button"></span></div></div></a></div></div><div class="grid-container__item"><div class="block" ><a href="https://www.visitbratislava.com/wp-content/uploads/2024/12/RtkFMJezJpiThb84WXGSkffGKezPefpLbNvO0heW___frontend_1691_1263-800x598.jpeg" data-fancybox="gallery" data-caption=""><div class="background" style="background-image: url(https://www.visitbratislava.com/wp-content/uploads/2024/12/RtkFMJezJpiThb84WXGSkffGKezPefpLbNvO0heW___frontend_1691_1263-800x598.jpeg)"></div><div class="overlay filter-orange"><div class="content"><span class="zoom-button"></span></div></div></a></div></div><div class="grid-container__item"><div class="block"><a href="https://www.visitbratislava.com/wp-content/uploads/2024/12/WncWv17yLm93G58Y3dnJDeK0JlLuM1HKaY9WjlL7___frontend_1691_1260-800x596.jpeg" data-fancybox="gallery" data-caption=""><div class="background" style="background-image: url(https://www.visitbratislava.com/wp-content/uploads/2024/12/WncWv17yLm93G58Y3dnJDeK0JlLuM1HKaY9WjlL7___frontend_1691_1260-800x596.jpeg)"></div><div class="overlay filter-purple"><div class="content"><span class="zoom-button"></span></div></div></a></div></div><div class="grid-container__item more"></div></div>

<p>Výstava Slovenskej národnej galérie na príkladoch bohatej kultúrnej výmeny predstavuje zaujímavý, no zároveň dramatický príbeh uhorsko-osmanských vzťahov v 16. a 17. storočí. Približuje obdobie osmanskej expanzie v Uhorsku a tiež vzájomné vplyvy – špeciálne presahy osmanskej hmotnej kultúry do stredoeurópskeho umenia.</p>
