{"id":324465,"date":"2025-01-16T10:25:41","date_gmt":"2025-01-16T09:25:41","guid":{"rendered":"https:\/\/www.visitbratislava.com\/events\/alejandro-acosta-2\/"},"modified":"2025-01-25T10:25:31","modified_gmt":"2025-01-25T09:25:31","slug":"alejandro-acosta-2","status":"publish","type":"event","link":"https:\/\/www.visitbratislava.com\/sk\/podujatia\/alejandro-acosta-2\/","title":{"rendered":"Alejandro Acosta"},"content":{"rendered":"<p>Alejandro Acosta je mexick\u00fd hudobn\u00edk s v\u00e1\u0161\u0148ou pre akustick\u00fd folk, ktor\u00fd \u010derp\u00e1 in\u0161pir\u00e1ciu z bohat\u00fdch trad\u00edci\u00ed Latinskej Ameriky a \u0160panielska. Po\u010das rokov o\u010daril publikum svojimi hudobn\u00fdmi vyst\u00fapeniami predov\u0161etk\u00fdm v Barcelone a v Madride. Alejandro je zn\u00e1my svojimi srde\u010dn\u00fdmi vok\u00e1lmi a zlo\u017eitou hrou na gitare. In\u0161pir\u00e1ciu \u010derp\u00e1 predov\u0161etk\u00fdm z tradi\u010dnej latinskej hudby, ktor\u00fa kombinuje s modern\u00fdmi prvkami. Po spolo\u010dnom vyst\u00fapen\u00ed s kapelami ako Bohemios Latino Luv, Wakamole a Mariachi Sin Fronteras sa vracia k svojim s\u00f3lov\u00fdm akustick\u00fdm kore\u0148om a svojmu publiku v Bratislave je pripraven\u00fd zazdie\u013ea\u0165 svoje osobn\u00e9 mel\u00f3die a svoj pr\u00edbeh prostredn\u00edctvom hudby.<\/p>\n","protected":false},"excerpt":{"rendered":"<p>Alejandro Acosta je mexick\u00fd hudobn\u00edk s v\u00e1\u0161\u0148ou pre akustick\u00fd folk, ktor\u00fd \u010derp\u00e1 in\u0161pir\u00e1ciu z bohat\u00fdch trad\u00edci\u00ed Latinskej Ameriky a \u0160panielska. Po\u010das rokov o\u010daril publikum svojimi hudobn\u00fdmi vyst\u00fapeniami predov\u0161etk\u00fdm v Barcelone a v Madride. Alejandro je zn\u00e1my svojimi srde\u010dn\u00fdmi vok\u00e1lmi a zlo\u017eitou hrou na gitare. In\u0161pir\u00e1ciu \u010derp\u00e1 predov\u0161etk\u00fdm z tradi\u010dnej latinskej hudby, ktor\u00fa kombinuje s modern\u00fdmi [&hellip;]<\/p>\n","protected":false},"featured_media":0,"template":"","acf":[],"event_date":{"start_date":1737763200,"end_date":1737763200},"_links":{"self":[{"href":"https:\/\/www.visitbratislava.com\/sk\/wp-json\/wp\/v2\/event\/324465"}],"collection":[{"href":"https:\/\/www.visitbratislava.com\/sk\/wp-json\/wp\/v2\/event"}],"about":[{"href":"https:\/\/www.visitbratislava.com\/sk\/wp-json\/wp\/v2\/types\/event"}],"version-history":[{"count":1,"href":"https:\/\/www.visitbratislava.com\/sk\/wp-json\/wp\/v2\/event\/324465\/revisions"}],"predecessor-version":[{"id":324504,"href":"https:\/\/www.visitbratislava.com\/sk\/wp-json\/wp\/v2\/event\/324465\/revisions\/324504"}],"wp:attachment":[{"href":"https:\/\/www.visitbratislava.com\/sk\/wp-json\/wp\/v2\/media?parent=324465"}],"curies":[{"name":"wp","href":"https:\/\/api.w.org\/{rel}","templated":true}]}}

<p>Alejandro Acosta je mexický hudobník s vášňou pre akustický folk, ktorý čerpá inšpiráciu z bohatých tradícií Latinskej Ameriky a Španielska. Počas rokov očaril publikum svojimi hudobnými vystúpeniami predovšetkým v Barcelone a v Madride. Alejandro je známy svojimi srdečnými vokálmi a zložitou hrou na gitare. Inšpiráciu čerpá predovšetkým z tradičnej latinskej hudby, ktorú kombinuje s modernými prvkami. Po spoločnom vystúpení s kapelami ako Bohemios Latino Luv, Wakamole a Mariachi Sin Fronteras sa vracia k svojim sólovým akustickým koreňom a svojmu publiku v Bratislave je pripravený zazdieľať svoje osobné melódie a svoj príbeh prostredníctvom hudby.</p>

<p>Alejandro Acosta je mexický hudobník s vášňou pre akustický folk, ktorý čerpá inšpiráciu z bohatých tradícií Latinskej Ameriky a Španielska. Počas rokov očaril publikum svojimi hudobnými vystúpeniami predovšetkým v Barcelone a v Madride. Alejandro je známy svojimi srdečnými vokálmi a zložitou hrou na gitare. Inšpiráciu čerpá predovšetkým z tradičnej latinskej hudby, ktorú kombinuje s modernými [&hellip;]</p>
