{"id":325450,"date":"2025-01-27T10:25:58","date_gmt":"2025-01-27T09:25:58","guid":{"rendered":"https:\/\/www.visitbratislava.com\/events\/saul-s-a-m-o-tour-bratislava-2\/"},"modified":"2025-04-12T11:25:31","modified_gmt":"2025-04-12T09:25:31","slug":"saul-s-a-m-o-tour-bratislava-2","status":"publish","type":"event","link":"https:\/\/www.visitbratislava.com\/sk\/podujatia\/saul-s-a-m-o-tour-bratislava-2\/","title":{"rendered":"Saul: &#8222;S.A.M.O. Tour&#8220; \u2013 Bratislava"},"content":{"rendered":"<p><strong>Saul prich\u00e1dza do Bratislavy so svojim nov\u00fdm albumom S.A.M.O.<\/strong><\/p>\n<p>U\u017e 12. apr\u00edla vyst\u00fapi v A4 Studiu.<\/p>\n<p><strong>15+<\/strong><\/p>\n","protected":false},"excerpt":{"rendered":"<p>Saul prich\u00e1dza do Bratislavy so svojim nov\u00fdm albumom S.A.M.O. U\u017e 12. apr\u00edla vyst\u00fapi v A4 Studiu. 15+<\/p>\n","protected":false},"featured_media":0,"template":"","acf":[],"event_date":{"start_date":1744416000,"end_date":1744416000},"_links":{"self":[{"href":"https:\/\/www.visitbratislava.com\/sk\/wp-json\/wp\/v2\/event\/325450"}],"collection":[{"href":"https:\/\/www.visitbratislava.com\/sk\/wp-json\/wp\/v2\/event"}],"about":[{"href":"https:\/\/www.visitbratislava.com\/sk\/wp-json\/wp\/v2\/types\/event"}],"version-history":[{"count":3,"href":"https:\/\/www.visitbratislava.com\/sk\/wp-json\/wp\/v2\/event\/325450\/revisions"}],"predecessor-version":[{"id":330200,"href":"https:\/\/www.visitbratislava.com\/sk\/wp-json\/wp\/v2\/event\/325450\/revisions\/330200"}],"wp:attachment":[{"href":"https:\/\/www.visitbratislava.com\/sk\/wp-json\/wp\/v2\/media?parent=325450"}],"curies":[{"name":"wp","href":"https:\/\/api.w.org\/{rel}","templated":true}]}}

<p><strong>Saul prichádza do Bratislavy so svojim novým albumom S.A.M.O.</strong></p>
<p>Už 12. apríla vystúpi v A4 Studiu.</p>
<p><strong>15+</strong></p>

<p>Saul prichádza do Bratislavy so svojim novým albumom S.A.M.O. Už 12. apríla vystúpi v A4 Studiu. 15+</p>
