{"id":326515,"date":"2025-02-01T10:26:06","date_gmt":"2025-02-01T09:26:06","guid":{"rendered":"https:\/\/www.visitbratislava.com\/events\/matus-matatko-matatkova-kniznica-2\/"},"modified":"2025-06-15T11:25:27","modified_gmt":"2025-06-15T09:25:27","slug":"matus-matatko-matatkova-kniznica-2","status":"publish","type":"event","link":"https:\/\/www.visitbratislava.com\/sk\/podujatia\/matus-matatko-matatkova-kniznica-2\/","title":{"rendered":"Mat\u00fa\u0161 Ma\u0165\u00e1tko: Ma\u0165\u00e1tkova kni\u017enica"},"content":{"rendered":"<p>Mat\u00fa\u0161 Ma\u0165\u00e1tko a kni\u017en\u00e1 ilustr\u00e1cia patria nerozlu\u010dne k sebe. Ako so\u013e k moru, vietor k hor\u00e1m, mastn\u00e1<br \/>\n\u010dierna zem k \u00farodn\u00e9mu po\u013eu. Ma\u0165\u00e1tko je \u017eivel&#8230; Hrub\u00e9 l\u00ednie, \u010dasto farby trikol\u00f3ry, expres\u00edvna skratka k<br \/>\ndrsnej pointe. Jeho autorsk\u00fd rukopis in\u0161piroval linoryt, komiks a street art. C\u00edti\u0165 z neho priznanie, \u017ee<br \/>\numelec je srdcom grafik. V\u00fdtvarn\u00fd jazyk je rozpoznate\u013en\u00fd na prv\u00fd poh\u013ead. V\u010faka nemu Ma\u0165\u00e1tkov svet<br \/>\nvn\u00edmaj\u00fa mal\u00e9 deti i najstar\u0161\u00ed dospel\u00ed. Ve\u013ek\u00fa z\u00e1sluhu na smerovan\u00ed autora mali jeho u\u010ditelia, na strednej<br \/>\n\u0161kole to bol Milo\u0161 Kopt\u00e1k, na akad\u00e9mii profesor Du\u0161an K\u00e1llay. \u201eUk\u00e1zali mi silu l\u00ednie, tajomstvo mie\u0161ania<br \/>\na kontrastu farieb; \u010daro kresby, grafiky, ilustr\u00e1cie,\u201c spom\u00edna. Cesta k prvej knihe v\u0161ak bola dlh\u00e1. Hoci<br \/>\nvy\u0161tudoval pr\u00e1ve ilustr\u00e1ciu, pr\u00edle\u017eitos\u0165 dostal a\u017e roky po vysokej \u0161kole. Vydavatelia sa jeho ilustr\u00e1ci\u00ed b\u00e1li. Zdali sa im stra\u0161ideln\u00e9. Neboli to roztomil\u00e9 princezni\u010dky s ru\u017eov\u00fdmi l\u00ed\u010dkami \u010di kamar\u00e1tski mackovia s m\u00e4ku\u010dk\u00fdm objat\u00edm.<\/p>\n<p>Jeho prv\u00fdm ilustrovan\u00fdm titulom je preto drsn\u00fd pr\u00edbeh Jaro kripl\u016f o telesne postihnut\u00fdch de\u0165och na z\u00e1\u017eitkovom kurze, kde ide o \u017eivot. Zlom v\u0161ak pri\u0161iel a\u017e s detskou kni\u017ekou Lapinovci z letiska. Bola in\u00e1, mala \u00faspech, dokonca si vybojovala cenu v s\u00fa\u0165a\u017ei Najkraj\u0161ia kniha Slovenska. Odvtedy z\u00edskali nomin\u00e1ciu v s\u00fa\u0165a\u017ei viacer\u00e9 tituly, ktor\u00e9 Ma\u0165\u00e1tko ilustroval. Mimoriadny ohlas vyvolala kniha Pre\u0161porsk\u00e9 legendy o\u017e\u00edvaj\u00fa \u2014 pocta dielu slovenskej spisovate\u013eky M\u00e1rie \u010eur\u00ed\u010dkovej.<\/p>\n<p>Zatia\u013e poslednou je kultov\u00e1 kniha Georgea Orwella Zvieracia farma. Mat\u00fa\u0161 Ma\u0165\u00e1tko sa venuje aj vo\u013en\u00e9mu umeniu a jeho diela sa pova\u017euj\u00fa za koment\u00e1re s\u00fa\u010dasn\u00e9ho diania. Medzi ned\u00e1vne v\u00fdstavn\u00e9 projekty patria: \u010cas kostlivcov: Biela-Modr\u00e1-\u010cerven\u00e1 Epopej, Cuprum Civitas a Zodiak. S\u00fa\u010das\u0165ou umeleck\u00e9ho prejavu autora s\u00fa aj realiz\u00e1cie vo verejnom priestore. Najzn\u00e1mej\u0161\u00ed mur\u00e1l je v Bratislave na Mari\u00e1nskej ulici, dielo Anjeli m\u00e1 v\u00fd\u0161ku 17 metrov. Zatia\u013e posledn\u00fd mur\u00e1l Ruka mieru vytvoril spolo\u010dne s Filipom Sabolom na Mahane Jehuda markete, najv\u00e4\u010d\u0161om trhovisku v Jeruzaleme. Okrem Slovenska a \u010ceska vystavoval v Izraeli, Spojenom kr\u00e1\u013eovstve, Belgicku, Bulharsku, Franc\u00fazsku, Japonsku, \u010c\u00edne a Indon\u00e9zii.<\/p>\n","protected":false},"excerpt":{"rendered":"<p>Mat\u00fa\u0161 Ma\u0165\u00e1tko a kni\u017en\u00e1 ilustr\u00e1cia patria nerozlu\u010dne k sebe. Ako so\u013e k moru, vietor k hor\u00e1m, mastn\u00e1 \u010dierna zem k \u00farodn\u00e9mu po\u013eu. Ma\u0165\u00e1tko je \u017eivel&#8230; Hrub\u00e9 l\u00ednie, \u010dasto farby trikol\u00f3ry, expres\u00edvna skratka k drsnej pointe. Jeho autorsk\u00fd rukopis in\u0161piroval linoryt, komiks a street art.<\/p>\n","protected":false},"featured_media":0,"template":"","acf":[],"event_date":{"start_date":1739232000,"end_date":1749945600},"_links":{"self":[{"href":"https:\/\/www.visitbratislava.com\/sk\/wp-json\/wp\/v2\/event\/326515"}],"collection":[{"href":"https:\/\/www.visitbratislava.com\/sk\/wp-json\/wp\/v2\/event"}],"about":[{"href":"https:\/\/www.visitbratislava.com\/sk\/wp-json\/wp\/v2\/types\/event"}],"version-history":[{"count":15,"href":"https:\/\/www.visitbratislava.com\/sk\/wp-json\/wp\/v2\/event\/326515\/revisions"}],"predecessor-version":[{"id":332156,"href":"https:\/\/www.visitbratislava.com\/sk\/wp-json\/wp\/v2\/event\/326515\/revisions\/332156"}],"wp:attachment":[{"href":"https:\/\/www.visitbratislava.com\/sk\/wp-json\/wp\/v2\/media?parent=326515"}],"curies":[{"name":"wp","href":"https:\/\/api.w.org\/{rel}","templated":true}]}}

Matúš Maťátko: Maťátkova knižnica

<p>Matúš Maťátko a knižná ilustrácia patria nerozlučne k sebe. Ako soľ k moru, vietor k horám, mastná<br />
čierna zem k úrodnému poľu. Maťátko je živel&#8230; Hrubé línie, často farby trikolóry, expresívna skratka k<br />
drsnej pointe. Jeho autorský rukopis inšpiroval linoryt, komiks a street art. Cítiť z neho priznanie, že<br />
umelec je srdcom grafik. Výtvarný jazyk je rozpoznateľný na prvý pohľad. Vďaka nemu Maťátkov svet<br />
vnímajú malé deti i najstarší dospelí. Veľkú zásluhu na smerovaní autora mali jeho učitelia, na strednej<br />
škole to bol Miloš Kopták, na akadémii profesor Dušan Kállay. „Ukázali mi silu línie, tajomstvo miešania<br />
a kontrastu farieb; čaro kresby, grafiky, ilustrácie,“ spomína. Cesta k prvej knihe však bola dlhá. Hoci<br />
vyštudoval práve ilustráciu, príležitosť dostal až roky po vysokej škole. Vydavatelia sa jeho ilustrácií báli. Zdali sa im strašidelné. Neboli to roztomilé princezničky s ružovými líčkami či kamarátski mackovia s mäkučkým objatím.</p>
<p>Jeho prvým ilustrovaným titulom je preto drsný príbeh Jaro kriplů o telesne postihnutých deťoch na zážitkovom kurze, kde ide o život. Zlom však prišiel až s detskou knižkou Lapinovci z letiska. Bola iná, mala úspech, dokonca si vybojovala cenu v súťaži Najkrajšia kniha Slovenska. Odvtedy získali nomináciu v súťaži viaceré tituly, ktoré Maťátko ilustroval. Mimoriadny ohlas vyvolala kniha Prešporské legendy ožívajú — pocta dielu slovenskej spisovateľky Márie Ďuríčkovej.</p>
<p>Zatiaľ poslednou je kultová kniha Georgea Orwella Zvieracia farma. Matúš Maťátko sa venuje aj voľnému umeniu a jeho diela sa považujú za komentáre súčasného diania. Medzi nedávne výstavné projekty patria: Čas kostlivcov: Biela-Modrá-Červená Epopej, Cuprum Civitas a Zodiak. Súčasťou umeleckého prejavu autora sú aj realizácie vo verejnom priestore. Najznámejší murál je v Bratislave na Mariánskej ulici, dielo Anjeli má výšku 17 metrov. Zatiaľ posledný murál Ruka mieru vytvoril spoločne s Filipom Sabolom na Mahane Jehuda markete, najväčšom trhovisku v Jeruzaleme. Okrem Slovenska a Česka vystavoval v Izraeli, Spojenom kráľovstve, Belgicku, Bulharsku, Francúzsku, Japonsku, Číne a Indonézii.</p>

<p>Matúš Maťátko a knižná ilustrácia patria nerozlučne k sebe. Ako soľ k moru, vietor k horám, mastná čierna zem k úrodnému poľu. Maťátko je živel&#8230; Hrubé línie, často farby trikolóry, expresívna skratka k drsnej pointe. Jeho autorský rukopis inšpiroval linoryt, komiks a street art.</p>
