{"id":3277,"date":"2015-04-22T13:23:46","date_gmt":"2015-04-22T11:23:46","guid":{"rendered":"http:\/\/visitbratislava.com\/?post_type=event&#038;p=3277"},"modified":"2024-09-27T11:46:04","modified_gmt":"2024-09-27T09:46:04","slug":"bratislava-design-week","status":"publish","type":"event","link":"https:\/\/www.visitbratislava.com\/sk\/podujatia\/bratislava-design-week\/","title":{"rendered":"Bratislava Design Week 2024"},"content":{"rendered":"<p><strong>T\u00e9mou festivalu s\u00fa <em>Vz\u0165ahy<\/em>, ktor\u00e9 sleduje v \u0161ir\u0161om slova zmysle a prostredn\u00edctvom r\u00f4znorod\u00fdch dizajn\u00e9rskych projektov.<\/strong> Vz\u0165ahy s\u00fa niekedy zrejm\u00e9 a niekedy skryt\u00e9. Vedia n\u00e1s definova\u0165, pos\u00fava\u0165 vpred aj likvidova\u0165. Otv\u00e1raj\u00fa dvere a vzdel\u00e1vaj\u00fa, menia n\u00e1s.<\/p>\n<p><strong>Hlavn\u00e1 centr\u00e1la festivalu bude situovan\u00e1 v OD Prior a na Kamennom n\u00e1mest\u00ed pred OD Prior<\/strong>. Na druhom poschod\u00ed n\u00e1jdete v\u00fdber osobnost\u00ed a diel s\u00fa\u010dasn\u00e9ho eur\u00f3pskeho dizajnu (IT, FR, CH, CZ, AT, UA, PL, HU, NL) aj diel vytvoren\u00fdch priamo pre BADW v kur\u00e1torskej koncepcii Damiana Cehl\u00e1rika. Okrem toho ve\u013ek\u00fa v\u00fdstavu pr\u00e1c dizajn\u00e9rov, dizajn\u00e9rok, \u0161k\u00f4l dizajnu, ktor\u00e9 boli vybrane prostredn\u00edctvom open call. \u010cas\u0165 programu sa kon\u00e1 aj na Kamennom n\u00e1mest\u00ed pred Priorom.<\/p>\n<p>V druhej centr\u00e1le, <strong>v priestoroch Gal\u00e9rie mesta Bratislavy v Mirbachocom pal\u00e1ci<\/strong> bude prezentovan\u00e1 v\u00fdstava <em>Exped\u00edcia D<\/em>, ktor\u00e1 predstav\u00ed pr\u00e1ce a spolupr\u00e1ce v slovenskom dizajne v r\u00f4znorodom materi\u00e1lnom aj koncep\u010dnom preveden\u00ed \u2013 Sylvia Jokelov\u00e1 a Jana Hojstri\u010dov\u00e1, Vnem, Sebastian Kom\u00e1\u010dek, Erika Remencova a IOKO, Sylvia Sukopov\u00e1, Erik Vr\u00e1bel, Lucia \u017didek Gamanov\u00e1, Crafting Plastic! a \u010fal\u0161\u00ed.<\/p>\n<p>V Ed\u00edcii Majstri slovensk\u00e9ho dizajnu BADW predstav\u00ed tvorbu barda slovensk\u00e9ho dizajnu Karola Weisslechnera z obdobia konca a 80tych a 90tych rokov.<\/p>\n<p>Kompletn\u00fd program\u00a0u\u017e \u010doskoro <a tabindex=\"0\" role=\"link\" href=\"https:\/\/l.facebook.com\/l.php?u=http%3A%2F%2Fwww.badw.sk%2F%3Ffbclid%3DIwZXh0bgNhZW0CMTAAAR3yrVuh2xUThe0HKtkKrnV4LDyQn34nryNi1MaUvGNByO0lb6yEEHS2-Zw_aem_I-_OV2LKeFzsTejeE_argQ&amp;h=AT37eOXtcNxZXcR54K6zfrqAuwXql_kKUFsrfz3j5TOB4qle-D2QR9ZIV3DbT__BHNxRrxLgmm-D2nSKQSt0xFVWDdOab2tDQCvRWsCln5izs-TyJOBlJzL--_dVC1zEhA2DlZ8&amp;__tn__=q&amp;c[0]=AT08SWqfHmUoPx36AvxEJY6HWGLjaayfgyKvWdU6skdIIGUErCA-PJp3piit6b82peZc_8n11QOeh7pwgfmP0BWQ_W8aC_nG-4_Ysh_tBeKIhohFQ2tvUSqpaV7A9-ja4oaLickLqVtjECr9w8t0Kr38YfFW7ebjJ1ZVDg\" target=\"_blank\" rel=\"nofollow noopener noreferrer\">www.badw.sk<\/a>.<\/p>\n<p><img loading=\"lazy\" width=\"1921\" height=\"1081\" class=\"alignnone size-full wp-image-311349\" src=\"https:\/\/www.visitbratislava.com\/wp-content\/uploads\/2015\/04\/460441485_1058456632951540_6297178729227970436_n.jpg\" alt=\"\" srcset=\"https:\/\/www.visitbratislava.com\/wp-content\/uploads\/2015\/04\/460441485_1058456632951540_6297178729227970436_n.jpg 1921w, https:\/\/www.visitbratislava.com\/wp-content\/uploads\/2015\/04\/460441485_1058456632951540_6297178729227970436_n-400x225.jpg 400w, https:\/\/www.visitbratislava.com\/wp-content\/uploads\/2015\/04\/460441485_1058456632951540_6297178729227970436_n-800x450.jpg 800w, https:\/\/www.visitbratislava.com\/wp-content\/uploads\/2015\/04\/460441485_1058456632951540_6297178729227970436_n-768x432.jpg 768w, https:\/\/www.visitbratislava.com\/wp-content\/uploads\/2015\/04\/460441485_1058456632951540_6297178729227970436_n-1536x864.jpg 1536w, https:\/\/www.visitbratislava.com\/wp-content\/uploads\/2015\/04\/460441485_1058456632951540_6297178729227970436_n-200x113.jpg 200w\" sizes=\"(max-width: 1921px) 100vw, 1921px\" \/><\/p>\n<p>&nbsp;<\/p>\n<p>&nbsp;<\/p>\n","protected":false},"excerpt":{"rendered":"<p>Najv\u00e4\u010d\u0161\u00ed medzin\u00e1rodn\u00fd festival s\u00fa\u010dasn\u00e9ho dizajnu na Slovensku sa tento rok uskuto\u010dn\u00ed 16. &#8211; 20. okt\u00f3bra. Hlavn\u00e9 centr\u00e1ly jeho 15. ro\u010dn\u00edka bud\u00fa v OD PRIOR na Kamennom n\u00e1mest\u00ed, v st\u00e1lej expoz\u00edcii barokovej zbierky v Mirbachovom pal\u00e1ci Gal\u00e9rie mesta Bratislava a \u010fal\u0161\u00edch vybran\u00fdch lokalit\u00e1ch v Starom Meste.<\/p>\n","protected":false},"featured_media":311355,"template":"","acf":[],"event_date":{"start_date":1729036800,"end_date":1729382400},"_links":{"self":[{"href":"https:\/\/www.visitbratislava.com\/sk\/wp-json\/wp\/v2\/event\/3277"}],"collection":[{"href":"https:\/\/www.visitbratislava.com\/sk\/wp-json\/wp\/v2\/event"}],"about":[{"href":"https:\/\/www.visitbratislava.com\/sk\/wp-json\/wp\/v2\/types\/event"}],"version-history":[{"count":9,"href":"https:\/\/www.visitbratislava.com\/sk\/wp-json\/wp\/v2\/event\/3277\/revisions"}],"predecessor-version":[{"id":311364,"href":"https:\/\/www.visitbratislava.com\/sk\/wp-json\/wp\/v2\/event\/3277\/revisions\/311364"}],"wp:featuredmedia":[{"embeddable":true,"href":"https:\/\/www.visitbratislava.com\/sk\/wp-json\/wp\/v2\/media\/311355"}],"wp:attachment":[{"href":"https:\/\/www.visitbratislava.com\/sk\/wp-json\/wp\/v2\/media?parent=3277"}],"curies":[{"name":"wp","href":"https:\/\/api.w.org\/{rel}","templated":true}]}}

<p><strong>Témou festivalu sú <em>Vzťahy</em>, ktoré sleduje v širšom slova zmysle a prostredníctvom rôznorodých dizajnérskych projektov.</strong> Vzťahy sú niekedy zrejmé a niekedy skryté. Vedia nás definovať, posúvať vpred aj likvidovať. Otvárajú dvere a vzdelávajú, menia nás.</p>
<p><strong>Hlavná centrála festivalu bude situovaná v OD Prior a na Kamennom námestí pred OD Prior</strong>. Na druhom poschodí nájdete výber osobností a diel súčasného európskeho dizajnu (IT, FR, CH, CZ, AT, UA, PL, HU, NL) aj diel vytvorených priamo pre BADW v kurátorskej koncepcii Damiana Cehlárika. Okrem toho veľkú výstavu prác dizajnérov, dizajnérok, škôl dizajnu, ktoré boli vybrane prostredníctvom open call. Časť programu sa koná aj na Kamennom námestí pred Priorom.</p>
<p>V druhej centrále, <strong>v priestoroch Galérie mesta Bratislavy v Mirbachocom paláci</strong> bude prezentovaná výstava <em>Expedícia D</em>, ktorá predstaví práce a spolupráce v slovenskom dizajne v rôznorodom materiálnom aj koncepčnom prevedení – Sylvia Jokelová a Jana Hojstričová, Vnem, Sebastian Komáček, Erika Remencova a IOKO, Sylvia Sukopová, Erik Vrábel, Lucia Židek Gamanová, Crafting Plastic! a ďalší.</p>
<p>V Edícii Majstri slovenského dizajnu BADW predstaví tvorbu barda slovenského dizajnu Karola Weisslechnera z obdobia konca a 80tych a 90tych rokov.</p>
<p>Kompletný program už čoskoro <a tabindex="0" role="link" href="https://l.facebook.com/l.php?u=http%3A%2F%2Fwww.badw.sk%2F%3Ffbclid%3DIwZXh0bgNhZW0CMTAAAR3yrVuh2xUThe0HKtkKrnV4LDyQn34nryNi1MaUvGNByO0lb6yEEHS2-Zw_aem_I-_OV2LKeFzsTejeE_argQ&amp;h=AT37eOXtcNxZXcR54K6zfrqAuwXql_kKUFsrfz3j5TOB4qle-D2QR9ZIV3DbT__BHNxRrxLgmm-D2nSKQSt0xFVWDdOab2tDQCvRWsCln5izs-TyJOBlJzL--_dVC1zEhA2DlZ8&amp;__tn__=q&amp;c[0]=AT08SWqfHmUoPx36AvxEJY6HWGLjaayfgyKvWdU6skdIIGUErCA-PJp3piit6b82peZc_8n11QOeh7pwgfmP0BWQ_W8aC_nG-4_Ysh_tBeKIhohFQ2tvUSqpaV7A9-ja4oaLickLqVtjECr9w8t0Kr38YfFW7ebjJ1ZVDg" target="_blank" rel="nofollow noopener noreferrer">www.badw.sk</a>.</p>
<p><img loading="lazy" width="1921" height="1081" class="alignnone size-full wp-image-311349" src="https://www.visitbratislava.com/wp-content/uploads/2015/04/460441485_1058456632951540_6297178729227970436_n.jpg" alt="" srcset="https://www.visitbratislava.com/wp-content/uploads/2015/04/460441485_1058456632951540_6297178729227970436_n.jpg 1921w, https://www.visitbratislava.com/wp-content/uploads/2015/04/460441485_1058456632951540_6297178729227970436_n-400x225.jpg 400w, https://www.visitbratislava.com/wp-content/uploads/2015/04/460441485_1058456632951540_6297178729227970436_n-800x450.jpg 800w, https://www.visitbratislava.com/wp-content/uploads/2015/04/460441485_1058456632951540_6297178729227970436_n-768x432.jpg 768w, https://www.visitbratislava.com/wp-content/uploads/2015/04/460441485_1058456632951540_6297178729227970436_n-1536x864.jpg 1536w, https://www.visitbratislava.com/wp-content/uploads/2015/04/460441485_1058456632951540_6297178729227970436_n-200x113.jpg 200w" sizes="(max-width: 1921px) 100vw, 1921px" /></p>
<p>&nbsp;</p>
<p>&nbsp;</p>

<p>Najväčší medzinárodný festival súčasného dizajnu na Slovensku sa tento rok uskutoční 16. &#8211; 20. októbra. Hlavné centrály jeho 15. ročníka budú v OD PRIOR na Kamennom námestí, v stálej expozícii barokovej zbierky v Mirbachovom paláci Galérie mesta Bratislava a ďalších vybraných lokalitách v Starom Meste.</p>
