{"id":328549,"date":"2025-02-19T10:26:16","date_gmt":"2025-02-19T09:26:16","guid":{"rendered":"https:\/\/www.visitbratislava.com\/events\/jarny-slnovrat-kvartalny-vecierok-pesnickarov-2\/"},"modified":"2025-03-14T10:25:33","modified_gmt":"2025-03-14T09:25:33","slug":"jarny-slnovrat-kvartalny-vecierok-pesnickarov-2","status":"publish","type":"event","link":"https:\/\/www.visitbratislava.com\/sk\/podujatia\/jarny-slnovrat-kvartalny-vecierok-pesnickarov-2\/","title":{"rendered":"Jarn\u00fd Slnovrat \u2013\u00a0kvart\u00e1lny ve\u010dierok pesni\u010dk\u00e1rov"},"content":{"rendered":"<p><strong>Jarn\u00fd slnovrat neexistuje, jarn\u00e1 rovnodennos\u0165 je e\u0161te za dverami, jarn\u00e1 ed\u00edcia Slnovrat-u na p\u00f3diu.<\/strong><\/p>\n<p>U\u017e op\u00e4\u0165 takmer pravideln\u00fd ve\u010der s liter\u00e1rne (aj inak) dodnes akt\u00edvnymi \u010dlenmi pesni\u010dk\u00e1rskeho<br \/>\nzdru\u017eenia Slnovrat, zalo\u017een\u00e9ho v roku 1979. V \u0161tyroch autorsk\u00fdch blokoch sa predstavia glos\u00e1tori \u017eivota, seniori vekom, star\u0161\u00ed dorastenci svojim odhodlan\u00edm \u2013 Pa\u013eo Malovi\u010d, Martin Ma\u0161ek, Peter Michalovi\u010d a Du\u0161an Val\u00fach, s muzikantskou podporou priate\u013eov.<\/p>\n<p>Spomienky na minulos\u0165 aj bud\u00facnos\u0165 v pesni\u010dkov\u00fdch reflexi\u00e1ch so z\u00e1vanmi po\u00e9zie a humoru, za dymovou clonou sprievodn\u00e9ho slova.<\/p>\n<p><strong>\u00da\u010dinkuj\u00faci:<\/strong><\/p>\n<ul>\n<li>Pa\u013eo Malovi\u010d a Martin Zajko<\/li>\n<li>Martin Ma\u0161ek<\/li>\n<li>Peter Michalovi\u010d<\/li>\n<li>Du\u0161an Val\u00fach a 1FQ, v minimalistickom zlo\u017een\u00ed: Kajo Svozil, Jakub Janou\u0161ek.<\/li>\n<\/ul>\n","protected":false},"excerpt":{"rendered":"<p>Jarn\u00fd slnovrat neexistuje, jarn\u00e1 rovnodennos\u0165 je e\u0161te za dverami, jarn\u00e1 ed\u00edcia Slnovrat-u na p\u00f3diu. U\u017e op\u00e4\u0165 takmer pravideln\u00fd ve\u010der s liter\u00e1rne (aj inak) dodnes akt\u00edvnymi \u010dlenmi pesni\u010dk\u00e1rskeho zdru\u017eenia Slnovrat, zalo\u017een\u00e9ho v roku 1979. V \u0161tyroch autorsk\u00fdch blokoch sa predstavia glos\u00e1tori \u017eivota, seniori vekom, star\u0161\u00ed dorastenci svojim odhodlan\u00edm \u2013 Pa\u013eo Malovi\u010d, Martin Ma\u0161ek, Peter Michalovi\u010d a [&hellip;]<\/p>\n","protected":false},"featured_media":0,"template":"","acf":[],"event_date":{"start_date":1741910400,"end_date":1741910400},"_links":{"self":[{"href":"https:\/\/www.visitbratislava.com\/sk\/wp-json\/wp\/v2\/event\/328549"}],"collection":[{"href":"https:\/\/www.visitbratislava.com\/sk\/wp-json\/wp\/v2\/event"}],"about":[{"href":"https:\/\/www.visitbratislava.com\/sk\/wp-json\/wp\/v2\/types\/event"}],"version-history":[{"count":1,"href":"https:\/\/www.visitbratislava.com\/sk\/wp-json\/wp\/v2\/event\/328549\/revisions"}],"predecessor-version":[{"id":328788,"href":"https:\/\/www.visitbratislava.com\/sk\/wp-json\/wp\/v2\/event\/328549\/revisions\/328788"}],"wp:attachment":[{"href":"https:\/\/www.visitbratislava.com\/sk\/wp-json\/wp\/v2\/media?parent=328549"}],"curies":[{"name":"wp","href":"https:\/\/api.w.org\/{rel}","templated":true}]}}

Jarný Slnovrat – kvartálny večierok pesničkárov

<p><strong>Jarný slnovrat neexistuje, jarná rovnodennosť je ešte za dverami, jarná edícia Slnovrat-u na pódiu.</strong></p>
<p>Už opäť takmer pravidelný večer s literárne (aj inak) dodnes aktívnymi členmi pesničkárskeho<br />
združenia Slnovrat, založeného v roku 1979. V štyroch autorských blokoch sa predstavia glosátori života, seniori vekom, starší dorastenci svojim odhodlaním – Paľo Malovič, Martin Mašek, Peter Michalovič a Dušan Valúch, s muzikantskou podporou priateľov.</p>
<p>Spomienky na minulosť aj budúcnosť v pesničkových reflexiách so závanmi poézie a humoru, za dymovou clonou sprievodného slova.</p>
<p><strong>Účinkujúci:</strong></p>
<ul>
<li>Paľo Malovič a Martin Zajko</li>
<li>Martin Mašek</li>
<li>Peter Michalovič</li>
<li>Dušan Valúch a 1FQ, v minimalistickom zložení: Kajo Svozil, Jakub Janoušek.</li>
</ul>

<p>Jarný slnovrat neexistuje, jarná rovnodennosť je ešte za dverami, jarná edícia Slnovrat-u na pódiu. Už opäť takmer pravidelný večer s literárne (aj inak) dodnes aktívnymi členmi pesničkárskeho združenia Slnovrat, založeného v roku 1979. V štyroch autorských blokoch sa predstavia glosátori života, seniori vekom, starší dorastenci svojim odhodlaním – Paľo Malovič, Martin Mašek, Peter Michalovič a [&hellip;]</p>
