{"id":329631,"date":"2025-02-27T10:25:56","date_gmt":"2025-02-27T09:25:56","guid":{"rendered":"https:\/\/www.visitbratislava.com\/events\/50m-znak-hyacinth-dalsi-2\/"},"modified":"2025-03-14T10:25:35","modified_gmt":"2025-03-14T09:25:35","slug":"50m-znak-hyacinth-dalsi-2","status":"publish","type":"event","link":"https:\/\/www.visitbratislava.com\/sk\/podujatia\/50m-znak-hyacinth-dalsi-2\/","title":{"rendered":"50m znak + Hyacinth + \u010fal\u0161\u00ed"},"content":{"rendered":"<p><strong>V piatok, 14. marca sa v \u017dal\u00e1ri uskuto\u010dn\u00ed koncert a\u017e \u0161tyroch kapiel.<\/strong><\/p>\n<p>Zahra\u0165 pr\u00eddu kapely 50m znak, Hyacinth, Hever a Priama \u010cepel.<\/p>\n","protected":false},"excerpt":{"rendered":"<p>V piatok, 14. marca sa v \u017dal\u00e1ri uskuto\u010dn\u00ed koncert a\u017e \u0161tyroch kapiel. Zahra\u0165 pr\u00eddu kapely 50m znak, Hyacinth, Hever a Priama \u010cepel.<\/p>\n","protected":false},"featured_media":0,"template":"","acf":[],"event_date":{"start_date":1741910400,"end_date":1741910400},"_links":{"self":[{"href":"https:\/\/www.visitbratislava.com\/sk\/wp-json\/wp\/v2\/event\/329631"}],"collection":[{"href":"https:\/\/www.visitbratislava.com\/sk\/wp-json\/wp\/v2\/event"}],"about":[{"href":"https:\/\/www.visitbratislava.com\/sk\/wp-json\/wp\/v2\/types\/event"}],"version-history":[{"count":1,"href":"https:\/\/www.visitbratislava.com\/sk\/wp-json\/wp\/v2\/event\/329631\/revisions"}],"predecessor-version":[{"id":329778,"href":"https:\/\/www.visitbratislava.com\/sk\/wp-json\/wp\/v2\/event\/329631\/revisions\/329778"}],"wp:attachment":[{"href":"https:\/\/www.visitbratislava.com\/sk\/wp-json\/wp\/v2\/media?parent=329631"}],"curies":[{"name":"wp","href":"https:\/\/api.w.org\/{rel}","templated":true}]}}

50m znak + Hyacinth + ďalší

<p><strong>V piatok, 14. marca sa v Žalári uskutoční koncert až štyroch kapiel.</strong></p>
<p>Zahrať prídu kapely 50m znak, Hyacinth, Hever a Priama Čepel.</p>

<p>V piatok, 14. marca sa v Žalári uskutoční koncert až štyroch kapiel. Zahrať prídu kapely 50m znak, Hyacinth, Hever a Priama Čepel.</p>
