{"id":330583,"date":"2025-03-08T10:25:44","date_gmt":"2025-03-08T09:25:44","guid":{"rendered":"https:\/\/www.visitbratislava.com\/events\/inkluzivny-kurz-karate-2\/"},"modified":"2025-03-14T10:25:34","modified_gmt":"2025-03-14T09:25:34","slug":"inkluzivny-kurz-karate-2","status":"publish","type":"event","link":"https:\/\/www.visitbratislava.com\/sk\/podujatia\/inkluzivny-kurz-karate-2\/","title":{"rendered":"Inkluz\u00edvny kurz karate"},"content":{"rendered":"<p>Pre v\u0161etk\u00fdch, ktor\u00ed si chc\u00fa zlep\u0161i\u0165 kond\u00edciu, nau\u010di\u0165 sa sebaobranu a sta\u0165 sa s\u00fa\u010das\u0165ou priate\u013eskej komunity \u2013 tradi\u010dn\u00e9 okinavsk\u00e9 Goju-Ryu karate.<\/p>\n<p>Karate nie je len \u0161portom, ale aj \u017eivotnou cestou, ktor\u00e1 pon\u00faka komplexn\u00fd fyzick\u00fd a du\u0161evn\u00fd rozvoj pre v\u0161etk\u00fdch, bez oh\u013eadu na vek \u010di zdravotn\u00e9 obmedzenia. Lektori Kitsune Dojo o.z.<\/p>\n<p><strong>Vhodn\u00e9 od 13 rokov,pre \u013eud\u00ed so zdravotn\u00fdm znev\u00fdhodnen\u00edm. Bezbari\u00e9rov\u00e9.<\/strong><\/p>\n<p>Rezerv\u00e1cia na info@kitsunedojo.org alebo na tel. +421\/948118891<\/p>\n","protected":false},"excerpt":{"rendered":"<p>Pre v\u0161etk\u00fdch, ktor\u00ed si chc\u00fa zlep\u0161i\u0165 kond\u00edciu, nau\u010di\u0165 sa sebaobranu a sta\u0165 sa s\u00fa\u010das\u0165ou priate\u013eskej komunity \u2013 tradi\u010dn\u00e9 okinavsk\u00e9 Goju-Ryu karate. Karate nie je len \u0161portom, ale aj \u017eivotnou cestou, ktor\u00e1 pon\u00faka komplexn\u00fd fyzick\u00fd a du\u0161evn\u00fd rozvoj pre v\u0161etk\u00fdch, bez oh\u013eadu na vek \u010di zdravotn\u00e9 obmedzenia. Lektori Kitsune Dojo o.z. Vhodn\u00e9 od 13 rokov,pre \u013eud\u00ed [&hellip;]<\/p>\n","protected":false},"featured_media":0,"template":"","acf":[],"event_date":{"start_date":1741910400,"end_date":1741910400},"_links":{"self":[{"href":"https:\/\/www.visitbratislava.com\/sk\/wp-json\/wp\/v2\/event\/330583"}],"collection":[{"href":"https:\/\/www.visitbratislava.com\/sk\/wp-json\/wp\/v2\/event"}],"about":[{"href":"https:\/\/www.visitbratislava.com\/sk\/wp-json\/wp\/v2\/types\/event"}],"version-history":[{"count":1,"href":"https:\/\/www.visitbratislava.com\/sk\/wp-json\/wp\/v2\/event\/330583\/revisions"}],"predecessor-version":[{"id":330998,"href":"https:\/\/www.visitbratislava.com\/sk\/wp-json\/wp\/v2\/event\/330583\/revisions\/330998"}],"wp:attachment":[{"href":"https:\/\/www.visitbratislava.com\/sk\/wp-json\/wp\/v2\/media?parent=330583"}],"curies":[{"name":"wp","href":"https:\/\/api.w.org\/{rel}","templated":true}]}}

Inkluzívny kurz karate

<p>Pre všetkých, ktorí si chcú zlepšiť kondíciu, naučiť sa sebaobranu a stať sa súčasťou priateľskej komunity – tradičné okinavské Goju-Ryu karate.</p>
<p>Karate nie je len športom, ale aj životnou cestou, ktorá ponúka komplexný fyzický a duševný rozvoj pre všetkých, bez ohľadu na vek či zdravotné obmedzenia. Lektori Kitsune Dojo o.z.</p>
<p><strong>Vhodné od 13 rokov,pre ľudí so zdravotným znevýhodnením. Bezbariérové.</strong></p>
<p>Rezervácia na info@kitsunedojo.org alebo na tel. +421/948118891</p>

<p>Pre všetkých, ktorí si chcú zlepšiť kondíciu, naučiť sa sebaobranu a stať sa súčasťou priateľskej komunity – tradičné okinavské Goju-Ryu karate. Karate nie je len športom, ale aj životnou cestou, ktorá ponúka komplexný fyzický a duševný rozvoj pre všetkých, bez ohľadu na vek či zdravotné obmedzenia. Lektori Kitsune Dojo o.z. Vhodné od 13 rokov,pre ľudí [&hellip;]</p>
