{"id":344831,"date":"2025-07-28T20:12:50","date_gmt":"2025-07-28T18:12:50","guid":{"rendered":"https:\/\/www.visitbratislava.com\/?post_type=event&#038;p=344831"},"modified":"2025-07-28T20:39:05","modified_gmt":"2025-07-28T18:39:05","slug":"andrea-bocelli-koncert-roka-2025","status":"publish","type":"event","link":"https:\/\/www.visitbratislava.com\/sk\/podujatia\/andrea-bocelli-koncert-roka-2025\/","title":{"rendered":"Andrea Bocelli \u2013 Koncert roka 2025"},"content":{"rendered":"<p><strong data-start=\"251\" data-end=\"270\">\ud83d\udccd<\/strong> <a href=\"https:\/\/www.google.com\/maps\/place\/Zimn%C3%BD+%C5%A1tadi%C3%B3n+Ondreja+Nepelu\/@48.1599946,17.1318401,16z\/data=!3m1!4b1!4m6!3m5!1s0x476c8ecbab220557:0x2fe036c74514f257!8m2!3d48.1599911!4d17.136711!16s%2Fm%2F026c66c?entry=ttu&amp;g_ep=EgoyMDI1MDcyMy4wIKXMDSoASAFQAw%3D%3D\" target=\"_blank\" rel=\"noopener\">TIPOS Ar\u00e9na \u2013 Zimn\u00fd \u0161tadi\u00f3n Ondreja Nepelu, Odboj\u00e1rov 9, Bratislava<\/a><\/p>\n<p><strong data-start=\"505\" data-end=\"517\">Vstupn\u00e9:<\/strong> od 179 eur<\/p>\n<p><a class=\"cta-button\" href=\"https:\/\/www.ticketportal.sk\/event\/ANDREA-BOCELLI-koncert-roka-2025\" target=\"_blank\" rel=\"noopener\">L\u00edstky tu<\/a><\/p>\n<h2>O podujat\u00ed<\/h2>\n<p>Pod taktovkou renomovan\u00e9ho dirigenta Marcella Rota bude Maestro Bocelli sprev\u00e1dzan\u00fd 130\u2011\u010dlenn\u00fdm Orchestrom a Zborom Slovenskej filharm\u00f3nie, \u010d\u00edm sa Bratislava st\u00e1va exkluz\u00edvnym miestom jeho jedin\u00e9ho vyst\u00fapenia v regi\u00f3ne. Publikum m\u00f4\u017ee o\u010dak\u00e1va\u0165 ikonick\u00e9 piesne ako \u201eTime to Say Goodbye\u201c, \u201eNessun dorma\u201c \u010di \u201eCanto della Terra\u201c, podporen\u00e9 tane\u010dn\u00fdm vizu\u00e1lom Agelicy Gismondo a Francesca Costa. S\u00f3listick\u00e9 vyst\u00fapenia obohatia Cristina Pasaroiu (sopr\u00e1n), Andrea Lykke a Rusanda Panfili.<\/p>\n<p>Foto: Gregi.net<\/p>\n","protected":false},"excerpt":{"rendered":"<p>Legend\u00e1rny taliansky tenorista Andrea Bocelli prich\u00e1dza do Bratislavy s emot\u00edvnym ve\u010derom pln\u00fdm nad\u010dasov\u00fdch opern\u00fdch aj crossover skladieb.<\/p>\n","protected":false},"featured_media":344879,"template":"","acf":[],"event_date":{"start_date":1757116800,"end_date":1757116800},"_links":{"self":[{"href":"https:\/\/www.visitbratislava.com\/sk\/wp-json\/wp\/v2\/event\/344831"}],"collection":[{"href":"https:\/\/www.visitbratislava.com\/sk\/wp-json\/wp\/v2\/event"}],"about":[{"href":"https:\/\/www.visitbratislava.com\/sk\/wp-json\/wp\/v2\/types\/event"}],"version-history":[{"count":13,"href":"https:\/\/www.visitbratislava.com\/sk\/wp-json\/wp\/v2\/event\/344831\/revisions"}],"predecessor-version":[{"id":344887,"href":"https:\/\/www.visitbratislava.com\/sk\/wp-json\/wp\/v2\/event\/344831\/revisions\/344887"}],"wp:featuredmedia":[{"embeddable":true,"href":"https:\/\/www.visitbratislava.com\/sk\/wp-json\/wp\/v2\/media\/344879"}],"wp:attachment":[{"href":"https:\/\/www.visitbratislava.com\/sk\/wp-json\/wp\/v2\/media?parent=344831"}],"curies":[{"name":"wp","href":"https:\/\/api.w.org\/{rel}","templated":true}]}}

<p><strong data-start="251" data-end="270">📍</strong> <a href="https://www.google.com/maps/place/Zimn%C3%BD+%C5%A1tadi%C3%B3n+Ondreja+Nepelu/@48.1599946,17.1318401,16z/data=!3m1!4b1!4m6!3m5!1s0x476c8ecbab220557:0x2fe036c74514f257!8m2!3d48.1599911!4d17.136711!16s%2Fm%2F026c66c?entry=ttu&amp;g_ep=EgoyMDI1MDcyMy4wIKXMDSoASAFQAw%3D%3D" target="_blank" rel="noopener">TIPOS Aréna – Zimný štadión Ondreja Nepelu, Odbojárov 9, Bratislava</a></p>
<p><strong data-start="505" data-end="517">Vstupné:</strong> od 179 eur</p>
<p><a class="cta-button" href="https://www.ticketportal.sk/event/ANDREA-BOCELLI-koncert-roka-2025" target="_blank" rel="noopener">Lístky tu</a></p>
<h2>O podujatí</h2>
<p>Pod taktovkou renomovaného dirigenta Marcella Rota bude Maestro Bocelli sprevádzaný 130‑členným Orchestrom a Zborom Slovenskej filharmónie, čím sa Bratislava stáva exkluzívnym miestom jeho jediného vystúpenia v regióne. Publikum môže očakávať ikonické piesne ako „Time to Say Goodbye“, „Nessun dorma“ či „Canto della Terra“, podporené tanečným vizuálom Agelicy Gismondo a Francesca Costa. Sólistické vystúpenia obohatia Cristina Pasaroiu (soprán), Andrea Lykke a Rusanda Panfili.</p>
<p>Foto: Gregi.net</p>

<p>Legendárny taliansky tenorista Andrea Bocelli prichádza do Bratislavy s emotívnym večerom plným nadčasových operných aj crossover skladieb.</p>
