{"id":345761,"date":"2025-08-12T11:25:37","date_gmt":"2025-08-12T09:25:37","guid":{"rendered":"https:\/\/www.visitbratislava.com\/events\/umenie-je-veda-2\/"},"modified":"2026-04-24T11:25:31","modified_gmt":"2026-04-24T09:25:31","slug":"umenie-je-veda-2","status":"publish","type":"event","link":"https:\/\/www.visitbratislava.com\/sk\/podujatia\/umenie-je-veda-2\/","title":{"rendered":"Umenie je veda"},"content":{"rendered":"<p>Umenie je veda predstavuje s\u00fabor predn\u00e1\u0161ok, workshopov pre verejnos\u0165 a samoobslu\u017en\u00fdch ateli\u00e9rov k v\u00fdstav\u00e1m, ktor\u00fdch spolo\u010dn\u00fdm menovate\u013eom je vedeck\u00fd v\u00fdskum s prepojen\u00edm na v\u00fdtvarn\u00e9 umenie. V roku 2022 bude hlavnou t\u00e9mou materi\u00e1l. Cie\u013eom projektu je nahliadnu\u0165 na v\u00fdtvarn\u00fd materi\u00e1l z poh\u013eadu vedn\u00fdch discipl\u00edn, ktor\u00fdch pr\u00edstup prezrad\u00ed viac o ich fyzik\u00e1lnej, technologickej \u010di chemickej povahe. Ako predn\u00e1\u0161aj\u00faci bud\u00fa pozvan\u00ed odborn\u00edci z r\u00f4znych oblast\u00ed, aby porozpr\u00e1vali o svojom vedeckom v\u00fdskume a sk\u00fasenostiach z praxe. Pozvan\u00ed bud\u00fa tie\u017e odborn\u00ed v\u00fdtvarn\u00ed pedag\u00f3govia.<\/p>\n","protected":false},"excerpt":{"rendered":"<p>Umenie je veda predstavuje s\u00fabor predn\u00e1\u0161ok, workshopov pre verejnos\u0165 a samoobslu\u017en\u00fdch ateli\u00e9rov k v\u00fdstav\u00e1m, ktor\u00fdch spolo\u010dn\u00fdm menovate\u013eom je vedeck\u00fd v\u00fdskum s prepojen\u00edm na v\u00fdtvarn\u00e9 umenie. V roku 2022 bude hlavnou t\u00e9mou materi\u00e1l. Cie\u013eom projektu je nahliadnu\u0165 na v\u00fdtvarn\u00fd materi\u00e1l z poh\u013eadu vedn\u00fdch discipl\u00edn, ktor\u00fdch pr\u00edstup prezrad\u00ed viac o ich fyzik\u00e1lnej, technologickej \u010di chemickej povahe. Ako [&hellip;]<\/p>\n","protected":false},"featured_media":0,"template":"","acf":[],"event_date":{"start_date":1451606400,"end_date":2145916800},"_links":{"self":[{"href":"https:\/\/www.visitbratislava.com\/sk\/wp-json\/wp\/v2\/event\/345761"}],"collection":[{"href":"https:\/\/www.visitbratislava.com\/sk\/wp-json\/wp\/v2\/event"}],"about":[{"href":"https:\/\/www.visitbratislava.com\/sk\/wp-json\/wp\/v2\/types\/event"}],"version-history":[{"count":1,"href":"https:\/\/www.visitbratislava.com\/sk\/wp-json\/wp\/v2\/event\/345761\/revisions"}],"predecessor-version":[{"id":347007,"href":"https:\/\/www.visitbratislava.com\/sk\/wp-json\/wp\/v2\/event\/345761\/revisions\/347007"}],"wp:attachment":[{"href":"https:\/\/www.visitbratislava.com\/sk\/wp-json\/wp\/v2\/media?parent=345761"}],"curies":[{"name":"wp","href":"https:\/\/api.w.org\/{rel}","templated":true}]}}

<p>Umenie je veda predstavuje súbor prednášok, workshopov pre verejnosť a samoobslužných ateliérov k výstavám, ktorých spoločným menovateľom je vedecký výskum s prepojením na výtvarné umenie. V roku 2022 bude hlavnou témou materiál. Cieľom projektu je nahliadnuť na výtvarný materiál z pohľadu vedných disciplín, ktorých prístup prezradí viac o ich fyzikálnej, technologickej či chemickej povahe. Ako prednášajúci budú pozvaní odborníci z rôznych oblastí, aby porozprávali o svojom vedeckom výskume a skúsenostiach z praxe. Pozvaní budú tiež odborní výtvarní pedagógovia.</p>

<p>Umenie je veda predstavuje súbor prednášok, workshopov pre verejnosť a samoobslužných ateliérov k výstavám, ktorých spoločným menovateľom je vedecký výskum s prepojením na výtvarné umenie. V roku 2022 bude hlavnou témou materiál. Cieľom projektu je nahliadnuť na výtvarný materiál z pohľadu vedných disciplín, ktorých prístup prezradí viac o ich fyzikálnej, technologickej či chemickej povahe. Ako [&hellip;]</p>
