{"id":364343,"date":"2025-09-29T18:38:35","date_gmt":"2025-09-29T16:38:35","guid":{"rendered":"https:\/\/www.visitbratislava.com\/?post_type=event&#038;p=364343"},"modified":"2025-11-03T16:37:38","modified_gmt":"2025-11-03T15:37:38","slug":"prehliadka-kastiela-voderady","status":"publish","type":"event","link":"https:\/\/www.visitbratislava.com\/sk\/podujatia\/prehliadka-kastiela-voderady\/","title":{"rendered":"Prehliadka Ka\u0161tie\u013ea Voderady"},"content":{"rendered":"<h3 data-start=\"497\" data-end=\"521\">\ud83d\udccd Miesto stretnutia<\/h3>\n<p data-start=\"522\" data-end=\"563\">pred Kostolom sv. Ondreja vo Voderadoch<\/p>\n<p data-start=\"971\" data-end=\"994\"><strong data-start=\"971\" data-end=\"994\">Program prehliadky:<\/strong><\/p>\n<ol data-start=\"995\" data-end=\"1337\">\n<li data-start=\"995\" data-end=\"1074\">\n<p data-start=\"998\" data-end=\"1074\"><strong data-start=\"998\" data-end=\"1020\">Kostol sv. Ondreja<\/strong> \u2013 \u00favod do hist\u00f3rie obce, duchovn\u00e1 atmosf\u00e9ra chr\u00e1mu.<\/p>\n<\/li>\n<li data-start=\"1075\" data-end=\"1192\">\n<p data-start=\"1078\" data-end=\"1192\"><strong data-start=\"1078\" data-end=\"1098\">Ka\u0161tie\u013e Voderady<\/strong> \u2013 reprezenta\u010dn\u00e9 s\u00e1ly, historick\u00fd n\u00e1bytok a kri\u0161t\u00e1\u013eov\u00e9 lustre; rozpr\u00e1vanie o \u017eivote \u0161\u013eachty.<\/p>\n<\/li>\n<li data-start=\"1193\" data-end=\"1337\">\n<p data-start=\"1196\" data-end=\"1337\"><strong data-start=\"1196\" data-end=\"1227\">Anglick\u00fd sentiment\u00e1lny park<\/strong> \u2013 romantick\u00e1 z\u00e1hrada s jasky\u0148ou a kaplnkou pustovn\u00edka, be\u017ene pr\u00edstupn\u00e1 iba hos\u0165om hotela GOYA Vitality****.<\/p>\n<\/li>\n<\/ol>\n<p data-start=\"1339\" data-end=\"1447\">Prehliadka trv\u00e1 pribli\u017ene <strong data-start=\"1365\" data-end=\"1377\">90 min\u00fat<\/strong>. Za\u010diatok o <strong data-start=\"1390\" data-end=\"1400\">9.30 h<\/strong> je prisp\u00f4soben\u00fd autobusov\u00fdm spojom z Trnavy.<\/p>\n<p data-start=\"1339\" data-end=\"1447\"><img loading=\"lazy\" width=\"1200\" height=\"800\" class=\"alignnone size-full wp-image-364362\" src=\"https:\/\/www.visitbratislava.com\/wp-content\/uploads\/2025\/09\/prehliadka-voderad-sezonna-ponuka-prehliadok_1200x800-3.jpg\" alt=\"\" srcset=\"https:\/\/www.visitbratislava.com\/wp-content\/uploads\/2025\/09\/prehliadka-voderad-sezonna-ponuka-prehliadok_1200x800-3.jpg 1200w, https:\/\/www.visitbratislava.com\/wp-content\/uploads\/2025\/09\/prehliadka-voderad-sezonna-ponuka-prehliadok_1200x800-3-400x267.jpg 400w, https:\/\/www.visitbratislava.com\/wp-content\/uploads\/2025\/09\/prehliadka-voderad-sezonna-ponuka-prehliadok_1200x800-3-800x533.jpg 800w, https:\/\/www.visitbratislava.com\/wp-content\/uploads\/2025\/09\/prehliadka-voderad-sezonna-ponuka-prehliadok_1200x800-3-768x512.jpg 768w, https:\/\/www.visitbratislava.com\/wp-content\/uploads\/2025\/09\/prehliadka-voderad-sezonna-ponuka-prehliadok_1200x800-3-200x133.jpg 200w\" sizes=\"(max-width: 1200px) 100vw, 1200px\" \/><\/p>\n<hr data-start=\"1449\" data-end=\"1452\" \/>\n<p data-start=\"1454\" data-end=\"1514\">\ud83d\udc49 <strong data-start=\"1457\" data-end=\"1481\">Skupinov\u00e1 prehliadka<\/strong><br data-start=\"1481\" data-end=\"1484\" \/>\ud83d\udc49 <strong data-start=\"1487\" data-end=\"1512\">Rezerv\u00e1cia je povinn\u00e1<\/strong><\/p>\n<hr data-start=\"1516\" data-end=\"1519\" \/>\n<h2 data-start=\"1521\" data-end=\"1542\">\u2728 Ka\u0161tie\u013e Voderady<\/h2>\n<p data-start=\"1260\" data-end=\"1620\">Ka\u0161tie\u013e vo Voderadoch patr\u00ed k najv\u00fdznamnej\u0161\u00edm pamiatkam regi\u00f3nu. Ide o <strong data-start=\"1331\" data-end=\"1379\">barokovo-klasicistick\u00fa \u0161\u013eachtick\u00fa rezidenciu<\/strong>, ktor\u00e1 bola v minulosti s\u00eddlom v\u00fdznamn\u00fdch uhorsk\u00fdch rod\u00edn. Svojou architekt\u00farou i interi\u00e9rov\u00fdm rie\u0161en\u00edm nesie prvky reprezentat\u00edvneho b\u00fdvania 18. a 19. storo\u010dia, ke\u010f \u0161\u013eachta usporad\u00favala sl\u00e1vnosti, hostiny a prij\u00edmania v honosn\u00fdch s\u00e1lach.<\/p>\n<p data-start=\"1622\" data-end=\"2017\">Po rozsiahlej rekon\u0161trukcii, ktor\u00e1 bola ocenen\u00e1 prest\u00ed\u017enou cenou <strong data-start=\"1687\" data-end=\"1721\">F\u00e9nix \u2013 Kult\u00farna pamiatka roka<\/strong>, sa ka\u0161tie\u013e stal uk\u00e1\u017ekov\u00fdm pr\u00edkladom toho, ako mo\u017eno historick\u00fa budovu zachr\u00e1ni\u0165 a prinavr\u00e1ti\u0165 jej p\u00f4vodn\u00fa kr\u00e1su. N\u00e1v\u0161tevn\u00edkov dnes o\u010daria ve\u013ekolep\u00e9 reprezenta\u010dn\u00e9 priestory s bohatou v\u00fdzdobou, n\u00e1bytkom v historickom \u0161t\u00fdle a kri\u0161t\u00e1\u013eov\u00fdmi lustrami, ktor\u00e9 vytv\u00e1raj\u00fa atmosf\u00e9ru \u0161\u013eachtick\u00e9ho luxusu.<\/p>\n<p data-start=\"2019\" data-end=\"2407\">Ka\u0161tie\u013e je obklopen\u00fd <strong data-start=\"2040\" data-end=\"2075\">anglick\u00fdm sentiment\u00e1lnym parkom<\/strong>, ktor\u00fd patr\u00ed k vz\u00e1cnym uk\u00e1\u017ekam romantickej z\u00e1hradnej architekt\u00fary na Slovensku. Je navrhnut\u00fd tak, aby vzbudzoval rozmanit\u00e9 n\u00e1lady \u2013 pokoj, obdiv i zamyslenie. Prech\u00e1dzka parkom je neopakovate\u013en\u00fdm z\u00e1\u017eitkom, preto\u017ee n\u00e1v\u0161tevn\u00edk tu objav\u00ed umel\u00fa jasky\u0148u \u010di kaplnku pustovn\u00edka \u2013 prvky, ktor\u00e9 odkazuj\u00fa na romantick\u00e9 ide\u00e1ly 19. storo\u010dia.<\/p>\n<p data-start=\"2019\" data-end=\"2407\"><img loading=\"lazy\" width=\"1200\" height=\"800\" class=\"alignnone size-full wp-image-364356\" src=\"https:\/\/www.visitbratislava.com\/wp-content\/uploads\/2025\/09\/prehliadka-voderad-sezonna-ponuka-prehliadok_1200x800-4.jpg\" alt=\"\" srcset=\"https:\/\/www.visitbratislava.com\/wp-content\/uploads\/2025\/09\/prehliadka-voderad-sezonna-ponuka-prehliadok_1200x800-4.jpg 1200w, https:\/\/www.visitbratislava.com\/wp-content\/uploads\/2025\/09\/prehliadka-voderad-sezonna-ponuka-prehliadok_1200x800-4-400x267.jpg 400w, https:\/\/www.visitbratislava.com\/wp-content\/uploads\/2025\/09\/prehliadka-voderad-sezonna-ponuka-prehliadok_1200x800-4-800x533.jpg 800w, https:\/\/www.visitbratislava.com\/wp-content\/uploads\/2025\/09\/prehliadka-voderad-sezonna-ponuka-prehliadok_1200x800-4-768x512.jpg 768w, https:\/\/www.visitbratislava.com\/wp-content\/uploads\/2025\/09\/prehliadka-voderad-sezonna-ponuka-prehliadok_1200x800-4-200x133.jpg 200w\" sizes=\"(max-width: 1200px) 100vw, 1200px\" \/><\/p>\n<h3 data-start=\"565\" data-end=\"579\">\ud83d\udcb6 Vstupn\u00e9<\/h3>\n<p data-start=\"580\" data-end=\"663\">15 \u20ac \/ osoba<br data-start=\"592\" data-end=\"595\" \/><em data-start=\"595\" data-end=\"639\">Prehliadka je vhodn\u00e1 pre deti od 12 rokov.<\/em><br data-start=\"639\" data-end=\"642\" \/><em data-start=\"642\" data-end=\"661\"><a href=\"https:\/\/www.regiontrnava.sk\/produkt\/prehliadka-voderad-sezonna\" target=\"_blank\" rel=\"noopener\">Rezerv\u00e1cia<\/a> nutn\u00e1.<\/em><\/p>\n","protected":false},"excerpt":{"rendered":"<p>Vydajte sa na komentovan\u00fa prehliadku, po\u010das ktorej nav\u0161t\u00edvite Ka\u0161tie\u013e Voderady \u2013 barokovo-klasicistick\u00fa \u0161\u013eachtick\u00fa rezidenciu ocenen\u00fa cenou F\u00e9nix \u2013 Kult\u00farna pamiatka roka. Prehliadka odhal\u00ed nielen architektonick\u00fa kr\u00e1su ka\u0161tie\u013ea, ale aj hist\u00f3riu obce a jej kult\u00farne bohatstvo.<\/p>\n","protected":false},"featured_media":364344,"template":"","acf":[],"event_date":{"start_date":1762560000,"end_date":1762560000},"_links":{"self":[{"href":"https:\/\/www.visitbratislava.com\/sk\/wp-json\/wp\/v2\/event\/364343"}],"collection":[{"href":"https:\/\/www.visitbratislava.com\/sk\/wp-json\/wp\/v2\/event"}],"about":[{"href":"https:\/\/www.visitbratislava.com\/sk\/wp-json\/wp\/v2\/types\/event"}],"version-history":[{"count":4,"href":"https:\/\/www.visitbratislava.com\/sk\/wp-json\/wp\/v2\/event\/364343\/revisions"}],"predecessor-version":[{"id":368272,"href":"https:\/\/www.visitbratislava.com\/sk\/wp-json\/wp\/v2\/event\/364343\/revisions\/368272"}],"wp:featuredmedia":[{"embeddable":true,"href":"https:\/\/www.visitbratislava.com\/sk\/wp-json\/wp\/v2\/media\/364344"}],"wp:attachment":[{"href":"https:\/\/www.visitbratislava.com\/sk\/wp-json\/wp\/v2\/media?parent=364343"}],"curies":[{"name":"wp","href":"https:\/\/api.w.org\/{rel}","templated":true}]}}

Prehliadka Kaštieľa Voderady

<h3 data-start="497" data-end="521">📍 Miesto stretnutia</h3>
<p data-start="522" data-end="563">pred Kostolom sv. Ondreja vo Voderadoch</p>
<p data-start="971" data-end="994"><strong data-start="971" data-end="994">Program prehliadky:</strong></p>
<ol data-start="995" data-end="1337">
<li data-start="995" data-end="1074">
<p data-start="998" data-end="1074"><strong data-start="998" data-end="1020">Kostol sv. Ondreja</strong> – úvod do histórie obce, duchovná atmosféra chrámu.</p>
</li>
<li data-start="1075" data-end="1192">
<p data-start="1078" data-end="1192"><strong data-start="1078" data-end="1098">Kaštieľ Voderady</strong> – reprezentačné sály, historický nábytok a krištáľové lustre; rozprávanie o živote šľachty.</p>
</li>
<li data-start="1193" data-end="1337">
<p data-start="1196" data-end="1337"><strong data-start="1196" data-end="1227">Anglický sentimentálny park</strong> – romantická záhrada s jaskyňou a kaplnkou pustovníka, bežne prístupná iba hosťom hotela GOYA Vitality****.</p>
</li>
</ol>
<p data-start="1339" data-end="1447">Prehliadka trvá približne <strong data-start="1365" data-end="1377">90 minút</strong>. Začiatok o <strong data-start="1390" data-end="1400">9.30 h</strong> je prispôsobený autobusovým spojom z Trnavy.</p>
<p data-start="1339" data-end="1447"><img loading="lazy" width="1200" height="800" class="alignnone size-full wp-image-364362" src="https://www.visitbratislava.com/wp-content/uploads/2025/09/prehliadka-voderad-sezonna-ponuka-prehliadok_1200x800-3.jpg" alt="" srcset="https://www.visitbratislava.com/wp-content/uploads/2025/09/prehliadka-voderad-sezonna-ponuka-prehliadok_1200x800-3.jpg 1200w, https://www.visitbratislava.com/wp-content/uploads/2025/09/prehliadka-voderad-sezonna-ponuka-prehliadok_1200x800-3-400x267.jpg 400w, https://www.visitbratislava.com/wp-content/uploads/2025/09/prehliadka-voderad-sezonna-ponuka-prehliadok_1200x800-3-800x533.jpg 800w, https://www.visitbratislava.com/wp-content/uploads/2025/09/prehliadka-voderad-sezonna-ponuka-prehliadok_1200x800-3-768x512.jpg 768w, https://www.visitbratislava.com/wp-content/uploads/2025/09/prehliadka-voderad-sezonna-ponuka-prehliadok_1200x800-3-200x133.jpg 200w" sizes="(max-width: 1200px) 100vw, 1200px" /></p>
<hr data-start="1449" data-end="1452" />
<p data-start="1454" data-end="1514">👉 <strong data-start="1457" data-end="1481">Skupinová prehliadka</strong><br data-start="1481" data-end="1484" />👉 <strong data-start="1487" data-end="1512">Rezervácia je povinná</strong></p>
<hr data-start="1516" data-end="1519" />
<h2 data-start="1521" data-end="1542">✨ Kaštieľ Voderady</h2>
<p data-start="1260" data-end="1620">Kaštieľ vo Voderadoch patrí k najvýznamnejším pamiatkam regiónu. Ide o <strong data-start="1331" data-end="1379">barokovo-klasicistickú šľachtickú rezidenciu</strong>, ktorá bola v minulosti sídlom významných uhorských rodín. Svojou architektúrou i interiérovým riešením nesie prvky reprezentatívneho bývania 18. a 19. storočia, keď šľachta usporadúvala slávnosti, hostiny a prijímania v honosných sálach.</p>
<p data-start="1622" data-end="2017">Po rozsiahlej rekonštrukcii, ktorá bola ocenená prestížnou cenou <strong data-start="1687" data-end="1721">Fénix – Kultúrna pamiatka roka</strong>, sa kaštieľ stal ukážkovým príkladom toho, ako možno historickú budovu zachrániť a prinavrátiť jej pôvodnú krásu. Návštevníkov dnes očaria veľkolepé reprezentačné priestory s bohatou výzdobou, nábytkom v historickom štýle a krištáľovými lustrami, ktoré vytvárajú atmosféru šľachtického luxusu.</p>
<p data-start="2019" data-end="2407">Kaštieľ je obklopený <strong data-start="2040" data-end="2075">anglickým sentimentálnym parkom</strong>, ktorý patrí k vzácnym ukážkam romantickej záhradnej architektúry na Slovensku. Je navrhnutý tak, aby vzbudzoval rozmanité nálady – pokoj, obdiv i zamyslenie. Prechádzka parkom je neopakovateľným zážitkom, pretože návštevník tu objaví umelú jaskyňu či kaplnku pustovníka – prvky, ktoré odkazujú na romantické ideály 19. storočia.</p>
<p data-start="2019" data-end="2407"><img loading="lazy" width="1200" height="800" class="alignnone size-full wp-image-364356" src="https://www.visitbratislava.com/wp-content/uploads/2025/09/prehliadka-voderad-sezonna-ponuka-prehliadok_1200x800-4.jpg" alt="" srcset="https://www.visitbratislava.com/wp-content/uploads/2025/09/prehliadka-voderad-sezonna-ponuka-prehliadok_1200x800-4.jpg 1200w, https://www.visitbratislava.com/wp-content/uploads/2025/09/prehliadka-voderad-sezonna-ponuka-prehliadok_1200x800-4-400x267.jpg 400w, https://www.visitbratislava.com/wp-content/uploads/2025/09/prehliadka-voderad-sezonna-ponuka-prehliadok_1200x800-4-800x533.jpg 800w, https://www.visitbratislava.com/wp-content/uploads/2025/09/prehliadka-voderad-sezonna-ponuka-prehliadok_1200x800-4-768x512.jpg 768w, https://www.visitbratislava.com/wp-content/uploads/2025/09/prehliadka-voderad-sezonna-ponuka-prehliadok_1200x800-4-200x133.jpg 200w" sizes="(max-width: 1200px) 100vw, 1200px" /></p>
<h3 data-start="565" data-end="579">💶 Vstupné</h3>
<p data-start="580" data-end="663">15 € / osoba<br data-start="592" data-end="595" /><em data-start="595" data-end="639">Prehliadka je vhodná pre deti od 12 rokov.</em><br data-start="639" data-end="642" /><em data-start="642" data-end="661"><a href="https://www.regiontrnava.sk/produkt/prehliadka-voderad-sezonna" target="_blank" rel="noopener">Rezervácia</a> nutná.</em></p>

<p>Vydajte sa na komentovanú prehliadku, počas ktorej navštívite Kaštieľ Voderady – barokovo-klasicistickú šľachtickú rezidenciu ocenenú cenou Fénix – Kultúrna pamiatka roka. Prehliadka odhalí nielen architektonickú krásu kaštieľa, ale aj históriu obce a jej kultúrne bohatstvo.</p>
