{"id":374187,"date":"2025-11-13T10:57:10","date_gmt":"2025-11-13T09:57:10","guid":{"rendered":"https:\/\/www.visitbratislava.com\/events\/antimuzeum-j-k-2\/"},"modified":"2026-04-24T11:25:32","modified_gmt":"2026-04-24T09:25:32","slug":"antimuzeum-j-k-2","status":"publish","type":"event","link":"https:\/\/www.visitbratislava.com\/sk\/podujatia\/antimuzeum-j-k-2\/","title":{"rendered":"Antim\u00fazeum J.K."},"content":{"rendered":"<p>V\u010faka Antim\u00fazeu J.K. \u2013 ucelenej monografickej expoz\u00edcii J\u00faliusa Kollera \u2013 mo\u017eno spozna\u0165 osobu a dielo jedn\u00e9ho z na\u0161ich najzn\u00e1mej\u0161\u00edch konceptu\u00e1lnych umelcov, ktor\u00fdch meno dlhodobo rezonuje aj v zahrani\u010d\u00ed.<\/p>\n<p>Expoz\u00edcia vznikla pres\u0165ahovan\u00edm s\u00fakromnej zbierky Kollerov\u00fdch diel z Antim\u00fazea J.K., ktor\u00e9 doteraz s\u00eddlilo na Z\u00e1mo\u010dn\u00edckej ulici v Bratislave, do priestorov SNG. Nov\u00fa in\u0161tal\u00e1ciu dop\u013a\u0148aj\u00fa aj autorove diela zo zbierok SNG.<\/p>\n","protected":false},"excerpt":{"rendered":"<p>V\u010faka Antim\u00fazeu J.K. \u2013 ucelenej monografickej expoz\u00edcii J\u00faliusa Kollera \u2013 mo\u017eno spozna\u0165 osobu a dielo jedn\u00e9ho z na\u0161ich najzn\u00e1mej\u0161\u00edch konceptu\u00e1lnych umelcov, ktor\u00fdch meno dlhodobo rezonuje aj v zahrani\u010d\u00ed. Expoz\u00edcia vznikla pres\u0165ahovan\u00edm s\u00fakromnej zbierky Kollerov\u00fdch diel z Antim\u00fazea J.K., ktor\u00e9 doteraz s\u00eddlilo na Z\u00e1mo\u010dn\u00edckej ulici v Bratislave, do priestorov SNG. Nov\u00fa in\u0161tal\u00e1ciu dop\u013a\u0148aj\u00fa aj autorove diela [&hellip;]<\/p>\n","protected":false},"featured_media":0,"template":"","acf":[],"event_date":{"start_date":1451606400,"end_date":2145916800},"_links":{"self":[{"href":"https:\/\/www.visitbratislava.com\/sk\/wp-json\/wp\/v2\/event\/374187"}],"collection":[{"href":"https:\/\/www.visitbratislava.com\/sk\/wp-json\/wp\/v2\/event"}],"about":[{"href":"https:\/\/www.visitbratislava.com\/sk\/wp-json\/wp\/v2\/types\/event"}],"version-history":[{"count":1,"href":"https:\/\/www.visitbratislava.com\/sk\/wp-json\/wp\/v2\/event\/374187\/revisions"}],"predecessor-version":[{"id":379533,"href":"https:\/\/www.visitbratislava.com\/sk\/wp-json\/wp\/v2\/event\/374187\/revisions\/379533"}],"wp:attachment":[{"href":"https:\/\/www.visitbratislava.com\/sk\/wp-json\/wp\/v2\/media?parent=374187"}],"curies":[{"name":"wp","href":"https:\/\/api.w.org\/{rel}","templated":true}]}}

Antimúzeum J.K.

<p>Vďaka Antimúzeu J.K. – ucelenej monografickej expozícii Júliusa Kollera – možno spoznať osobu a dielo jedného z našich najznámejších konceptuálnych umelcov, ktorých meno dlhodobo rezonuje aj v zahraničí.</p>
<p>Expozícia vznikla presťahovaním súkromnej zbierky Kollerových diel z Antimúzea J.K., ktoré doteraz sídlilo na Zámočníckej ulici v Bratislave, do priestorov SNG. Novú inštaláciu dopĺňajú aj autorove diela zo zbierok SNG.</p>

<p>Vďaka Antimúzeu J.K. – ucelenej monografickej expozícii Júliusa Kollera – možno spoznať osobu a dielo jedného z našich najznámejších konceptuálnych umelcov, ktorých meno dlhodobo rezonuje aj v zahraničí. Expozícia vznikla presťahovaním súkromnej zbierky Kollerových diel z Antimúzea J.K., ktoré doteraz sídlilo na Zámočníckej ulici v Bratislave, do priestorov SNG. Novú inštaláciu dopĺňajú aj autorove diela [&hellip;]</p>
