{"id":374864,"date":"2025-11-13T10:59:08","date_gmt":"2025-11-13T09:59:08","guid":{"rendered":"https:\/\/www.visitbratislava.com\/events\/rolnik-a-jeho-svet\/"},"modified":"2026-01-31T10:25:42","modified_gmt":"2026-01-31T09:25:42","slug":"rolnik-a-jeho-svet","status":"publish","type":"event","link":"https:\/\/www.visitbratislava.com\/sk\/podujatia\/rolnik-a-jeho-svet\/","title":{"rendered":"Ro\u013en\u00edk a jeho svet"},"content":{"rendered":"<p><strong>Pre \u013eud\u00ed ob\u00fdvaj\u00facich \u00fazemie Slovenska bolo po\u013enohospod\u00e1rstvo odd\u00e1vna hlavn\u00fdm zamestnan\u00edm. Vo svojom z\u00e1klade predstavovalo zabezpe\u010denie potrav\u00edn, no d\u00f4sledky tejto \u010dinnosti sa prejavili na vzh\u013eade okolitej krajiny, \u013eudsk\u00fdch s\u00eddel a ovplyv\u0148ovali aj sp\u00f4sob \u017eivota ro\u013en\u00edkov. V\u00fdstava Ro\u013en\u00edk a jeho svet sa kon\u00e1 od 18. decembra 2024 do 31. janu\u00e1ra 2026.<\/strong><\/p>\n<p>Materi\u00e1lne, soci\u00e1lne a duchovn\u00e9 prejavy sp\u00f4sobu \u017eivota, vz\u0165ah k pr\u00edrode, usporiadanie rodiny a spolo\u010denstva, ako aj hodnotov\u00e9 orient\u00e1cie \u013eud\u00ed \u2013 to v\u0161etko v\u00fdrazne ovplyvnil ro\u013en\u00edcky z\u00e1klad \u017eivota. V historick\u00fdch a soci\u00e1lno-hospod\u00e1rskych podmienkach je agr\u00e1rna kult\u00fara<br \/>\na sp\u00f4sob \u017eivota optim\u00e1lnym vyu\u017eit\u00edm \u010dloveka, p\u00f4dy a po\u013enohospod\u00e1rskeho n\u00e1radia. Tvorila tak harmonick\u00e9 spojenie pr\u00e1ce, spotreby a sk\u00fasenost\u00ed.<\/p>\n<p>Agr\u00e1rnu kult\u00faru, ktor\u00e1 odzrkad\u013eovala svet ro\u013en\u00edkov a jej vedeck\u00e9 sk\u00famanie predstavuje Slovensk\u00e9 n\u00e1rodn\u00e9 m\u00fazeum v spolupr\u00e1ci s \u00dastavom etnol\u00f3gie a soci\u00e1lnej antropol\u00f3gie Slovenskej akad\u00e9mie vied. V\u00fdstavn\u00fd projekt rozv\u00edja t\u00fato t\u00e9mu v dvoch l\u00edni\u00e1ch. Cie\u013eom prvej je prezent\u00e1cia sveta ro\u013en\u00edka formou dobovej ro\u013en\u00edckej usadlosti z 20. \u2013 30. rokov 20. storo\u010dia, ktor\u00e1 bola z\u00e1kladn\u00fdm soci\u00e1lnym priestorom \u017eivota ro\u013en\u00edckej rodiny.<\/p>\n<p>Na v\u00fdstave je zn\u00e1zornen\u00e9 obydlie stredne majetnej ro\u013en\u00edckej rodiny z Turca v mierke 1:1 a predstavuje dom\u00e1cnos\u0165 pozost\u00e1vaj\u00facu z izby, pitvora, komory a \u010diernej kuchyne. Pri obytnom dome je umiestnen\u00e1 stodola, za \u00fa\u010delom prezent\u00e1cie trojrozmern\u00fdch predmetov z agr\u00e1rnej kult\u00fary. Zbierkov\u00e9 predmety s\u00fa rozdelen\u00e9 do typologick\u00fdch kolekci\u00ed \u2013 napr\u00edklad motyky, orn\u00e9, \u017eatevn\u00e9 a mlatobn\u00e9 n\u00e1radie a pod. Fotografie v\u00fdznamn\u00fdch fotografov a etnografov (Karola Plicku, Pavla Soch\u00e1\u0148a, J\u00e1na D\u00e9rera.a \u010fal\u0161\u00edch) dop\u013a\u0148aj\u00fa opis po\u013enohospod\u00e1rskych pr\u00e1c, ktor\u00e9 ro\u013en\u00edkov zamestn\u00e1vali od skorej jari a\u017e do zimy. Do rob\u00f4t okolo dom\u00e1cnosti a hospod\u00e1rstva boli odmali\u010dka zap\u00e1jan\u00e9 aj deti. Ich pr\u00e1cu a povinnosti m\u00f4\u017eu spozn\u00e1va\u0165 aj najmen\u0161\u00ed n\u00e1v\u0161tevn\u00edci, pre ktor\u00fdch s\u00fa pripraven\u00e9 aj zauj\u00edmav\u00e9 aktivity.<\/p>\n<p>Druh\u00e1 l\u00ednia v\u00fdstavy pribli\u017euje historick\u00fd v\u00fdvin vedeck\u00e9ho z\u00e1ujmu o pr\u00e1cu ro\u013en\u00edka, jeho kult\u00faru, ale aj dobov\u00e9 kult\u00farno-historick\u00e9 okolnosti, ktor\u00e9 ho podmie\u0148ovali. N\u00e1v\u0161tevn\u00edk sa zozn\u00e1mi s v\u00fdznamn\u00fdmi osobnos\u0165ami slovenskej vedy a literat\u00fary, ktor\u00e9 priniesli nielen umeleck\u00fd obraz tradi\u010dnej ro\u013en\u00edckej kult\u00fary, ale aj cenn\u00e9 etnografick\u00e9 a historick\u00e9 poznatky ako z\u00e1klad pre s\u00fa\u010dasn\u00fa etnografia ako vedn\u00fa discipl\u00ednu s jej pendantom v slovenskom m\u00fazejn\u00edctve. V\u00fdstava sleduje a n\u00e1zorne dokumentuje.t\u00fato v\u00fdvinov\u00fa l\u00edniu na dobov\u00fdch predmetoch, publik\u00e1ci\u00e1ch, vysloven\u00fdch my\u0161lienkach a n\u00e1zoroch s\u00favek\u00fdch predstavite\u013eov. Okrem vidieka prich\u00e1dzal intelektu\u00e1lny z\u00e1ujem o svet ro\u013en\u00edka aj z mestsk\u00e9ho prostredia. Jedn\u00fdm z charakteristick\u00fdch reprezentantov bol Tur\u010diansky Sv. Martin, kde s\u00eddlili v\u00fdznamn\u00e9 kult\u00farne a vedeck\u00e9 in\u0161tit\u00facie ako Muze\u00e1lna slovensk\u00e1 spolo\u010dnos\u0165, Matica slovensk\u00e1 a Slovensk\u00e9 n\u00e1rodn\u00e9 m\u00fazeum. Ve\u013ekoplo\u0161n\u00e1 fotografia mesta, textovo-obrazov\u00e9 panely a autentick\u00e9 zariadenie pracovne vtiahne n\u00e1v\u0161tevn\u00edka do \u017eivota martinsk\u00e9ho intelektu\u00e1la z 20. \u2013 30. rokov 20. storo\u010dia.<\/p>\n","protected":false},"excerpt":{"rendered":"<p>Pre \u013eud\u00ed ob\u00fdvaj\u00facich \u00fazemie Slovenska bolo po\u013enohospod\u00e1rstvo odd\u00e1vna hlavn\u00fdm zamestnan\u00edm. Vo svojom z\u00e1klade predstavovalo zabezpe\u010denie potrav\u00edn, no d\u00f4sledky tejto \u010dinnosti sa prejavili na vzh\u013eade okolitej krajiny, \u013eudsk\u00fdch s\u00eddel a ovplyv\u0148ovali aj sp\u00f4sob \u017eivota ro\u013en\u00edkov. V\u00fdstava Ro\u013en\u00edk a jeho svet sa kon\u00e1 od 18. decembra 2024 do 31. janu\u00e1ra 2026. Materi\u00e1lne, soci\u00e1lne a duchovn\u00e9 prejavy sp\u00f4sobu [&hellip;]<\/p>\n","protected":false},"featured_media":0,"template":"","acf":[],"event_date":{"start_date":1734480000,"end_date":1769817600},"_links":{"self":[{"href":"https:\/\/www.visitbratislava.com\/sk\/wp-json\/wp\/v2\/event\/374864"}],"collection":[{"href":"https:\/\/www.visitbratislava.com\/sk\/wp-json\/wp\/v2\/event"}],"about":[{"href":"https:\/\/www.visitbratislava.com\/sk\/wp-json\/wp\/v2\/types\/event"}],"version-history":[{"count":1,"href":"https:\/\/www.visitbratislava.com\/sk\/wp-json\/wp\/v2\/event\/374864\/revisions"}],"predecessor-version":[{"id":380223,"href":"https:\/\/www.visitbratislava.com\/sk\/wp-json\/wp\/v2\/event\/374864\/revisions\/380223"}],"wp:attachment":[{"href":"https:\/\/www.visitbratislava.com\/sk\/wp-json\/wp\/v2\/media?parent=374864"}],"curies":[{"name":"wp","href":"https:\/\/api.w.org\/{rel}","templated":true}]}}

Roľník a jeho svet

<p><strong>Pre ľudí obývajúcich územie Slovenska bolo poľnohospodárstvo oddávna hlavným zamestnaním. Vo svojom základe predstavovalo zabezpečenie potravín, no dôsledky tejto činnosti sa prejavili na vzhľade okolitej krajiny, ľudských sídel a ovplyvňovali aj spôsob života roľníkov. Výstava Roľník a jeho svet sa koná od 18. decembra 2024 do 31. januára 2026.</strong></p>
<p>Materiálne, sociálne a duchovné prejavy spôsobu života, vzťah k prírode, usporiadanie rodiny a spoločenstva, ako aj hodnotové orientácie ľudí – to všetko výrazne ovplyvnil roľnícky základ života. V historických a sociálno-hospodárskych podmienkach je agrárna kultúra<br />
a spôsob života optimálnym využitím človeka, pôdy a poľnohospodárskeho náradia. Tvorila tak harmonické spojenie práce, spotreby a skúseností.</p>
<p>Agrárnu kultúru, ktorá odzrkadľovala svet roľníkov a jej vedecké skúmanie predstavuje Slovenské národné múzeum v spolupráci s Ústavom etnológie a sociálnej antropológie Slovenskej akadémie vied. Výstavný projekt rozvíja túto tému v dvoch líniách. Cieľom prvej je prezentácia sveta roľníka formou dobovej roľníckej usadlosti z 20. – 30. rokov 20. storočia, ktorá bola základným sociálnym priestorom života roľníckej rodiny.</p>
<p>Na výstave je znázornené obydlie stredne majetnej roľníckej rodiny z Turca v mierke 1:1 a predstavuje domácnosť pozostávajúcu z izby, pitvora, komory a čiernej kuchyne. Pri obytnom dome je umiestnená stodola, za účelom prezentácie trojrozmerných predmetov z agrárnej kultúry. Zbierkové predmety sú rozdelené do typologických kolekcií – napríklad motyky, orné, žatevné a mlatobné náradie a pod. Fotografie významných fotografov a etnografov (Karola Plicku, Pavla Socháňa, Jána Dérera.a ďalších) dopĺňajú opis poľnohospodárskych prác, ktoré roľníkov zamestnávali od skorej jari až do zimy. Do robôt okolo domácnosti a hospodárstva boli odmalička zapájané aj deti. Ich prácu a povinnosti môžu spoznávať aj najmenší návštevníci, pre ktorých sú pripravené aj zaujímavé aktivity.</p>
<p>Druhá línia výstavy približuje historický vývin vedeckého záujmu o prácu roľníka, jeho kultúru, ale aj dobové kultúrno-historické okolnosti, ktoré ho podmieňovali. Návštevník sa zoznámi s významnými osobnosťami slovenskej vedy a literatúry, ktoré priniesli nielen umelecký obraz tradičnej roľníckej kultúry, ale aj cenné etnografické a historické poznatky ako základ pre súčasnú etnografia ako vednú disciplínu s jej pendantom v slovenskom múzejníctve. Výstava sleduje a názorne dokumentuje.túto vývinovú líniu na dobových predmetoch, publikáciách, vyslovených myšlienkach a názoroch súvekých predstaviteľov. Okrem vidieka prichádzal intelektuálny záujem o svet roľníka aj z mestského prostredia. Jedným z charakteristických reprezentantov bol Turčiansky Sv. Martin, kde sídlili významné kultúrne a vedecké inštitúcie ako Muzeálna slovenská spoločnosť, Matica slovenská a Slovenské národné múzeum. Veľkoplošná fotografia mesta, textovo-obrazové panely a autentické zariadenie pracovne vtiahne návštevníka do života martinského intelektuála z 20. – 30. rokov 20. storočia.</p>

<p>Pre ľudí obývajúcich územie Slovenska bolo poľnohospodárstvo oddávna hlavným zamestnaním. Vo svojom základe predstavovalo zabezpečenie potravín, no dôsledky tejto činnosti sa prejavili na vzhľade okolitej krajiny, ľudských sídel a ovplyvňovali aj spôsob života roľníkov. Výstava Roľník a jeho svet sa koná od 18. decembra 2024 do 31. januára 2026. Materiálne, sociálne a duchovné prejavy spôsobu [&hellip;]</p>
