{"id":374921,"date":"2025-11-13T10:59:18","date_gmt":"2025-11-13T09:59:18","guid":{"rendered":"https:\/\/www.visitbratislava.com\/events\/bratislavsky-kaviar-zimny-5\/"},"modified":"2026-04-24T11:26:11","modified_gmt":"2026-04-24T09:26:11","slug":"bratislavsky-kaviar-zimny-5","status":"publish","type":"event","link":"https:\/\/www.visitbratislava.com\/sk\/podujatia\/bratislavsky-kaviar-zimny-5\/","title":{"rendered":"Bratislavsk\u00fd Kavi\u00e1r zimn\u00fd"},"content":{"rendered":"<p><strong>Text organiz\u00e1tora:<\/strong><\/p>\n<p>T\u00ed najvyberanej\u0161\u00ed stand-up komici sa stretn\u00fa, aby v\u00e1s spolo\u010dne zabavili v panelovej show Bratislavsk\u00fd Kavi\u00e1r. Nie, toto nie je stand-up, tu uvid\u00edte naozajstn\u00e9 z\u00e1kulisie slovensk\u00e9ho humoru. Traja komici komentuj\u00fa aktu\u00e1lne udalosti. Show vedie hviezda podcastu Lu\u017eif\u010d\u00e1k \u2013 Jakub Lu\u017eina a jeho vern\u00fd sidekick Matej Mo\u0161ko.<\/p>\n<p>Trochu sa to podob\u00e1 t\u00fdm najlep\u0161\u00edm dielom Sedem s.r.o. Akur\u00e1t, \u017ee sme mlad\u0161\u00ed, z\u00e1bavn\u00ed, m\u00e1me Lu\u017einu a fungujeme aj na internete (napriek tomu, \u017ee m\u00e1me Lu\u017einu).<\/p>\n<p><strong>Podujatie nie je vhodn\u00e9 pre osoby mlad\u0161ie ako 15 rokov.<\/strong><\/p>\n","protected":false},"excerpt":{"rendered":"<p>Text organiz\u00e1tora: T\u00ed najvyberanej\u0161\u00ed stand-up komici sa stretn\u00fa, aby v\u00e1s spolo\u010dne zabavili v panelovej show Bratislavsk\u00fd Kavi\u00e1r. Nie, toto nie je stand-up, tu uvid\u00edte naozajstn\u00e9 z\u00e1kulisie slovensk\u00e9ho humoru. Traja komici komentuj\u00fa aktu\u00e1lne udalosti. Show vedie hviezda podcastu Lu\u017eif\u010d\u00e1k \u2013 Jakub Lu\u017eina a jeho vern\u00fd sidekick Matej Mo\u0161ko. Trochu sa to podob\u00e1 t\u00fdm najlep\u0161\u00edm dielom Sedem [&hellip;]<\/p>\n","protected":false},"featured_media":0,"template":"","acf":[],"event_date":{"start_date":1795651200,"end_date":1795651200},"_links":{"self":[{"href":"https:\/\/www.visitbratislava.com\/sk\/wp-json\/wp\/v2\/event\/374921"}],"collection":[{"href":"https:\/\/www.visitbratislava.com\/sk\/wp-json\/wp\/v2\/event"}],"about":[{"href":"https:\/\/www.visitbratislava.com\/sk\/wp-json\/wp\/v2\/types\/event"}],"version-history":[{"count":1,"href":"https:\/\/www.visitbratislava.com\/sk\/wp-json\/wp\/v2\/event\/374921\/revisions"}],"predecessor-version":[{"id":380283,"href":"https:\/\/www.visitbratislava.com\/sk\/wp-json\/wp\/v2\/event\/374921\/revisions\/380283"}],"wp:attachment":[{"href":"https:\/\/www.visitbratislava.com\/sk\/wp-json\/wp\/v2\/media?parent=374921"}],"curies":[{"name":"wp","href":"https:\/\/api.w.org\/{rel}","templated":true}]}}

Bratislavský Kaviár zimný

<p><strong>Text organizátora:</strong></p>
<p>Tí najvyberanejší stand-up komici sa stretnú, aby vás spoločne zabavili v panelovej show Bratislavský Kaviár. Nie, toto nie je stand-up, tu uvidíte naozajstné zákulisie slovenského humoru. Traja komici komentujú aktuálne udalosti. Show vedie hviezda podcastu Lužifčák – Jakub Lužina a jeho verný sidekick Matej Moško.</p>
<p>Trochu sa to podobá tým najlepším dielom Sedem s.r.o. Akurát, že sme mladší, zábavní, máme Lužinu a fungujeme aj na internete (napriek tomu, že máme Lužinu).</p>
<p><strong>Podujatie nie je vhodné pre osoby mladšie ako 15 rokov.</strong></p>

<p>Text organizátora: Tí najvyberanejší stand-up komici sa stretnú, aby vás spoločne zabavili v panelovej show Bratislavský Kaviár. Nie, toto nie je stand-up, tu uvidíte naozajstné zákulisie slovenského humoru. Traja komici komentujú aktuálne udalosti. Show vedie hviezda podcastu Lužifčák – Jakub Lužina a jeho verný sidekick Matej Moško. Trochu sa to podobá tým najlepším dielom Sedem [&hellip;]</p>
