{"id":374927,"date":"2025-11-13T10:59:19","date_gmt":"2025-11-13T09:59:19","guid":{"rendered":"https:\/\/www.visitbratislava.com\/events\/rodinne-popoludnie-v-pohybe-3\/"},"modified":"2026-04-24T11:26:12","modified_gmt":"2026-04-24T09:26:12","slug":"rodinne-popoludnie-v-pohybe-3","status":"publish","type":"event","link":"https:\/\/www.visitbratislava.com\/sk\/podujatia\/rodinne-popoludnie-v-pohybe-3\/","title":{"rendered":"Rodinn\u00e9 popoludnie: V pohybe"},"content":{"rendered":"<p>V\u00edkendov\u00fd \u010das s de\u0165mi str\u00e1ven\u00fd pri tvoren\u00ed medzi umen\u00edm. Dok\u00e1\u017eu by\u0165 sochy a obrazy v pohybe? \u00da\u010dastn\u00edci si spolo\u010dne sk\u00fasia presk\u00fama\u0165 tento fenom\u00e9n v barokovej expoz\u00edcii a rozpohybuj\u00fa nielen seba, ale aj svoje kresby.<\/p>\n<p>So vstupenkou bude po skon\u010den\u00ed podujatia mo\u017en\u00e9 nav\u0161t\u00edvi\u0165 v\u00fdstavy v danom pal\u00e1ci.<\/p>\n<p>Na program je potrebn\u00e9 pr\u00eds\u0165 na\u010das, lektorky bud\u00fa \u010daka\u0165 pri vstupe do pal\u00e1ca.<\/p>\n<p><strong>Odpor\u00fa\u010dan\u00fd vek det\u00ed je 6 \u2013 11 rokov + rodi\u010dia.<\/strong><\/p>\n","protected":false},"excerpt":{"rendered":"<p>V\u00edkendov\u00fd \u010das s de\u0165mi str\u00e1ven\u00fd pri tvoren\u00ed medzi umen\u00edm. Dok\u00e1\u017eu by\u0165 sochy a obrazy v pohybe? \u00da\u010dastn\u00edci si spolo\u010dne sk\u00fasia presk\u00fama\u0165 tento fenom\u00e9n v barokovej expoz\u00edcii a rozpohybuj\u00fa nielen seba, ale aj svoje kresby. So vstupenkou bude po skon\u010den\u00ed podujatia mo\u017en\u00e9 nav\u0161t\u00edvi\u0165 v\u00fdstavy v danom pal\u00e1ci. Na program je potrebn\u00e9 pr\u00eds\u0165 na\u010das, lektorky bud\u00fa \u010daka\u0165 [&hellip;]<\/p>\n","protected":false},"featured_media":0,"template":"","acf":[],"event_date":{"start_date":946684800,"end_date":1893456000},"_links":{"self":[{"href":"https:\/\/www.visitbratislava.com\/sk\/wp-json\/wp\/v2\/event\/374927"}],"collection":[{"href":"https:\/\/www.visitbratislava.com\/sk\/wp-json\/wp\/v2\/event"}],"about":[{"href":"https:\/\/www.visitbratislava.com\/sk\/wp-json\/wp\/v2\/types\/event"}],"version-history":[{"count":1,"href":"https:\/\/www.visitbratislava.com\/sk\/wp-json\/wp\/v2\/event\/374927\/revisions"}],"predecessor-version":[{"id":380289,"href":"https:\/\/www.visitbratislava.com\/sk\/wp-json\/wp\/v2\/event\/374927\/revisions\/380289"}],"wp:attachment":[{"href":"https:\/\/www.visitbratislava.com\/sk\/wp-json\/wp\/v2\/media?parent=374927"}],"curies":[{"name":"wp","href":"https:\/\/api.w.org\/{rel}","templated":true}]}}

Rodinné popoludnie: V pohybe

<p>Víkendový čas s deťmi strávený pri tvorení medzi umením. Dokážu byť sochy a obrazy v pohybe? Účastníci si spoločne skúsia preskúmať tento fenomén v barokovej expozícii a rozpohybujú nielen seba, ale aj svoje kresby.</p>
<p>So vstupenkou bude po skončení podujatia možné navštíviť výstavy v danom paláci.</p>
<p>Na program je potrebné prísť načas, lektorky budú čakať pri vstupe do paláca.</p>
<p><strong>Odporúčaný vek detí je 6 – 11 rokov + rodičia.</strong></p>

<p>Víkendový čas s deťmi strávený pri tvorení medzi umením. Dokážu byť sochy a obrazy v pohybe? Účastníci si spoločne skúsia preskúmať tento fenomén v barokovej expozícii a rozpohybujú nielen seba, ale aj svoje kresby. So vstupenkou bude po skončení podujatia možné navštíviť výstavy v danom paláci. Na program je potrebné prísť načas, lektorky budú čakať [&hellip;]</p>
