{"id":374969,"date":"2025-11-13T10:59:27","date_gmt":"2025-11-13T09:59:27","guid":{"rendered":"https:\/\/www.visitbratislava.com\/events\/tibor-majlath-novi-neponi-5-2\/"},"modified":"2026-04-24T11:26:15","modified_gmt":"2026-04-24T09:26:15","slug":"tibor-majlath-novi-neponi-5-2","status":"publish","type":"event","link":"https:\/\/www.visitbratislava.com\/sk\/podujatia\/tibor-majlath-novi-neponi-5-2\/","title":{"rendered":"Tibor Majl\u00e1th: Nov\u00ed Nep\u00f3ni 5"},"content":{"rendered":"<p>Bratislavsk\u00fd architekt Tibor Majl\u00e1th, ktor\u00fd sa u\u017e roky venuje v\u00fdtvarn\u00e9mu umeniu vystavuje nov\u00fd s\u00fabor plast\u00edk v \u0161peci\u00e1lnej technike Papier &#8211; March\u0113. Objekty r\u00f4znych tvarov, ve\u013ekost\u00ed a farebnej \u0161k\u00e1ly tvoria pestr\u00fa zmes abstraktn\u00fdch bytost\u00ed a tvorov, evokuj\u00facich organick\u00fd svet tajomn\u00e9ho a\u017e rozpr\u00e1vkov\u00e9ho p\u00f4vodu, ktor\u00fd autor nazval Nep\u00f3ni.<\/p>\n","protected":false},"excerpt":{"rendered":"<p>Bratislavsk\u00fd architekt Tibor Majl\u00e1th, ktor\u00fd sa u\u017e roky venuje v\u00fdtvarn\u00e9mu umeniu vystavuje nov\u00fd s\u00fabor plast\u00edk v \u0161peci\u00e1lnej technike Papier &#8211; March\u0113. Objekty r\u00f4znych tvarov, ve\u013ekost\u00ed a farebnej \u0161k\u00e1ly tvoria pestr\u00fa zmes abstraktn\u00fdch bytost\u00ed a tvorov, evokuj\u00facich organick\u00fd svet tajomn\u00e9ho a\u017e rozpr\u00e1vkov\u00e9ho p\u00f4vodu, ktor\u00fd autor nazval Nep\u00f3ni.<\/p>\n","protected":false},"featured_media":0,"template":"","acf":[],"event_date":{"start_date":1451606400,"end_date":1918771200},"_links":{"self":[{"href":"https:\/\/www.visitbratislava.com\/sk\/wp-json\/wp\/v2\/event\/374969"}],"collection":[{"href":"https:\/\/www.visitbratislava.com\/sk\/wp-json\/wp\/v2\/event"}],"about":[{"href":"https:\/\/www.visitbratislava.com\/sk\/wp-json\/wp\/v2\/types\/event"}],"version-history":[{"count":1,"href":"https:\/\/www.visitbratislava.com\/sk\/wp-json\/wp\/v2\/event\/374969\/revisions"}],"predecessor-version":[{"id":380331,"href":"https:\/\/www.visitbratislava.com\/sk\/wp-json\/wp\/v2\/event\/374969\/revisions\/380331"}],"wp:attachment":[{"href":"https:\/\/www.visitbratislava.com\/sk\/wp-json\/wp\/v2\/media?parent=374969"}],"curies":[{"name":"wp","href":"https:\/\/api.w.org\/{rel}","templated":true}]}}

Tibor Majláth: Noví Nepóni 5

<p>Bratislavský architekt Tibor Majláth, ktorý sa už roky venuje výtvarnému umeniu vystavuje nový súbor plastík v špeciálnej technike Papier &#8211; Marchē. Objekty rôznych tvarov, veľkostí a farebnej škály tvoria pestrú zmes abstraktných bytostí a tvorov, evokujúcich organický svet tajomného až rozprávkového pôvodu, ktorý autor nazval Nepóni.</p>
