{"id":374972,"date":"2025-11-13T10:59:27","date_gmt":"2025-11-13T09:59:27","guid":{"rendered":"https:\/\/www.visitbratislava.com\/events\/zbierka-diel-juliusa-kollera-2\/"},"modified":"2026-04-24T11:26:15","modified_gmt":"2026-04-24T09:26:15","slug":"zbierka-diel-juliusa-kollera-2","status":"publish","type":"event","link":"https:\/\/www.visitbratislava.com\/sk\/podujatia\/zbierka-diel-juliusa-kollera-2\/","title":{"rendered":"Zbierka diel J\u00faliusa Kollera"},"content":{"rendered":"<p>Hlavn\u00fa \u010das\u0165 vystavenej zbierky tvoria antiobrazy, v ktor\u00fdch sa Koller vyrovn\u00e1val s konceptu\u00e1lnym umen\u00edm a dobovou kl\u00edmou. Expoz\u00edciu, ktor\u00e1 ukazuje aj najd\u00f4le\u017eitej\u0161ie momenty zo \u017eivota umelca a k\u013e\u00fa\u010dov\u00e9 t\u00e9my jeho tvorby, dop\u013a\u0148aj\u00fa s\u00favisiace diela a dobov\u00e9 materi\u00e1ly v podobe karti\u010diek, v\u00fdpiskov a fotografi\u00ed zo zbierok Slovenskej n\u00e1rodnej gal\u00e9rie.<\/p>\n","protected":false},"excerpt":{"rendered":"<p>Hlavn\u00fa \u010das\u0165 vystavenej zbierky tvoria antiobrazy, v ktor\u00fdch sa Koller vyrovn\u00e1val s konceptu\u00e1lnym umen\u00edm a dobovou kl\u00edmou. Expoz\u00edciu, ktor\u00e1 ukazuje aj najd\u00f4le\u017eitej\u0161ie momenty zo \u017eivota umelca a k\u013e\u00fa\u010dov\u00e9 t\u00e9my jeho tvorby, dop\u013a\u0148aj\u00fa s\u00favisiace diela a dobov\u00e9 materi\u00e1ly v podobe karti\u010diek, v\u00fdpiskov a fotografi\u00ed zo zbierok Slovenskej n\u00e1rodnej gal\u00e9rie.<\/p>\n","protected":false},"featured_media":0,"template":"","acf":[],"event_date":{"start_date":1451606400,"end_date":1918771200},"_links":{"self":[{"href":"https:\/\/www.visitbratislava.com\/sk\/wp-json\/wp\/v2\/event\/374972"}],"collection":[{"href":"https:\/\/www.visitbratislava.com\/sk\/wp-json\/wp\/v2\/event"}],"about":[{"href":"https:\/\/www.visitbratislava.com\/sk\/wp-json\/wp\/v2\/types\/event"}],"version-history":[{"count":1,"href":"https:\/\/www.visitbratislava.com\/sk\/wp-json\/wp\/v2\/event\/374972\/revisions"}],"predecessor-version":[{"id":380334,"href":"https:\/\/www.visitbratislava.com\/sk\/wp-json\/wp\/v2\/event\/374972\/revisions\/380334"}],"wp:attachment":[{"href":"https:\/\/www.visitbratislava.com\/sk\/wp-json\/wp\/v2\/media?parent=374972"}],"curies":[{"name":"wp","href":"https:\/\/api.w.org\/{rel}","templated":true}]}}

Zbierka diel Júliusa Kollera

<p>Hlavnú časť vystavenej zbierky tvoria antiobrazy, v ktorých sa Koller vyrovnával s konceptuálnym umením a dobovou klímou. Expozíciu, ktorá ukazuje aj najdôležitejšie momenty zo života umelca a kľúčové témy jeho tvorby, dopĺňajú súvisiace diela a dobové materiály v podobe kartičiek, výpiskov a fotografií zo zbierok Slovenskej národnej galérie.</p>
