{"id":375054,"date":"2025-11-13T10:59:39","date_gmt":"2025-11-13T09:59:39","guid":{"rendered":"https:\/\/www.visitbratislava.com\/events\/navsteva-oboch-palacov-gmb\/"},"modified":"2026-04-24T11:26:20","modified_gmt":"2026-04-24T09:26:20","slug":"navsteva-oboch-palacov-gmb","status":"publish","type":"event","link":"https:\/\/www.visitbratislava.com\/sk\/podujatia\/navsteva-oboch-palacov-gmb\/","title":{"rendered":"N\u00e1v\u0161teva oboch pal\u00e1cov GMB"},"content":{"rendered":"<p><strong>Gal\u00e9ria mesta Bratislavy pon\u00faka n\u00e1v\u0161tevn\u00edkom kompletn\u00fa prehliadku Mirbachovho pal\u00e1ca.<\/strong><\/p>\n<p>Mirbachov pal\u00e1c patr\u00ed k najzachovanej\u0161ej p\u00f4vodnej architekt\u00fare star\u00e9ho Pre\u0161porka. Posledn\u00fdm majite\u013eom pal\u00e1ca bol pr\u00e1ve gr\u00f3f Dr. Emil Mirbach. Po dejinn\u00fdch turbulenci\u00e1ch ako rozpad Rak\u00fasko-Uhorska, vznik \u010cSR, obdobie Slovensk\u00e9ho \u0161t\u00e1tu po\u010das druhej svetovej vojny a n\u00e1slednej obnove \u010cSR, prech\u00e1dza pal\u00e1c v m\u00e1ji 1948 definit\u00edvne do vlastn\u00edctva mesta Bratislavy, ktor\u00e9 v \u0148om v roku 1975 zriadilo Gal\u00e9riu mesta Bratislavy.<\/p>\n","protected":false},"excerpt":{"rendered":"<p>Gal\u00e9ria mesta Bratislavy pon\u00faka n\u00e1v\u0161tevn\u00edkom kompletn\u00fa prehliadku Mirbachovho pal\u00e1ca. Mirbachov pal\u00e1c patr\u00ed k najzachovanej\u0161ej p\u00f4vodnej architekt\u00fare star\u00e9ho Pre\u0161porka. Posledn\u00fdm majite\u013eom pal\u00e1ca bol pr\u00e1ve gr\u00f3f Dr. Emil Mirbach. Po dejinn\u00fdch turbulenci\u00e1ch ako rozpad Rak\u00fasko-Uhorska, vznik \u010cSR, obdobie Slovensk\u00e9ho \u0161t\u00e1tu po\u010das druhej svetovej vojny a n\u00e1slednej obnove \u010cSR, prech\u00e1dza pal\u00e1c v m\u00e1ji 1948 definit\u00edvne do vlastn\u00edctva mesta [&hellip;]<\/p>\n","protected":false},"featured_media":0,"template":"","acf":[],"event_date":{"start_date":1451606400,"end_date":2145916800},"_links":{"self":[{"href":"https:\/\/www.visitbratislava.com\/sk\/wp-json\/wp\/v2\/event\/375054"}],"collection":[{"href":"https:\/\/www.visitbratislava.com\/sk\/wp-json\/wp\/v2\/event"}],"about":[{"href":"https:\/\/www.visitbratislava.com\/sk\/wp-json\/wp\/v2\/types\/event"}],"version-history":[{"count":1,"href":"https:\/\/www.visitbratislava.com\/sk\/wp-json\/wp\/v2\/event\/375054\/revisions"}],"predecessor-version":[{"id":380415,"href":"https:\/\/www.visitbratislava.com\/sk\/wp-json\/wp\/v2\/event\/375054\/revisions\/380415"}],"wp:attachment":[{"href":"https:\/\/www.visitbratislava.com\/sk\/wp-json\/wp\/v2\/media?parent=375054"}],"curies":[{"name":"wp","href":"https:\/\/api.w.org\/{rel}","templated":true}]}}

Návšteva oboch palácov GMB

<p><strong>Galéria mesta Bratislavy ponúka návštevníkom kompletnú prehliadku Mirbachovho paláca.</strong></p>
<p>Mirbachov palác patrí k najzachovanejšej pôvodnej architektúre starého Prešporka. Posledným majiteľom paláca bol práve gróf Dr. Emil Mirbach. Po dejinných turbulenciách ako rozpad Rakúsko-Uhorska, vznik ČSR, obdobie Slovenského štátu počas druhej svetovej vojny a následnej obnove ČSR, prechádza palác v máji 1948 definitívne do vlastníctva mesta Bratislavy, ktoré v ňom v roku 1975 zriadilo Galériu mesta Bratislavy.</p>

<p>Galéria mesta Bratislavy ponúka návštevníkom kompletnú prehliadku Mirbachovho paláca. Mirbachov palác patrí k najzachovanejšej pôvodnej architektúre starého Prešporka. Posledným majiteľom paláca bol práve gróf Dr. Emil Mirbach. Po dejinných turbulenciách ako rozpad Rakúsko-Uhorska, vznik ČSR, obdobie Slovenského štátu počas druhej svetovej vojny a následnej obnove ČSR, prechádza palác v máji 1948 definitívne do vlastníctva mesta [&hellip;]</p>
